{"id":33061,"date":"2017-04-04T17:19:05","date_gmt":"2017-04-04T15:19:05","guid":{"rendered":"http:\/\/www.foment.com\/en\/events\/gestio-innovacio-nova-llei-patents-efectes-brexit-normativa-europea-proteccio-innovacio-empresarial%e2%80%8b\/"},"modified":"2017-04-04T17:19:05","modified_gmt":"2017-04-04T15:19:05","slug":"gestio-innovacio-nova-llei-patents-efectes-brexit-normativa-europea-proteccio-innovacio-empresarial%e2%80%8b","status":"publish","type":"ajde_events","link":"https:\/\/www.foment.com\/en\/events\/gestio-innovacio-nova-llei-patents-efectes-brexit-normativa-europea-proteccio-innovacio-empresarial%e2%80%8b\/","title":{"rendered":"Gesti\u00f3 de la innovaci\u00f3, nova llei de Patents i efectes del Brexit en la normativa europea de protecci\u00f3 de la innovaci\u00f3 empresarial\u200b"},"content":{"rendered":"<section class=\"wpb-content-wrapper\"><p>[vc_row][vc_column][vc_column_text]L\u2019entrada en vigor d\u2019una nova Llei de patents espanyola introdueix importants canvis per a les empreses. D&#8217;altra banda, el resultat del Refer\u00e8ndum al Regne Unit i l&#8217;anunciada intenci\u00f3 del Govern brit\u00e0nic d&#8217;abandonar la Uni\u00f3 Europea, tindran conseq\u00fc\u00e8ncies sobre els sistemes de protecci\u00f3 de les patents a Europa.<\/p>\n<p>Cap empresa, sense excepci\u00f3, pot ignorar el sistema de patents, ja sigui perqu\u00e8 ha de protegir les seves innovacions a trav\u00e9s de patents pr\u00f2pies, o perqu\u00e8 les activitats que desenvolupa poden ser objecte d&#8217;infracci\u00f3 de patents de tercers, i en la majoria dels casos per ambdues raons.<\/p>\n<p>En la Jornada, s&#8217;abordaran quins aspectes de la nova normativa conv\u00e9 tenir en compte, quines mesures i estrat\u00e8gies han d&#8217;adoptar les empreses i les implicacions del Brexit en els sistemes de protecci\u00f3 industrial.<\/p>\n<p>&nbsp;<\/p>\n<p style=\"text-align: center;\"><strong><span style=\"color: #b22222;\">PROGRAMA<br \/>\n\u200b<\/span><\/strong><\/p>\n<p><strong>10:00 h. Presentaci\u00f3\u200b<\/strong><br \/>\n<strong>Joan Pujol,<\/strong> Secretari General de Foment<\/p>\n<p><strong>Moderador: Luis-Alfonso Dur\u00e1n,<\/strong> President del Comit\u00e9 de Propiedad Industrial e Intelectual de CEOE\u200b<\/p>\n<p><strong>10:15 h. Com gestionar la innovaci\u00f3<\/strong><br \/>\n<strong>\u200bManel R\u00edos del R\u00edo<\/strong>, Invitia Consultors, SL.1<\/p>\n<p><strong>11:05 h. Novetats m\u00e9s destacades per a l\u2019empresa de la nova Llei: patents amb examen obligatori, models d\u2019utilitat i el seu impacte en les empreses\u200b<\/strong><br \/>\n<strong>Raquel Sampedro,<\/strong> Cap de l`\u00c0rea Jur\u00eddica i Patent Europea i PCT de la <em>Oficina Espa\u00f1ola de Patentes y Marcas<\/em> (OEPM)<\/p>\n<p><strong>12:00 h. Estrat\u00e8gia empresarial de protecci\u00f3 i defensa davant la nova Llei de Patents espanyola i els sistemes europeus i internacionals de protecci\u00f3<\/strong><br \/>\n<strong>\u200bD. Jos\u00e9 Terencio,<\/strong> Grifols SA.<\/p>\n<p><strong>12:45 h. Implicacions del Brexit en els sistemes de protecci\u00f3 de la Propietat Industrial a Europa\u200b<\/strong><br \/>\n<strong>Luis-Alfonso Dur\u00e1n,<\/strong> Dur\u00e1n-Corretjer, SLP<\/p>\n<p><strong>13:15 h. Col\u00b7loqui<\/strong><\/p>\n<p>&nbsp;<\/p>\n<p>[\/vc_column_text][\/vc_column][\/vc_row][vc_row][vc_column width=&#8221;1\/1&#8243;][vc_column_text]<\/p>\n<p style=\"text-align: center;\"><strong>Amb la col\u00b7laboraci\u00f3 de:\u00a0<\/strong><\/p>\n<p>[\/vc_column_text]<div class=\"single_image wpb_content_element align-center   image_tilt \" data-animation=\"none\" data-delay=\"0\"><a href=\"http:\/\/www.duran.es\/patent\/\" target=\"_blank\"><img width=\"300\" height=\"69\" src=\"https:\/\/www.foment.com\/wp-content\/uploads\/2017\/04\/duram.jpg\" class=\"attachment-medium\" alt=\"\" loading=\"lazy\" title=\"duram\" \/><\/a><\/div>[\/vc_column][\/vc_row]<\/p>\n<\/section>","protected":false},"author":7,"featured_media":33043,"menu_order":0,"comment_status":"closed","ping_status":"closed","template":"","meta":{"_links_to":"","_links_to_target":""},"tags":[],"event_type":[458],"event_type_2":[],"acf":[],"_links":{"self":[{"href":"https:\/\/www.foment.com\/en\/wp-json\/wp\/v2\/ajde_events\/33061"}],"collection":[{"href":"https:\/\/www.foment.com\/en\/wp-json\/wp\/v2\/ajde_events"}],"about":[{"href":"https:\/\/www.foment.com\/en\/wp-json\/wp\/v2\/types\/ajde_events"}],"author":[{"embeddable":true,"href":"https:\/\/www.foment.com\/en\/wp-json\/wp\/v2\/users\/7"}],"replies":[{"embeddable":true,"href":"https:\/\/www.foment.com\/en\/wp-json\/wp\/v2\/comments?post=33061"}],"wp:featuredmedia":[{"embeddable":true,"href":"https:\/\/www.foment.com\/en\/wp-json\/wp\/v2\/media\/33043"}],"wp:attachment":[{"href":"https:\/\/www.foment.com\/en\/wp-json\/wp\/v2\/media?parent=33061"}],"wp:term":[{"taxonomy":"post_tag","embeddable":true,"href":"https:\/\/www.foment.com\/en\/wp-json\/wp\/v2\/tags?post=33061"},{"taxonomy":"event_type","embeddable":true,"href":"https:\/\/www.foment.com\/en\/wp-json\/wp\/v2\/event_type?post=33061"},{"taxonomy":"event_type_2","embeddable":true,"href":"https:\/\/www.foment.com\/en\/wp-json\/wp\/v2\/event_type_2?post=33061"}],"curies":[{"name":"wp","href":"https:\/\/api.w.org\/{rel}","templated":true}]}}

Gestió de la innovació, nova llei de Patents i efectes del Brexit en la normativa europea de protecció de la innovació empresarial​

<section class="wpb-content-wrapper"><p>[vc_row][vc_column][vc_column_text]L’entrada en vigor d’una nova Llei de patents espanyola introdueix importants canvis per a les empreses. D&#8217;altra banda, el resultat del Referèndum al Regne Unit i l&#8217;anunciada intenció del Govern britànic d&#8217;abandonar la Unió Europea, tindran conseqüències sobre els sistemes de protecció de les patents a Europa.</p>
<p>Cap empresa, sense excepció, pot ignorar el sistema de patents, ja sigui perquè ha de protegir les seves innovacions a través de patents pròpies, o perquè les activitats que desenvolupa poden ser objecte d&#8217;infracció de patents de tercers, i en la majoria dels casos per ambdues raons.</p>
<p>En la Jornada, s&#8217;abordaran quins aspectes de la nova normativa convé tenir en compte, quines mesures i estratègies han d&#8217;adoptar les empreses i les implicacions del Brexit en els sistemes de protecció industrial.</p>
<p>&nbsp;</p>
<p style="text-align: center;"><strong><span style="color: #b22222;">PROGRAMA<br />
​</span></strong></p>
<p><strong>10:00 h. Presentació​</strong><br />
<strong>Joan Pujol,</strong> Secretari General de Foment</p>
<p><strong>Moderador: Luis-Alfonso Durán,</strong> President del Comité de Propiedad Industrial e Intelectual de CEOE​</p>
<p><strong>10:15 h. Com gestionar la innovació</strong><br />
<strong>​Manel Ríos del Río</strong>, Invitia Consultors, SL.1</p>
<p><strong>11:05 h. Novetats més destacades per a l’empresa de la nova Llei: patents amb examen obligatori, models d’utilitat i el seu impacte en les empreses​</strong><br />
<strong>Raquel Sampedro,</strong> Cap de l`Àrea Jurídica i Patent Europea i PCT de la <em>Oficina Española de Patentes y Marcas</em> (OEPM)</p>
<p><strong>12:00 h. Estratègia empresarial de protecció i defensa davant la nova Llei de Patents espanyola i els sistemes europeus i internacionals de protecció</strong><br />
<strong>​D. José Terencio,</strong> Grifols SA.</p>
<p><strong>12:45 h. Implicacions del Brexit en els sistemes de protecció de la Propietat Industrial a Europa​</strong><br />
<strong>Luis-Alfonso Durán,</strong> Durán-Corretjer, SLP</p>
<p><strong>13:15 h. Col·loqui</strong></p>
<p>&nbsp;</p>
<p>[/vc_column_text][/vc_column][/vc_row][vc_row][vc_column width=&#8221;1/1&#8243;][vc_column_text]</p>
<p style="text-align: center;"><strong>Amb la col·laboració de: </strong></p>
<p>[/vc_column_text]<div class="single_image wpb_content_element align-center   image_tilt " data-animation="none" data-delay="0"><a href="http://www.duran.es/patent/" target="_blank"><img width="300" height="69" src="https://www.foment.com/wp-content/uploads/2017/04/duram.jpg" class="attachment-medium" alt="" loading="lazy" title="duram" /></a></div>[/vc_column][/vc_row]</p>
</section>
