{"id":100550,"date":"2020-10-26T11:21:57","date_gmt":"2020-10-26T10:21:57","guid":{"rendered":"https:\/\/www.foment.com\/events\/impostos-i-la-seva-aplicacio-a-catalunya-10-11-2020\/"},"modified":"2020-10-26T11:51:22","modified_gmt":"2020-10-26T10:51:22","slug":"impuestos-y-su-aplicacion-en-cataluna-10-11-2020","status":"publish","type":"ajde_events","link":"https:\/\/www.foment.com\/es\/events\/impuestos-y-su-aplicacion-en-cataluna-10-11-2020\/","title":{"rendered":"Impuestos y su aplicaci\u00f3n en Catalu\u00f1a &#8211; 10.11.2020"},"content":{"rendered":"<section class=\"wpb-content-wrapper\"><p>[vc_row][vc_column][vc_column_text]<span style=\"color: #c10000;\"><strong>IMPUESTOS Y SU APLICACI\u00d3N EN CATALU\u00d1A &#8211; 10.11.2020<\/strong><\/span><\/p>\n<p>&nbsp;<\/p>\n<p><strong><span style=\"color: #c10000;\">Programa:<\/span><\/strong><\/p>\n<p>&nbsp;<\/p>\n<p><span style=\"color: #c10000;\"><strong>09:25 h.<\/strong> \u00a0\u00a0\u00a0\u00a0\u00a0\u00a0\u00a0 <strong>Apertura Webinar<\/strong><\/span><\/p>\n<p><span style=\"color: #c10000;\"><strong>09:30 h.\u00a0\u00a0\u00a0\u00a0\u00a0\u00a0\u00a0\u00a0 Presentaci\u00f3n a cargo del Vicepresidente de la Comisi\u00f3n de Econom\u00eda y Fiscalidad<\/strong><\/span><\/p>\n<p style=\"padding-left: 120px;\"><strong>Sr. Jaume Men\u00e9ndez<\/strong><strong>\u00a0<\/strong><\/p>\n<p><span style=\"color: #c10000;\"><strong>09:35 h.\u00a0\u00a0\u00a0\u00a0\u00a0\u00a0\u00a0\u00a0 Intervenci\u00f3n\u00a0 \u201cImpuestos y su aplicaci\u00f3n en Catalu\u00f1a\u201d<\/strong><\/span><\/p>\n<p style=\"padding-left: 120px;\"><strong>Sra. Marta Espasa, <\/strong>Secretaria de Hacienda de la Generalitat de Catalunya<\/p>\n<p style=\"padding-left: 120px;\"><strong>Sr. Eduard Vil\u00e0, <\/strong>Director de la Ag\u00e8ncia Tribut\u00e0ria de Catalunya (ATC)<\/p>\n<p><span style=\"color: #c10000;\"><strong>10:15 h.<\/strong> \u2013 <strong>10:30 h<\/strong>. &#8211;\u00a0 <strong>Coloquio<\/strong><strong>\u00a0<\/strong><\/span><\/p>\n<p style=\"padding-left: 120px;\"><strong>Sr. Valent\u00ed Pich, <\/strong>Presidente de la Comisi\u00f3n de Econom\u00eda y Fiscalidad de Foment del Treball<\/p>\n<p>[\/vc_column_text][\/vc_column][\/vc_row][vc_row][vc_column width=\u00bb1\/1&#8243;]<div class=\"single_image wpb_content_element align-center    \" data-animation=\"none\" data-delay=\"0\"><img width=\"200\" height=\"141\" src=\"https:\/\/www.foment.com\/wp-content\/uploads\/2018\/09\/NUEVO-LOGO-GAS-NATURAL.Naturgy_Pantone_Principal_Positiva.jpg.peque\u00f1o.jpg\" class=\"attachment-medium\" alt=\"\" loading=\"lazy\" title=\"NUEVO LOGO GAS NATURAL.Naturgy_Pantone_Principal_Positiva.jpg.peque\u00f1o\" \/><\/div>[\/vc_column][\/vc_row]<\/p>\n<\/section>","protected":false},"author":24,"featured_media":99293,"menu_order":0,"comment_status":"closed","ping_status":"closed","template":"","meta":{"_links_to":"","_links_to_target":""},"tags":[340],"event_type":[],"event_type_2":[],"acf":[],"_links":{"self":[{"href":"https:\/\/www.foment.com\/es\/wp-json\/wp\/v2\/ajde_events\/100550"}],"collection":[{"href":"https:\/\/www.foment.com\/es\/wp-json\/wp\/v2\/ajde_events"}],"about":[{"href":"https:\/\/www.foment.com\/es\/wp-json\/wp\/v2\/types\/ajde_events"}],"author":[{"embeddable":true,"href":"https:\/\/www.foment.com\/es\/wp-json\/wp\/v2\/users\/24"}],"replies":[{"embeddable":true,"href":"https:\/\/www.foment.com\/es\/wp-json\/wp\/v2\/comments?post=100550"}],"wp:featuredmedia":[{"embeddable":true,"href":"https:\/\/www.foment.com\/es\/wp-json\/wp\/v2\/media\/99293"}],"wp:attachment":[{"href":"https:\/\/www.foment.com\/es\/wp-json\/wp\/v2\/media?parent=100550"}],"wp:term":[{"taxonomy":"post_tag","embeddable":true,"href":"https:\/\/www.foment.com\/es\/wp-json\/wp\/v2\/tags?post=100550"},{"taxonomy":"event_type","embeddable":true,"href":"https:\/\/www.foment.com\/es\/wp-json\/wp\/v2\/event_type?post=100550"},{"taxonomy":"event_type_2","embeddable":true,"href":"https:\/\/www.foment.com\/es\/wp-json\/wp\/v2\/event_type_2?post=100550"}],"curies":[{"name":"wp","href":"https:\/\/api.w.org\/{rel}","templated":true}]}}

Impuestos y su aplicación en Cataluña &#8211; 10.11.2020

<section class="wpb-content-wrapper"><p>[vc_row][vc_column][vc_column_text]<span style="color: #c10000;"><strong>IMPUESTOS Y SU APLICACIÓN EN CATALUÑA &#8211; 10.11.2020</strong></span></p>
<p>&nbsp;</p>
<p><strong><span style="color: #c10000;">Programa:</span></strong></p>
<p>&nbsp;</p>
<p><span style="color: #c10000;"><strong>09:25 h.</strong>         <strong>Apertura Webinar</strong></span></p>
<p><span style="color: #c10000;"><strong>09:30 h.         Presentación a cargo del Vicepresidente de la Comisión de Economía y Fiscalidad</strong></span></p>
<p style="padding-left: 120px;"><strong>Sr. Jaume Menéndez</strong><strong> </strong></p>
<p><span style="color: #c10000;"><strong>09:35 h.         Intervención  “Impuestos y su aplicación en Cataluña”</strong></span></p>
<p style="padding-left: 120px;"><strong>Sra. Marta Espasa, </strong>Secretaria de Hacienda de la Generalitat de Catalunya</p>
<p style="padding-left: 120px;"><strong>Sr. Eduard Vilà, </strong>Director de la Agència Tributària de Catalunya (ATC)</p>
<p><span style="color: #c10000;"><strong>10:15 h.</strong> – <strong>10:30 h</strong>. &#8211;  <strong>Coloquio</strong><strong> </strong></span></p>
<p style="padding-left: 120px;"><strong>Sr. Valentí Pich, </strong>Presidente de la Comisión de Economía y Fiscalidad de Foment del Treball</p>
<p>[/vc_column_text][/vc_column][/vc_row][vc_row][vc_column width=»1/1&#8243;]<div class="single_image wpb_content_element align-center    " data-animation="none" data-delay="0"><img width="200" height="141" src="https://www.foment.com/wp-content/uploads/2018/09/NUEVO-LOGO-GAS-NATURAL.Naturgy_Pantone_Principal_Positiva.jpg.pequeño.jpg" class="attachment-medium" alt="" loading="lazy" title="NUEVO LOGO GAS NATURAL.Naturgy_Pantone_Principal_Positiva.jpg.pequeño" /></div>[/vc_column][/vc_row]</p>
</section>
