{"id":102212,"date":"2020-11-09T11:16:49","date_gmt":"2020-11-09T10:16:49","guid":{"rendered":"https:\/\/www.foment.com\/events\/teletreball-aspectes-rellevants-de-la-nova-regulacio\/"},"modified":"2020-11-12T12:42:54","modified_gmt":"2020-11-12T11:42:54","slug":"teletreball-reptes-per-a-la-seva-implementacio","status":"publish","type":"ajde_events","link":"https:\/\/www.foment.com\/es\/events\/teletreball-reptes-per-a-la-seva-implementacio\/","title":{"rendered":"Teletrabajo: retos para su implementaci\u00f3n en las empresas y su desarrollo en la negociaci\u00f3n colectiva"},"content":{"rendered":"<p>El pasado 23 de septiembre se public\u00f3 en el BOE el Real Decreto-ley 28\/2020, de 22 de septiembre, de trabajo a distancia.<\/p>\n<p>Hasta ahora el teletrabajo estaba regulado de forma gen\u00e9rica, sin una ley que lo desarrollase, por el Estatuto de Trabajadores. Y aunque la nueva normativa refleja algunos derechos y deberes de empresa y empleados, deja bastantes aspectos abiertos a desarrollar por negociaci\u00f3n colectiva.<\/p>\n<p>La Disposici\u00f3n Adicional Primera hace menci\u00f3n expresa a determinados aspectos que podr\u00e1n ser objeto de negociaci\u00f3n en los Convenios Colectivos, si bien la norma hace diferentes llamadas a la negociaci\u00f3n colectiva lo largo del texto.<\/p>\n<p>Asimismo, se han generado diferentes cuestiones interpretativas y conflictos respecto a la aplicaci\u00f3n de la nueva norma.<\/p>\n<p>Por otra parte, en la jornada se tratar\u00e1n las oportunidades que aportan las tecnolog\u00edas tanto para las personas trabajadoras como para las empresas y cu\u00e1les son las reglas b\u00e1sicas a nivel de tecnolog\u00edas que deber\u00edan cuidarse al aplicar un plan de teletrabajo<\/p>\n<p>Por todo lo expuesto, el objeto de la presente Jornada ser\u00e1 analizar, la relevancia que la negociaci\u00f3n colectiva tiene en esta materia, as\u00ed como, las diferentes casu\u00edsticas y los aspectos que est\u00e1n resultando m\u00e1s controvertidos en la aplicaci\u00f3n de la nueva normativa.<\/p>\n<p style=\"text-align: center;\"><span style=\"color: #c1002b;\"><strong><em>PROGRAMA<\/em><\/strong><\/span><\/p>\n<p><strong><em><span style=\"color: #c1002b;\">09:00 h. Presentaci\u00f3n. La tecnolog\u00eda: una aliada estrat\u00e9gica<\/span><br \/>\n<\/em><\/strong><em><b>Ana Mar\u00eda\u00a0S\u00e1nchez, <\/b><\/em>Presidenta de la Comisi\u00f3n de Sociedad Digital de Foment del Treball<\/p>\n<p><strong><em><span style=\"color: #c1002b;\">09:15\u00a0 h. Aspectos legales y convencionales del teletrabajo. Ejemplos pr\u00e1cticos<\/span><br \/>\n<\/em><\/strong><strong>Jordi Garc\u00eda Vi\u00f1a, <\/strong>Director del \u00c1rea Laboral de KPMG Abogados<\/p>\n<p><strong><em><span style=\"color: #c1002b;\">10:45 h. Debate entre ponentes y asistentes<\/span><br \/>\n<\/em><\/strong><strong><em><span style=\"color: #c1002b;\">Modera<\/span>: Javier Ibars, <\/em><\/strong>Director del Departamento de Relaciones Laborales y Asuntos Sociales de Foment del Treball<\/p>\n<p><span style=\"color: #c1002b;\"><strong><em>11:00 h. Clausura<br \/>\n<\/em><\/strong><\/span><strong><em>M\u00aa \u00c1ngeles Tejada<\/em><\/strong><strong>, <\/strong>Presidenta de la Comisi\u00f3n Laboral y de Recursos Humanos de Foment del Treball<\/p>\n<p><strong><span style=\"font-family: Georgia, 'Times New Roman', 'Bitstream Charter', Times, serif;\">Esta jornada forma parte de los Planes de Formaci\u00f3n del \u00e1mbito de Catalu\u00f1a, dirigidos a la capacitaci\u00f3n para el desarrollo de las funciones relacionadas con el di\u00e1logo social y la negociaci\u00f3n colectiva<\/span><\/strong><\/p>\n<p><strong><span lang=\"es\">La jornada se podr\u00e1 seguir por la plataforma Zoom. Se enviar\u00e1 un correo electr\u00f3nico con el enlace para acceder a la reuni\u00f3n el d\u00eda anterior a la jornada.<\/span><\/strong><\/p>\n<div id=\"tw-container\" class=\"vk_c\" data-cp=\"1\" data-nnttsvi=\"1\" data-sm=\"1\" data-sugg-time=\"500\" data-sugg-url=\"https:\/\/clients1.google.com\/complete\/search\" data-uilc=\"ca\">\n<div class=\"jhH5U\">\n<div id=\"tw-ob\" class=\"tw-src-ltr\">\n<div class=\"oSioSc\">\n<div id=\"tw-target\">\n<div id=\"kAz1tf\" class=\"g9WsWb\">\n<div id=\"tw-target-text-container\" class=\"tw-ta-container hide-focus-ring tw-nfl\" tabindex=\"0\">\n<p class=\"tw-data-text tw-text-large XcVN5d tw-ta\" dir=\"ltr\" data-placeholder=\"Traducci\u00f3\"><strong><span lang=\"es\">Es imprescindible al formalizar la inscripci\u00f3n rellenar todos los campos del formulario: nombre, apellidos (que deben ser los mismos que se utilizar\u00e1n para identificarse en Zoom), DNI, empresa y direcci\u00f3n postal completa.<\/span><\/strong><\/p>\n<\/div>\n<div id=\"tw-target-rmn-container\" class=\"tw-ta-container hide-focus-ring tw-nfl\">\n<pre id=\"tw-target-rmn\" class=\"tw-data-placeholder tw-text-small tw-ta\" dir=\"ltr\" data-placeholder=\"\"><\/pre>\n<\/div>\n<\/div>\n<\/div>\n<\/div>\n<\/div>\n<\/div>\n<\/div>\n<p>&nbsp;<\/p>\n<p style=\"text-align: center;\"><strong><span style=\"color: #c1002b;\">Con el apoyo de:\u00a0<\/span><\/strong><\/p>\n<p><a href=\"https:\/\/www.foment.com\/wp-content\/uploads\/2020\/11\/Sin-t\u00edtulo.png\"><img loading=\"lazy\" class=\"aligncenter size-full wp-image-102201\" src=\"https:\/\/www.foment.com\/wp-content\/uploads\/2020\/11\/Sin-t\u00edtulo.png\" alt=\"\" width=\"191\" height=\"43\" \/><\/a><\/p>\n","protected":false},"author":7,"featured_media":102200,"menu_order":0,"comment_status":"closed","ping_status":"closed","template":"","meta":{"_links_to":"","_links_to_target":""},"tags":[274,4146,4148,1832,3029],"event_type":[2251],"event_type_2":[],"acf":[],"_links":{"self":[{"href":"https:\/\/www.foment.com\/es\/wp-json\/wp\/v2\/ajde_events\/102212"}],"collection":[{"href":"https:\/\/www.foment.com\/es\/wp-json\/wp\/v2\/ajde_events"}],"about":[{"href":"https:\/\/www.foment.com\/es\/wp-json\/wp\/v2\/types\/ajde_events"}],"author":[{"embeddable":true,"href":"https:\/\/www.foment.com\/es\/wp-json\/wp\/v2\/users\/7"}],"replies":[{"embeddable":true,"href":"https:\/\/www.foment.com\/es\/wp-json\/wp\/v2\/comments?post=102212"}],"wp:featuredmedia":[{"embeddable":true,"href":"https:\/\/www.foment.com\/es\/wp-json\/wp\/v2\/media\/102200"}],"wp:attachment":[{"href":"https:\/\/www.foment.com\/es\/wp-json\/wp\/v2\/media?parent=102212"}],"wp:term":[{"taxonomy":"post_tag","embeddable":true,"href":"https:\/\/www.foment.com\/es\/wp-json\/wp\/v2\/tags?post=102212"},{"taxonomy":"event_type","embeddable":true,"href":"https:\/\/www.foment.com\/es\/wp-json\/wp\/v2\/event_type?post=102212"},{"taxonomy":"event_type_2","embeddable":true,"href":"https:\/\/www.foment.com\/es\/wp-json\/wp\/v2\/event_type_2?post=102212"}],"curies":[{"name":"wp","href":"https:\/\/api.w.org\/{rel}","templated":true}]}}

Teletrabajo: retos para su implementación en las empresas y su desarrollo en la negociación colectiva

<p>El pasado 23 de septiembre se publicó en el BOE el Real Decreto-ley 28/2020, de 22 de septiembre, de trabajo a distancia.</p>
<p>Hasta ahora el teletrabajo estaba regulado de forma genérica, sin una ley que lo desarrollase, por el Estatuto de Trabajadores. Y aunque la nueva normativa refleja algunos derechos y deberes de empresa y empleados, deja bastantes aspectos abiertos a desarrollar por negociación colectiva.</p>
<p>La Disposición Adicional Primera hace mención expresa a determinados aspectos que podrán ser objeto de negociación en los Convenios Colectivos, si bien la norma hace diferentes llamadas a la negociación colectiva lo largo del texto.</p>
<p>Asimismo, se han generado diferentes cuestiones interpretativas y conflictos respecto a la aplicación de la nueva norma.</p>
<p>Por otra parte, en la jornada se tratarán las oportunidades que aportan las tecnologías tanto para las personas trabajadoras como para las empresas y cuáles son las reglas básicas a nivel de tecnologías que deberían cuidarse al aplicar un plan de teletrabajo</p>
<p>Por todo lo expuesto, el objeto de la presente Jornada será analizar, la relevancia que la negociación colectiva tiene en esta materia, así como, las diferentes casuísticas y los aspectos que están resultando más controvertidos en la aplicación de la nueva normativa.</p>
<p style="text-align: center;"><span style="color: #c1002b;"><strong><em>PROGRAMA</em></strong></span></p>
<p><strong><em><span style="color: #c1002b;">09:00 h. Presentación. La tecnología: una aliada estratégica</span><br />
</em></strong><em><b>Ana María Sánchez, </b></em>Presidenta de la Comisión de Sociedad Digital de Foment del Treball</p>
<p><strong><em><span style="color: #c1002b;">09:15  h. Aspectos legales y convencionales del teletrabajo. Ejemplos prácticos</span><br />
</em></strong><strong>Jordi García Viña, </strong>Director del Área Laboral de KPMG Abogados</p>
<p><strong><em><span style="color: #c1002b;">10:45 h. Debate entre ponentes y asistentes</span><br />
</em></strong><strong><em><span style="color: #c1002b;">Modera</span>: Javier Ibars, </em></strong>Director del Departamento de Relaciones Laborales y Asuntos Sociales de Foment del Treball</p>
<p><span style="color: #c1002b;"><strong><em>11:00 h. Clausura<br />
</em></strong></span><strong><em>Mª Ángeles Tejada</em></strong><strong>, </strong>Presidenta de la Comisión Laboral y de Recursos Humanos de Foment del Treball</p>
<p><strong><span style="font-family: Georgia, 'Times New Roman', 'Bitstream Charter', Times, serif;">Esta jornada forma parte de los Planes de Formación del ámbito de Cataluña, dirigidos a la capacitación para el desarrollo de las funciones relacionadas con el diálogo social y la negociación colectiva</span></strong></p>
<p><strong><span lang="es">La jornada se podrá seguir por la plataforma Zoom. Se enviará un correo electrónico con el enlace para acceder a la reunión el día anterior a la jornada.</span></strong></p>
<div id="tw-container" class="vk_c" data-cp="1" data-nnttsvi="1" data-sm="1" data-sugg-time="500" data-sugg-url="https://clients1.google.com/complete/search" data-uilc="ca">
<div class="jhH5U">
<div id="tw-ob" class="tw-src-ltr">
<div class="oSioSc">
<div id="tw-target">
<div id="kAz1tf" class="g9WsWb">
<div id="tw-target-text-container" class="tw-ta-container hide-focus-ring tw-nfl" tabindex="0">
<p class="tw-data-text tw-text-large XcVN5d tw-ta" dir="ltr" data-placeholder="Traducció"><strong><span lang="es">Es imprescindible al formalizar la inscripción rellenar todos los campos del formulario: nombre, apellidos (que deben ser los mismos que se utilizarán para identificarse en Zoom), DNI, empresa y dirección postal completa.</span></strong></p>
</div>
<div id="tw-target-rmn-container" class="tw-ta-container hide-focus-ring tw-nfl">
<pre id="tw-target-rmn" class="tw-data-placeholder tw-text-small tw-ta" dir="ltr" data-placeholder=""></pre>
</div>
</div>
</div>
</div>
</div>
</div>
</div>
<p>&nbsp;</p>
<p style="text-align: center;"><strong><span style="color: #c1002b;">Con el apoyo de: </span></strong></p>
<p><a href="https://www.foment.com/wp-content/uploads/2020/11/Sin-título.png"><img loading="lazy" class="aligncenter size-full wp-image-102201" src="https://www.foment.com/wp-content/uploads/2020/11/Sin-título.png" alt="" width="191" height="43" /></a></p>
