{"id":106283,"date":"2021-01-12T16:41:53","date_gmt":"2021-01-12T15:41:53","guid":{"rendered":"https:\/\/www.foment.com\/events\/el-mon-el-2021-deu-temes-que-marcaran-lagenda-internacional\/"},"modified":"2021-01-26T10:09:26","modified_gmt":"2021-01-26T09:09:26","slug":"el-mon-el-2021-deu-temes-que-marcaran-lagenda-internacional","status":"publish","type":"ajde_events","link":"https:\/\/www.foment.com\/es\/events\/el-mon-el-2021-deu-temes-que-marcaran-lagenda-internacional\/","title":{"rendered":"El Mundo el 2021: diez temas que marcar\u00e1n la agenda internacional"},"content":{"rendered":"<section class=\"wpb-content-wrapper\"><p>[vc_row][vc_column][vc_column_text]<strong><span style=\"color: #c10000;\">El MUNDO EL 2021<\/span> es un ejercicio de prospecci\u00f3n del equipo de investigadores del *CIDOB (Barcelona Centro *for *International *Affairs), en colaboraci\u00f3n con *EsadeGeo &#8211; *Center *for Global *Economy *and *Geopolitics, que pone el foco en diez temas que marcar\u00e1n la agenda global el 2021.<\/strong><\/p>\n<p><span style=\"color: #c10000;\">C\u00f3mo ser\u00e1 el mundo el 2021?<\/span> El 2021 seremos mucho m\u00e1s conscientes que grandes cambios son posibles, que pueden producirse repentinamente y en cualquier momento. El 2021 vendr\u00eda a ser un tipo de bifurcaci\u00f3n, una coyuntura cr\u00edtica, un momento lleno de riesgos, pero tambi\u00e9n de oportunidades que pueden aprovecharse o no. Cuando de aqu\u00ed a diez a\u00f1os intentamos trazar el origen de las din\u00e1micas que marcar\u00e1n entonces tanto las relaciones interpersonales como las relaciones internacionales, buscaremos su origen en la crisis del 2020 y en las decisiones que se tomar\u00e1n el 2021. El 2020 ha sido un a\u00f1o de destrucci\u00f3n, pero 2021 podr\u00eda ser sin\u00f3nimo de construcci\u00f3n o de reconstrucci\u00f3n. El mundo precoronavirus ya era profundamente desigual, pero las decisiones del 2021 o bien corregir\u00e1n o bien ampliar\u00e1n todav\u00eda m\u00e1s estas desigualdades a m\u00faltiples niveles. En este ejercicio de reconstrucci\u00f3n a m\u00faltiples niveles que supondr\u00e1 en 2021, nos encontraremos con una pregunta recurrente: <span style=\"color: #c10000;\">Es posible e incluso deseable volver a la normalidad perdida?<\/span><\/p>\n<p><strong>Bienvenida<\/strong><\/p>\n<p>Sr. Ernest Quingles, Presidente de la Comisi\u00f3n Internacional, Fomento del Trabajo<\/p>\n<p><strong>Presentaci\u00f3n del documento a cargo\u00a0de<\/strong><\/p>\n<p>Sr. Pol Morillas, Director del CIDOB<br \/>\nSr. Eduard Soler, Investigador s\u00e9nior del CIDOB y coordinador del documento<\/p>\n<p><strong>Modera<\/strong>: Sra. Anna Estrada, Responsable de coordinaci\u00f3n ejecutiva del CIDOB[\/vc_column_text][\/vc_column][\/vc_row][vc_row][vc_column width=\u00bb1\/1&#8243;]<div class=\"single_image wpb_content_element align-left    \" data-animation=\"none\" data-delay=\"0\"><img width=\"300\" height=\"250\" src=\"https:\/\/www.foment.com\/wp-content\/uploads\/2021\/01\/logo-cidob_generic-300x250.jpg\" class=\"attachment-medium\" alt=\"\" loading=\"lazy\" title=\"logo cidob_generic\" srcset=\"https:\/\/www.foment.com\/wp-content\/uploads\/2021\/01\/logo-cidob_generic-300x250.jpg 300w, https:\/\/www.foment.com\/wp-content\/uploads\/2021\/01\/logo-cidob_generic.jpg 566w\" sizes=\"(max-width: 300px) 100vw, 300px\" \/><\/div>[\/vc_column][\/vc_row]<\/p>\n<\/section>","protected":false},"author":13,"featured_media":106282,"menu_order":0,"comment_status":"closed","ping_status":"closed","template":"","meta":{"_links_to":"","_links_to_target":""},"tags":[],"event_type":[],"event_type_2":[],"acf":[],"_links":{"self":[{"href":"https:\/\/www.foment.com\/es\/wp-json\/wp\/v2\/ajde_events\/106283"}],"collection":[{"href":"https:\/\/www.foment.com\/es\/wp-json\/wp\/v2\/ajde_events"}],"about":[{"href":"https:\/\/www.foment.com\/es\/wp-json\/wp\/v2\/types\/ajde_events"}],"author":[{"embeddable":true,"href":"https:\/\/www.foment.com\/es\/wp-json\/wp\/v2\/users\/13"}],"replies":[{"embeddable":true,"href":"https:\/\/www.foment.com\/es\/wp-json\/wp\/v2\/comments?post=106283"}],"wp:featuredmedia":[{"embeddable":true,"href":"https:\/\/www.foment.com\/es\/wp-json\/wp\/v2\/media\/106282"}],"wp:attachment":[{"href":"https:\/\/www.foment.com\/es\/wp-json\/wp\/v2\/media?parent=106283"}],"wp:term":[{"taxonomy":"post_tag","embeddable":true,"href":"https:\/\/www.foment.com\/es\/wp-json\/wp\/v2\/tags?post=106283"},{"taxonomy":"event_type","embeddable":true,"href":"https:\/\/www.foment.com\/es\/wp-json\/wp\/v2\/event_type?post=106283"},{"taxonomy":"event_type_2","embeddable":true,"href":"https:\/\/www.foment.com\/es\/wp-json\/wp\/v2\/event_type_2?post=106283"}],"curies":[{"name":"wp","href":"https:\/\/api.w.org\/{rel}","templated":true}]}}

El Mundo el 2021: diez temas que marcarán la agenda internacional

<section class="wpb-content-wrapper"><p>[vc_row][vc_column][vc_column_text]<strong><span style="color: #c10000;">El MUNDO EL 2021</span> es un ejercicio de prospección del equipo de investigadores del *CIDOB (Barcelona Centro *for *International *Affairs), en colaboración con *EsadeGeo &#8211; *Center *for Global *Economy *and *Geopolitics, que pone el foco en diez temas que marcarán la agenda global el 2021.</strong></p>
<p><span style="color: #c10000;">Cómo será el mundo el 2021?</span> El 2021 seremos mucho más conscientes que grandes cambios son posibles, que pueden producirse repentinamente y en cualquier momento. El 2021 vendría a ser un tipo de bifurcación, una coyuntura crítica, un momento lleno de riesgos, pero también de oportunidades que pueden aprovecharse o no. Cuando de aquí a diez años intentamos trazar el origen de las dinámicas que marcarán entonces tanto las relaciones interpersonales como las relaciones internacionales, buscaremos su origen en la crisis del 2020 y en las decisiones que se tomarán el 2021. El 2020 ha sido un año de destrucción, pero 2021 podría ser sinónimo de construcción o de reconstrucción. El mundo precoronavirus ya era profundamente desigual, pero las decisiones del 2021 o bien corregirán o bien ampliarán todavía más estas desigualdades a múltiples niveles. En este ejercicio de reconstrucción a múltiples niveles que supondrá en 2021, nos encontraremos con una pregunta recurrente: <span style="color: #c10000;">Es posible e incluso deseable volver a la normalidad perdida?</span></p>
<p><strong>Bienvenida</strong></p>
<p>Sr. Ernest Quingles, Presidente de la Comisión Internacional, Fomento del Trabajo</p>
<p><strong>Presentación del documento a cargo de</strong></p>
<p>Sr. Pol Morillas, Director del CIDOB<br />
Sr. Eduard Soler, Investigador sénior del CIDOB y coordinador del documento</p>
<p><strong>Modera</strong>: Sra. Anna Estrada, Responsable de coordinación ejecutiva del CIDOB[/vc_column_text][/vc_column][/vc_row][vc_row][vc_column width=»1/1&#8243;]<div class="single_image wpb_content_element align-left    " data-animation="none" data-delay="0"><img width="300" height="250" src="https://www.foment.com/wp-content/uploads/2021/01/logo-cidob_generic-300x250.jpg" class="attachment-medium" alt="" loading="lazy" title="logo cidob_generic" srcset="https://www.foment.com/wp-content/uploads/2021/01/logo-cidob_generic-300x250.jpg 300w, https://www.foment.com/wp-content/uploads/2021/01/logo-cidob_generic.jpg 566w" sizes="(max-width: 300px) 100vw, 300px" /></div>[/vc_column][/vc_row]</p>
</section>
