{"id":110036,"date":"2021-02-12T11:18:59","date_gmt":"2021-02-12T10:18:59","guid":{"rendered":"https:\/\/www.foment.com\/?post_type=ajde_events&#038;p=110036"},"modified":"2021-02-17T13:41:18","modified_gmt":"2021-02-17T12:41:18","slug":"como-anunciar-tu-marca-en-cualquier-pais-del-mundo-y-no-morir-en-el-intento","status":"publish","type":"ajde_events","link":"https:\/\/www.foment.com\/es\/events\/como-anunciar-tu-marca-en-cualquier-pais-del-mundo-y-no-morir-en-el-intento\/","title":{"rendered":"\u00abC\u00f3mo anunciar tu marca en cualquier pa\u00eds del mundo y no morir en el intento\u00bb"},"content":{"rendered":"<section class=\"wpb-content-wrapper\"><p>[vc_row][vc_column][vc_column_text]Es posible que el mundo sea global, pero una marca que no adapta su comunicaci\u00f3n localmente puede tener problemas serios.<\/p>\n<p><em><strong>Alberto Fernandez (CEO de IM+C)<\/strong><\/em> nos explicar\u00e1 qu\u00e9 debe y qu\u00e9 no debe hacer una marca al comunicar m\u00e1s all\u00e1 de sus fronteras.<\/p>\n<p>Imprescindible si est\u00e1s pensando en anunciarte en otros pa\u00edses.[\/vc_column_text][\/vc_column][\/vc_row][vc_row][vc_column width=\u00bb1\/1&#8243;]<div class=\"single_image wpb_content_element align-center    \" data-animation=\"none\" data-delay=\"0\"><img width=\"300\" height=\"127\" src=\"https:\/\/www.foment.com\/wp-content\/uploads\/2021\/02\/logo-IMC_con-texto-300x127.png\" class=\"attachment-medium\" alt=\"\" loading=\"lazy\" title=\"logo IM+C_con texto\" srcset=\"https:\/\/www.foment.com\/wp-content\/uploads\/2021\/02\/logo-IMC_con-texto-300x127.png 300w, https:\/\/www.foment.com\/wp-content\/uploads\/2021\/02\/logo-IMC_con-texto-500x213.png 500w, https:\/\/www.foment.com\/wp-content\/uploads\/2021\/02\/logo-IMC_con-texto.png 502w\" sizes=\"(max-width: 300px) 100vw, 300px\" \/><\/div>[\/vc_column][\/vc_row]<\/p>\n<\/section>","protected":false},"author":13,"featured_media":110704,"menu_order":0,"comment_status":"closed","ping_status":"closed","template":"","meta":{"_links_to":"","_links_to_target":""},"tags":[2885,4618,4620,3199,4619],"event_type":[],"event_type_2":[],"acf":[],"_links":{"self":[{"href":"https:\/\/www.foment.com\/es\/wp-json\/wp\/v2\/ajde_events\/110036"}],"collection":[{"href":"https:\/\/www.foment.com\/es\/wp-json\/wp\/v2\/ajde_events"}],"about":[{"href":"https:\/\/www.foment.com\/es\/wp-json\/wp\/v2\/types\/ajde_events"}],"author":[{"embeddable":true,"href":"https:\/\/www.foment.com\/es\/wp-json\/wp\/v2\/users\/13"}],"replies":[{"embeddable":true,"href":"https:\/\/www.foment.com\/es\/wp-json\/wp\/v2\/comments?post=110036"}],"wp:featuredmedia":[{"embeddable":true,"href":"https:\/\/www.foment.com\/es\/wp-json\/wp\/v2\/media\/110704"}],"wp:attachment":[{"href":"https:\/\/www.foment.com\/es\/wp-json\/wp\/v2\/media?parent=110036"}],"wp:term":[{"taxonomy":"post_tag","embeddable":true,"href":"https:\/\/www.foment.com\/es\/wp-json\/wp\/v2\/tags?post=110036"},{"taxonomy":"event_type","embeddable":true,"href":"https:\/\/www.foment.com\/es\/wp-json\/wp\/v2\/event_type?post=110036"},{"taxonomy":"event_type_2","embeddable":true,"href":"https:\/\/www.foment.com\/es\/wp-json\/wp\/v2\/event_type_2?post=110036"}],"curies":[{"name":"wp","href":"https:\/\/api.w.org\/{rel}","templated":true}]}}

«Cómo anunciar tu marca en cualquier país del mundo y no morir en el intento»

<section class="wpb-content-wrapper"><p>[vc_row][vc_column][vc_column_text]Es posible que el mundo sea global, pero una marca que no adapta su comunicación localmente puede tener problemas serios.</p>
<p><em><strong>Alberto Fernandez (CEO de IM+C)</strong></em> nos explicará qué debe y qué no debe hacer una marca al comunicar más allá de sus fronteras.</p>
<p>Imprescindible si estás pensando en anunciarte en otros países.[/vc_column_text][/vc_column][/vc_row][vc_row][vc_column width=»1/1&#8243;]<div class="single_image wpb_content_element align-center    " data-animation="none" data-delay="0"><img width="300" height="127" src="https://www.foment.com/wp-content/uploads/2021/02/logo-IMC_con-texto-300x127.png" class="attachment-medium" alt="" loading="lazy" title="logo IM+C_con texto" srcset="https://www.foment.com/wp-content/uploads/2021/02/logo-IMC_con-texto-300x127.png 300w, https://www.foment.com/wp-content/uploads/2021/02/logo-IMC_con-texto-500x213.png 500w, https://www.foment.com/wp-content/uploads/2021/02/logo-IMC_con-texto.png 502w" sizes="(max-width: 300px) 100vw, 300px" /></div>[/vc_column][/vc_row]</p>
</section>
