{"id":110371,"date":"2021-02-15T11:51:06","date_gmt":"2021-02-15T10:51:06","guid":{"rendered":"https:\/\/www.foment.com\/events\/i-cicle-formatiu-pige-1a-sessio-context-sensibilitzacio-i-normativa\/"},"modified":"2021-02-23T18:04:51","modified_gmt":"2021-02-23T17:04:51","slug":"i-cicle-formatiu-pige-1a-sessio-context-sensibilitzacio-i-normativa","status":"publish","type":"ajde_events","link":"https:\/\/www.foment.com\/es\/events\/i-cicle-formatiu-pige-1a-sessio-context-sensibilitzacio-i-normativa\/","title":{"rendered":"I Ciclo Formativo PIGE: 1\u00aa  Sesi\u00f3n &#8211; Contexto, sensibilizaci\u00f3n y normativa"},"content":{"rendered":"<section class=\"wpb-content-wrapper\"><p>[vc_row][vc_column][vc_column_text]La igualdad de mujeres y hombres es un derecho reconocido a las leyes y normas propias y de \u00e1mbito europeo e internacional, que est\u00e1 cada d\u00eda m\u00e1s reconocido y valorado socialmente; su aplicaci\u00f3n es necesaria y positiva tanto para la empresa como para el conjunto de la sociedad.<\/p>\n<p>Todas las empresas est\u00e1n obligadas a respetar la igualdad dentro de sus estructuras y a adoptar medidas para prevenir cualquier tipo de discriminaci\u00f3n laboral entre mujeres y hombres.<\/p>\n<p>El cumplimiento de la norma es ineludible, pero, adem\u00e1s, tiene ventajas competitivas para las organizaciones en cuanto que la gesti\u00f3n de personas basada en la igualdad mejora el clima laboral y favorece el desarrollo profesional y la implicaci\u00f3n de la plantilla en los objetivos de la empresa.<\/p>\n<p>La gesti\u00f3n de la igualdad crea unas condiciones organizativas que permiten a las personas asumir de una manera m\u00e1s satisfactoria sus responsabilidades laborales y personales, por as\u00ed conseguir atraer, fidelizar y comprometer el talento.<\/p>\n<p>En este sentido, la primera sesi\u00f3n del ciclo formativo tiene el objetivo de sensibilizar y promocionar la igualdad de g\u00e9nero, dar a conocer los beneficios por las empresas de aplicar medidas de igualdad as\u00ed como las obligaciones normativas.<\/p>\n<p><span style=\"color: #c1002b;\"><strong>Ponente: Mireia del Pozo,\u00a0<\/strong><\/span>creadora y directora de Plusval\u00eda Mujeres. Consultora en comunicaci\u00f3n, diversidad y g\u00e9nero. Profesora de la UB. Conferenciante. Embajadora Aroa y Isma. Ayuda empresas e instituciones a construir un mundo mejor, poniendo a las personas en el centro desde la plena inclusi\u00f3n.<\/p>\n<p>La Direcci\u00f3n General de Igualdad tiene como objetivo principal lograr la igualdad de oportunidades de mujeres y hombres en el trabajo. Para facilitar a las empresas esta tarea, ofrece una serie de herramientas e instrumentos estrat\u00e9gicos<\/p>\n<p>El principal instrumento estrat\u00e9gico con que contamos para llegar a la igualdad en el \u00e1mbito laboral son los planes de igualdad. Por eso la Plataforma para elaborar el plan de igualdad incluye herramientas para cada una de las fases de elaboraci\u00f3n de los planes: la Herramienta de diagnosis, la Herramienta de dise\u00f1o del plan y la Herramienta de seguimiento y evaluaci\u00f3n.<\/p>\n<p>En esta sesi\u00f3n se presentar\u00e1n las Herramientas a cargo de <strong><span style=\"color: #c1002b;\">L\u00eddia Devant Abell\u00f3, <\/span><\/strong>Jefe de la Secci\u00f3n de Programas de Fomento de la Igualdad de la\u00a0DGI.<\/p>\n<p>Asimismo, se presentar\u00e1n las\u00a0<a href=\"https:\/\/treball.gencat.cat\/ca\/detalls\/article\/Recomanacions-COVID-i-genere\" target=\"_blank\" rel=\"noopener noreferrer\">Recomanacions per gestionar l\u2019impacte de la COVID-19 en el mercat laboral des de la perspectiva de g\u00e8nere<\/a> elaborado por las organizaciones empresariales y sindicales m\u00e1s representativas de Catalu\u00f1a en el marco del Consell de Relacions Laborals, y conjuntamente con la Administraci\u00f3n de la Generalitat, a cargo de <strong><span style=\"color: #c1002b;\">Mireia Recio,<\/span><\/strong> T\u00e9cnica del Departamento de Relaciones Laborales y Asuntos Sociales de Foment del Treball.<\/p>\n<p>Esta jornada forma parte de los Planes de Formaci\u00f3n del \u00e1mbito de Catalu\u00f1a, dirigidos a la capacitaci\u00f3n para el desarrollo de las funciones relacionadas con el di\u00e1logo social y la negociaci\u00f3n colectiva.Expediente n\u00fam. TSF082\/20\/0001.<\/p>\n<p style=\"text-align: center;\"><strong>La jornada se podr\u00e1 seguir por la plataforma Zoom. (Plazas limitadas, si se agotan abrir\u00e1 lista de espera)<\/strong><\/p>\n<p style=\"text-align: center;\"><strong>Se enviar\u00e1 un correo electr\u00f3nico con el enlace para acceder a la reuni\u00f3n el d\u00eda anterior a la jornada.<\/strong><\/p>\n<p style=\"text-align: center;\"><strong>Es imprescindible al formalizar la inscripci\u00f3n rellenar todos los campos del formulario: nombre, apellidos (que deben ser los mismos que se utilizar\u00e1n para identificarse en Zoom), DNI, empresa y direcci\u00f3n postal completa.<\/strong><\/p>\n<p>&nbsp;<\/p>\n<p style=\"text-align: center;\"><strong><span style=\"color: #c1002b;\">Con el apoyo de:<\/span><\/strong><\/p>\n<p><a href=\"https:\/\/www.foment.com\/wp-content\/uploads\/2020\/10\/Sin-t\u00edtulo.png\"><img loading=\"lazy\" class=\"aligncenter size-full wp-image-99839\" src=\"https:\/\/www.foment.com\/wp-content\/uploads\/2020\/10\/Sin-t\u00edtulo.png\" alt=\"\" width=\"191\" height=\"43\" \/><\/a><\/p>\n<p>[\/vc_column_text][\/vc_column][\/vc_row]<\/p>\n<\/section>","protected":false},"author":7,"featured_media":110178,"menu_order":0,"comment_status":"closed","ping_status":"closed","template":"","meta":{"_links_to":"","_links_to_target":""},"tags":[4644,4646],"event_type":[2251],"event_type_2":[],"acf":[],"_links":{"self":[{"href":"https:\/\/www.foment.com\/es\/wp-json\/wp\/v2\/ajde_events\/110371"}],"collection":[{"href":"https:\/\/www.foment.com\/es\/wp-json\/wp\/v2\/ajde_events"}],"about":[{"href":"https:\/\/www.foment.com\/es\/wp-json\/wp\/v2\/types\/ajde_events"}],"author":[{"embeddable":true,"href":"https:\/\/www.foment.com\/es\/wp-json\/wp\/v2\/users\/7"}],"replies":[{"embeddable":true,"href":"https:\/\/www.foment.com\/es\/wp-json\/wp\/v2\/comments?post=110371"}],"wp:featuredmedia":[{"embeddable":true,"href":"https:\/\/www.foment.com\/es\/wp-json\/wp\/v2\/media\/110178"}],"wp:attachment":[{"href":"https:\/\/www.foment.com\/es\/wp-json\/wp\/v2\/media?parent=110371"}],"wp:term":[{"taxonomy":"post_tag","embeddable":true,"href":"https:\/\/www.foment.com\/es\/wp-json\/wp\/v2\/tags?post=110371"},{"taxonomy":"event_type","embeddable":true,"href":"https:\/\/www.foment.com\/es\/wp-json\/wp\/v2\/event_type?post=110371"},{"taxonomy":"event_type_2","embeddable":true,"href":"https:\/\/www.foment.com\/es\/wp-json\/wp\/v2\/event_type_2?post=110371"}],"curies":[{"name":"wp","href":"https:\/\/api.w.org\/{rel}","templated":true}]}}

I Ciclo Formativo PIGE: 1ª  Sesión &#8211; Contexto, sensibilización y normativa

<section class="wpb-content-wrapper"><p>[vc_row][vc_column][vc_column_text]La igualdad de mujeres y hombres es un derecho reconocido a las leyes y normas propias y de ámbito europeo e internacional, que está cada día más reconocido y valorado socialmente; su aplicación es necesaria y positiva tanto para la empresa como para el conjunto de la sociedad.</p>
<p>Todas las empresas están obligadas a respetar la igualdad dentro de sus estructuras y a adoptar medidas para prevenir cualquier tipo de discriminación laboral entre mujeres y hombres.</p>
<p>El cumplimiento de la norma es ineludible, pero, además, tiene ventajas competitivas para las organizaciones en cuanto que la gestión de personas basada en la igualdad mejora el clima laboral y favorece el desarrollo profesional y la implicación de la plantilla en los objetivos de la empresa.</p>
<p>La gestión de la igualdad crea unas condiciones organizativas que permiten a las personas asumir de una manera más satisfactoria sus responsabilidades laborales y personales, por así conseguir atraer, fidelizar y comprometer el talento.</p>
<p>En este sentido, la primera sesión del ciclo formativo tiene el objetivo de sensibilizar y promocionar la igualdad de género, dar a conocer los beneficios por las empresas de aplicar medidas de igualdad así como las obligaciones normativas.</p>
<p><span style="color: #c1002b;"><strong>Ponente: Mireia del Pozo, </strong></span>creadora y directora de Plusvalía Mujeres. Consultora en comunicación, diversidad y género. Profesora de la UB. Conferenciante. Embajadora Aroa y Isma. Ayuda empresas e instituciones a construir un mundo mejor, poniendo a las personas en el centro desde la plena inclusión.</p>
<p>La Dirección General de Igualdad tiene como objetivo principal lograr la igualdad de oportunidades de mujeres y hombres en el trabajo. Para facilitar a las empresas esta tarea, ofrece una serie de herramientas e instrumentos estratégicos</p>
<p>El principal instrumento estratégico con que contamos para llegar a la igualdad en el ámbito laboral son los planes de igualdad. Por eso la Plataforma para elaborar el plan de igualdad incluye herramientas para cada una de las fases de elaboración de los planes: la Herramienta de diagnosis, la Herramienta de diseño del plan y la Herramienta de seguimiento y evaluación.</p>
<p>En esta sesión se presentarán las Herramientas a cargo de <strong><span style="color: #c1002b;">Lídia Devant Abelló, </span></strong>Jefe de la Sección de Programas de Fomento de la Igualdad de la DGI.</p>
<p>Asimismo, se presentarán las <a href="https://treball.gencat.cat/ca/detalls/article/Recomanacions-COVID-i-genere" target="_blank" rel="noopener noreferrer">Recomanacions per gestionar l’impacte de la COVID-19 en el mercat laboral des de la perspectiva de gènere</a> elaborado por las organizaciones empresariales y sindicales más representativas de Cataluña en el marco del Consell de Relacions Laborals, y conjuntamente con la Administración de la Generalitat, a cargo de <strong><span style="color: #c1002b;">Mireia Recio,</span></strong> Técnica del Departamento de Relaciones Laborales y Asuntos Sociales de Foment del Treball.</p>
<p>Esta jornada forma parte de los Planes de Formación del ámbito de Cataluña, dirigidos a la capacitación para el desarrollo de las funciones relacionadas con el diálogo social y la negociación colectiva.Expediente núm. TSF082/20/0001.</p>
<p style="text-align: center;"><strong>La jornada se podrá seguir por la plataforma Zoom. (Plazas limitadas, si se agotan abrirá lista de espera)</strong></p>
<p style="text-align: center;"><strong>Se enviará un correo electrónico con el enlace para acceder a la reunión el día anterior a la jornada.</strong></p>
<p style="text-align: center;"><strong>Es imprescindible al formalizar la inscripción rellenar todos los campos del formulario: nombre, apellidos (que deben ser los mismos que se utilizarán para identificarse en Zoom), DNI, empresa y dirección postal completa.</strong></p>
<p>&nbsp;</p>
<p style="text-align: center;"><strong><span style="color: #c1002b;">Con el apoyo de:</span></strong></p>
<p><a href="https://www.foment.com/wp-content/uploads/2020/10/Sin-título.png"><img loading="lazy" class="aligncenter size-full wp-image-99839" src="https://www.foment.com/wp-content/uploads/2020/10/Sin-título.png" alt="" width="191" height="43" /></a></p>
<p>[/vc_column_text][/vc_column][/vc_row]</p>
</section>
