{"id":110568,"date":"2021-02-16T18:08:38","date_gmt":"2021-02-16T17:08:38","guid":{"rendered":"https:\/\/www.foment.com\/es\/events\/innovation-breakfast-programas-e-instrumentos-del-cdti-para-acompanar-la-idi-empresarial\/"},"modified":"2021-02-18T18:17:30","modified_gmt":"2021-02-18T17:17:30","slug":"innovation-breakfast-programas-e-instrumentos-del-cdti-para-acompanar-la-idi-empresarial","status":"publish","type":"ajde_events","link":"https:\/\/www.foment.com\/es\/events\/innovation-breakfast-programas-e-instrumentos-del-cdti-para-acompanar-la-idi-empresarial\/","title":{"rendered":"Innovation Breakfast &#8211; Programas e instrumentos del CDTI para acompa\u00f1ar la I+D+i empresarial"},"content":{"rendered":"<section class=\"wpb-content-wrapper\"><p>[vc_row][vc_column text_align=\u00bbcenter\u00bb][vc_column_text]<\/p>\n<h3 style=\"text-align: center;\"><strong>INNOVATION BREAKFAST<\/strong><\/h3>\n<p>[\/vc_column_text][vc_column_text]<\/p>\n<h2 style=\"text-align: center;\"><span style=\"color: #c10000;\"><strong>Programas e instrumentos del CDTI para acompa\u00f1ar la I+D+i empresarial<\/strong><\/span><\/h2>\n<p>[\/vc_column_text][vc_column_text]Os invitamos al pr\u00f3ximo desayuno coloquio con la <strong>Sra. M\u00aa del Pilar Gonz\u00e1lez<\/strong>, Jefa del Departamento de Promoci\u00f3n Institucional y Cooperaci\u00f3n Territorial del CDTI. El objetivo ser\u00e1 debatir sobre las distintas ayudas directas e indirectas para impulsar la I+D+i.<\/p>\n<p>El debate se centrar\u00e1 en la l\u00ednea directa de innovaci\u00f3n y la l\u00ednea directa de expansi\u00f3n, para financiaci\u00f3n de proyectos de car\u00e1cter aplicado, muy cercanos al mercado, con riesgo tecnol\u00f3gico medio\/bajo y cortos per\u00edodos de recuperaci\u00f3n de la inversi\u00f3n, que consigan mejorar la competitividad de la empresa mediante la incorporaci\u00f3n de tecnolog\u00edas emergentes en el sector. Adicionalmente se explicar\u00e1n otros mecanismos de ayuda a la I+D+i, como las ayudas convencionales en convocatoria abierta, las l\u00edneas de financiaci\u00f3n del Programa de Transferencia Cervera y otros programas que haya disponibles para 2021. En definitiva, la exposici\u00f3n tratar\u00e1 sobre los programas e instrumentos que el CDTI pone a disposici\u00f3n para conseguir que el tejido empresarial genere y transforme el conocimiento cient\u00edfico t\u00e9cnico en crecimiento sostenible y globalmente competitivo.<\/p>\n<p>La presentaci\u00f3n ir\u00e1 a cargo del <strong>Sr. Jordi Bosch<\/strong>, Presidente de la Comisi\u00f3n de Innovaci\u00f3n. Despu\u00e9s de la intervenci\u00f3n de los ponentes, abriremos un turno de preguntas con los asistentes.<\/p>\n<p>Los Innovation Breakfast de Foment son un nuevo formato de sesi\u00f3n creado para ofrecer un entorno donde dialogar, inspirarse y crecer profesionalmente, a trav\u00e9s de encuentros con ponentes de alto nivel que comparten su visi\u00f3n y expertise en las iniciativas innovadoras que est\u00e1n liderando en su organizaci\u00f3n.[\/vc_column_text][\/vc_column][\/vc_row]<\/p>\n<\/section>","protected":false},"author":24,"featured_media":62185,"menu_order":0,"comment_status":"closed","ping_status":"closed","template":"","meta":{"_links_to":"","_links_to_target":""},"tags":[4036,4669,1582,1467,286,4668,4667,4666],"event_type":[203],"event_type_2":[3232],"acf":[],"_links":{"self":[{"href":"https:\/\/www.foment.com\/es\/wp-json\/wp\/v2\/ajde_events\/110568"}],"collection":[{"href":"https:\/\/www.foment.com\/es\/wp-json\/wp\/v2\/ajde_events"}],"about":[{"href":"https:\/\/www.foment.com\/es\/wp-json\/wp\/v2\/types\/ajde_events"}],"author":[{"embeddable":true,"href":"https:\/\/www.foment.com\/es\/wp-json\/wp\/v2\/users\/24"}],"replies":[{"embeddable":true,"href":"https:\/\/www.foment.com\/es\/wp-json\/wp\/v2\/comments?post=110568"}],"wp:featuredmedia":[{"embeddable":true,"href":"https:\/\/www.foment.com\/es\/wp-json\/wp\/v2\/media\/62185"}],"wp:attachment":[{"href":"https:\/\/www.foment.com\/es\/wp-json\/wp\/v2\/media?parent=110568"}],"wp:term":[{"taxonomy":"post_tag","embeddable":true,"href":"https:\/\/www.foment.com\/es\/wp-json\/wp\/v2\/tags?post=110568"},{"taxonomy":"event_type","embeddable":true,"href":"https:\/\/www.foment.com\/es\/wp-json\/wp\/v2\/event_type?post=110568"},{"taxonomy":"event_type_2","embeddable":true,"href":"https:\/\/www.foment.com\/es\/wp-json\/wp\/v2\/event_type_2?post=110568"}],"curies":[{"name":"wp","href":"https:\/\/api.w.org\/{rel}","templated":true}]}}

Innovation Breakfast &#8211; Programas e instrumentos del CDTI para acompañar la I+D+i empresarial

<section class="wpb-content-wrapper"><p>[vc_row][vc_column text_align=»center»][vc_column_text]</p>
<h3 style="text-align: center;"><strong>INNOVATION BREAKFAST</strong></h3>
<p>[/vc_column_text][vc_column_text]</p>
<h2 style="text-align: center;"><span style="color: #c10000;"><strong>Programas e instrumentos del CDTI para acompañar la I+D+i empresarial</strong></span></h2>
<p>[/vc_column_text][vc_column_text]Os invitamos al próximo desayuno coloquio con la <strong>Sra. Mª del Pilar González</strong>, Jefa del Departamento de Promoción Institucional y Cooperación Territorial del CDTI. El objetivo será debatir sobre las distintas ayudas directas e indirectas para impulsar la I+D+i.</p>
<p>El debate se centrará en la línea directa de innovación y la línea directa de expansión, para financiación de proyectos de carácter aplicado, muy cercanos al mercado, con riesgo tecnológico medio/bajo y cortos períodos de recuperación de la inversión, que consigan mejorar la competitividad de la empresa mediante la incorporación de tecnologías emergentes en el sector. Adicionalmente se explicarán otros mecanismos de ayuda a la I+D+i, como las ayudas convencionales en convocatoria abierta, las líneas de financiación del Programa de Transferencia Cervera y otros programas que haya disponibles para 2021. En definitiva, la exposición tratará sobre los programas e instrumentos que el CDTI pone a disposición para conseguir que el tejido empresarial genere y transforme el conocimiento científico técnico en crecimiento sostenible y globalmente competitivo.</p>
<p>La presentación irá a cargo del <strong>Sr. Jordi Bosch</strong>, Presidente de la Comisión de Innovación. Después de la intervención de los ponentes, abriremos un turno de preguntas con los asistentes.</p>
<p>Los Innovation Breakfast de Foment son un nuevo formato de sesión creado para ofrecer un entorno donde dialogar, inspirarse y crecer profesionalmente, a través de encuentros con ponentes de alto nivel que comparten su visión y expertise en las iniciativas innovadoras que están liderando en su organización.[/vc_column_text][/vc_column][/vc_row]</p>
</section>
