{"id":111577,"date":"2021-02-25T10:18:11","date_gmt":"2021-02-25T09:18:11","guid":{"rendered":"https:\/\/www.foment.com\/?post_type=ajde_events&#038;p=111577"},"modified":"2021-03-15T11:15:35","modified_gmt":"2021-03-15T10:15:35","slug":"liderando-la-crisis-por-sars-cov-2-desde-la-seguridad-y-salud-laboral-que-hemos-aprendido-tras-meses-de-pandemia-por-la-covid-19","status":"publish","type":"ajde_events","link":"https:\/\/www.foment.com\/es\/events\/liderando-la-crisis-por-sars-cov-2-desde-la-seguridad-y-salud-laboral-que-hemos-aprendido-tras-meses-de-pandemia-por-la-covid-19\/","title":{"rendered":"LIDERANDO LA CRISIS POR SARS-CoV-2 DESDE LA SEGURIDAD Y SALUD LABORAL: \u00bfQU\u00c9 HEMOS APRENDIDO TRAS MESES DE PANDEMIA POR LA COVID-19?"},"content":{"rendered":"<h2 style=\"text-align: center;\"><span style=\"color: #ab192d;\"><strong>Liderando la crisis por SARS-CoV-2 desde la seguiridad y salud laboral: \u00bfqu\u00e9 hemos aprendido tras meses de pandemia por la Covid-19?<\/strong><\/span><\/h2>\n<h3 style=\"text-align: center;\"><span style=\"color: #656565;\"><strong>Webinar de PRL<\/strong><\/span><\/h3>\n<p>&nbsp;<\/p>\n<h3><span style=\"color: #ab192d;\"><strong>Objetivo<\/strong><\/span><\/h3>\n<p>&nbsp;<\/p>\n<p style=\"text-align: justify;\">En el marco de un contexto disruptivo y de crisis asociado a la pandemia por la Covid-19, se han impuesto nuevos requisitos, obligaciones y responsabilidades y han surgido nuevas amenazas y oportunidades. La experiencia acumulada durante los \u00faltimos meses por personas, profesionales, organizaciones y administraciones p\u00fablicas, deber ser considerada como un elemento capital y de gran valor para aprender de los errores cometidos y los \u00e9xitos alcanzados, mejorar la gesti\u00f3n y afrontar con las mejores y mayores garant\u00edas posibles los retos y pr\u00f3ximos escenarios que se puedan presentar.<\/p>\n<p style=\"text-align: justify;\">Nadie podr\u00e1 estar en desacuerdo que, desde hace un a\u00f1o, los profesionales de la SST han tenido que trabajar incontables horas para garantizar unas adecuadas condiciones de seguridad que salvaguardasen la salud, tanto del negocio como de sus compa\u00f1eros, posicionando la Seguridad Laboral dentro de la estrategia de las organizaciones.<\/p>\n<p style=\"text-align: justify;\">Muchos son los foros en los que se han discutido los aspectos t\u00e9cnicos y legales asociados a la Covid-19. En esta jornada queremos darle un giro de tuerca y trabajar esos elementos que nos han condicionado desde el minuto cero: los estrat\u00e9gicos y la visi\u00f3n, necesidades y expectativas de la Alta Direcci\u00f3n relativas a la Covid-19.<\/p>\n<p>&nbsp;<\/p>\n<h3><span style=\"color: #ab192d;\"><strong>Programa<\/strong><\/span><\/h3>\n<p>&nbsp;<\/p>\n<table style=\"height: 451px;\" width=\"786\">\n<tbody>\n<tr>\n<td width=\"10%\">\n<p style=\"margin: 5px 0px;\" align=\"left\"><strong>9.30 h<\/strong><\/p>\n<\/td>\n<td width=\"90%\">\n<p style=\"margin: 5px 0px;\" align=\"left\"><strong>Presentaci\u00f3n Informe inversiones para la prevenci\u00f3n del Coronavirus SARS-CoV-2.<\/strong><\/p>\n<ul>\n<li>Sr. C\u00e9sar S\u00e1nchez. Director Oficina Prevenci\u00f3n Riesgos Laborales. Fomento del Trabajo.<\/li>\n<\/ul>\n<\/td>\n<\/tr>\n<tr>\n<td width=\"10%\">\n<p style=\"margin: 5px 0px;\" align=\"left\"><strong>9.50 h<\/strong><\/p>\n<\/td>\n<td width=\"90%\">\n<p style=\"margin: 5px 0px;\" align=\"left\"><strong>Un a\u00f1o despu\u00e9s&#8230;<\/strong><\/p>\n<ul>\n<li>Sra. Montse Mor\u00e9. CEO. Full Audit.<\/li>\n<li>Sr. Ricardo Aparicio. Periodista.<\/li>\n<\/ul>\n<\/td>\n<\/tr>\n<tr>\n<td width=\"10%\">\n<p style=\"margin: 5px 0px;\" align=\"left\"><strong>10.05 h<\/strong><\/p>\n<\/td>\n<td width=\"90%\">\n<p style=\"margin: 5px 0px;\" align=\"left\"><strong>Mesa redonda.<\/strong><\/p>\n<ul>\n<li>Sr. Narciso Berberana. Global Strategist Officer. Suez.<\/li>\n<li>Sra. Pe\u00f1a Solano. Country Head of Ops Management. Cellnex.<\/li>\n<li>Sr. Carlos Senz. Heath &amp; Safety Director. Grupo Meli\u00e1.<\/li>\n<\/ul>\n<\/td>\n<\/tr>\n<tr>\n<td width=\"10%\">\n<p style=\"margin: 5px 0px;\" align=\"left\"><strong>11:05 h<\/strong><\/p>\n<\/td>\n<td width=\"90%\">\n<p style=\"margin: 5px 0px;\" align=\"left\"><strong>Debate y preguntas de los asistentes.<\/strong><\/p>\n<\/td>\n<\/tr>\n<tr>\n<td width=\"10%\">\n<p style=\"margin: 5px 0px;\" align=\"left\"><strong>11.25 h<\/strong><\/p>\n<\/td>\n<td width=\"90%\">\n<p style=\"margin: 5px 0px;\" align=\"left\"><strong>Clausura.<\/strong><\/p>\n<\/td>\n<\/tr>\n<\/tbody>\n<\/table>\n<p><img loading=\"lazy\" class=\"aligncenter wp-image-106018 size-medium\" src=\"https:\/\/www.foment.com\/wp-content\/uploads\/2021\/01\/logo-treball_webesp2-300x88.jpg\" alt=\"\" width=\"300\" height=\"88\" srcset=\"https:\/\/www.foment.com\/wp-content\/uploads\/2021\/01\/logo-treball_webesp2-300x88.jpg 300w, https:\/\/www.foment.com\/wp-content\/uploads\/2021\/01\/logo-treball_webesp2.jpg 477w\" sizes=\"(max-width: 300px) 100vw, 300px\" \/><br \/>\nEsta jornada forma parte de los Planes de Formaci\u00f3n del \u00e1mbito de Catalu\u00f1a, dirigidos a la capacitaci\u00f3n para el desarrollo de la funciones relacionadas con el di\u00e1logo social y la negociaci\u00f3n colectiva.<\/p>\n","protected":false},"author":12,"featured_media":96686,"menu_order":0,"comment_status":"closed","ping_status":"closed","template":"","meta":{"_links_to":"","_links_to_target":""},"tags":[922,416,417,513],"event_type":[202],"event_type_2":[],"acf":[],"_links":{"self":[{"href":"https:\/\/www.foment.com\/es\/wp-json\/wp\/v2\/ajde_events\/111577"}],"collection":[{"href":"https:\/\/www.foment.com\/es\/wp-json\/wp\/v2\/ajde_events"}],"about":[{"href":"https:\/\/www.foment.com\/es\/wp-json\/wp\/v2\/types\/ajde_events"}],"author":[{"embeddable":true,"href":"https:\/\/www.foment.com\/es\/wp-json\/wp\/v2\/users\/12"}],"replies":[{"embeddable":true,"href":"https:\/\/www.foment.com\/es\/wp-json\/wp\/v2\/comments?post=111577"}],"wp:featuredmedia":[{"embeddable":true,"href":"https:\/\/www.foment.com\/es\/wp-json\/wp\/v2\/media\/96686"}],"wp:attachment":[{"href":"https:\/\/www.foment.com\/es\/wp-json\/wp\/v2\/media?parent=111577"}],"wp:term":[{"taxonomy":"post_tag","embeddable":true,"href":"https:\/\/www.foment.com\/es\/wp-json\/wp\/v2\/tags?post=111577"},{"taxonomy":"event_type","embeddable":true,"href":"https:\/\/www.foment.com\/es\/wp-json\/wp\/v2\/event_type?post=111577"},{"taxonomy":"event_type_2","embeddable":true,"href":"https:\/\/www.foment.com\/es\/wp-json\/wp\/v2\/event_type_2?post=111577"}],"curies":[{"name":"wp","href":"https:\/\/api.w.org\/{rel}","templated":true}]}}

LIDERANDO LA CRISIS POR SARS-CoV-2 DESDE LA SEGURIDAD Y SALUD LABORAL: ¿QUÉ HEMOS APRENDIDO TRAS MESES DE PANDEMIA POR LA COVID-19?

<h2 style="text-align: center;"><span style="color: #ab192d;"><strong>Liderando la crisis por SARS-CoV-2 desde la seguiridad y salud laboral: ¿qué hemos aprendido tras meses de pandemia por la Covid-19?</strong></span></h2>
<h3 style="text-align: center;"><span style="color: #656565;"><strong>Webinar de PRL</strong></span></h3>
<p>&nbsp;</p>
<h3><span style="color: #ab192d;"><strong>Objetivo</strong></span></h3>
<p>&nbsp;</p>
<p style="text-align: justify;">En el marco de un contexto disruptivo y de crisis asociado a la pandemia por la Covid-19, se han impuesto nuevos requisitos, obligaciones y responsabilidades y han surgido nuevas amenazas y oportunidades. La experiencia acumulada durante los últimos meses por personas, profesionales, organizaciones y administraciones públicas, deber ser considerada como un elemento capital y de gran valor para aprender de los errores cometidos y los éxitos alcanzados, mejorar la gestión y afrontar con las mejores y mayores garantías posibles los retos y próximos escenarios que se puedan presentar.</p>
<p style="text-align: justify;">Nadie podrá estar en desacuerdo que, desde hace un año, los profesionales de la SST han tenido que trabajar incontables horas para garantizar unas adecuadas condiciones de seguridad que salvaguardasen la salud, tanto del negocio como de sus compañeros, posicionando la Seguridad Laboral dentro de la estrategia de las organizaciones.</p>
<p style="text-align: justify;">Muchos son los foros en los que se han discutido los aspectos técnicos y legales asociados a la Covid-19. En esta jornada queremos darle un giro de tuerca y trabajar esos elementos que nos han condicionado desde el minuto cero: los estratégicos y la visión, necesidades y expectativas de la Alta Dirección relativas a la Covid-19.</p>
<p>&nbsp;</p>
<h3><span style="color: #ab192d;"><strong>Programa</strong></span></h3>
<p>&nbsp;</p>
<table style="height: 451px;" width="786">
<tbody>
<tr>
<td width="10%">
<p style="margin: 5px 0px;" align="left"><strong>9.30 h</strong></p>
</td>
<td width="90%">
<p style="margin: 5px 0px;" align="left"><strong>Presentación Informe inversiones para la prevención del Coronavirus SARS-CoV-2.</strong></p>
<ul>
<li>Sr. César Sánchez. Director Oficina Prevención Riesgos Laborales. Fomento del Trabajo.</li>
</ul>
</td>
</tr>
<tr>
<td width="10%">
<p style="margin: 5px 0px;" align="left"><strong>9.50 h</strong></p>
</td>
<td width="90%">
<p style="margin: 5px 0px;" align="left"><strong>Un año después&#8230;</strong></p>
<ul>
<li>Sra. Montse Moré. CEO. Full Audit.</li>
<li>Sr. Ricardo Aparicio. Periodista.</li>
</ul>
</td>
</tr>
<tr>
<td width="10%">
<p style="margin: 5px 0px;" align="left"><strong>10.05 h</strong></p>
</td>
<td width="90%">
<p style="margin: 5px 0px;" align="left"><strong>Mesa redonda.</strong></p>
<ul>
<li>Sr. Narciso Berberana. Global Strategist Officer. Suez.</li>
<li>Sra. Peña Solano. Country Head of Ops Management. Cellnex.</li>
<li>Sr. Carlos Senz. Heath &amp; Safety Director. Grupo Meliá.</li>
</ul>
</td>
</tr>
<tr>
<td width="10%">
<p style="margin: 5px 0px;" align="left"><strong>11:05 h</strong></p>
</td>
<td width="90%">
<p style="margin: 5px 0px;" align="left"><strong>Debate y preguntas de los asistentes.</strong></p>
</td>
</tr>
<tr>
<td width="10%">
<p style="margin: 5px 0px;" align="left"><strong>11.25 h</strong></p>
</td>
<td width="90%">
<p style="margin: 5px 0px;" align="left"><strong>Clausura.</strong></p>
</td>
</tr>
</tbody>
</table>
<p><img loading="lazy" class="aligncenter wp-image-106018 size-medium" src="https://www.foment.com/wp-content/uploads/2021/01/logo-treball_webesp2-300x88.jpg" alt="" width="300" height="88" srcset="https://www.foment.com/wp-content/uploads/2021/01/logo-treball_webesp2-300x88.jpg 300w, https://www.foment.com/wp-content/uploads/2021/01/logo-treball_webesp2.jpg 477w" sizes="(max-width: 300px) 100vw, 300px" /><br />
Esta jornada forma parte de los Planes de Formación del ámbito de Cataluña, dirigidos a la capacitación para el desarrollo de la funciones relacionadas con el diálogo social y la negociación colectiva.</p>
