{"id":124929,"date":"2021-09-06T12:46:29","date_gmt":"2021-09-06T10:46:29","guid":{"rendered":"https:\/\/www.foment.com\/?post_type=ajde_events&#038;p=124929"},"modified":"2021-09-12T22:24:38","modified_gmt":"2021-09-12T20:24:38","slug":"jornada-prl-gestion-del-teletrabajo-como-abordar-una-nueva-forma-de-trabajar","status":"publish","type":"ajde_events","link":"https:\/\/www.foment.com\/es\/events\/jornada-prl-gestion-del-teletrabajo-como-abordar-una-nueva-forma-de-trabajar\/","title":{"rendered":"Jornada PRL. Gesti\u00f3n del teletrabajo: c\u00f3mo abordar una nueva forma de trabajar"},"content":{"rendered":"<h3 style=\"text-align: center;\"><span style=\"color: #ab192d;\"><strong>Jornada PRL<\/strong><\/span><\/h3>\n<p>&nbsp;<\/p>\n<h2 style=\"text-align: center;\"><span style=\"color: #ab192d;\"><strong>Gesti\u00f3n del teletrabajo: c\u00f3mo abordar una nueva forma de trabajar.<\/strong><\/span><\/h2>\n<p>&nbsp;<\/p>\n<h3><span style=\"color: #ab192d;\"><strong>Objetivo<\/strong><\/span><\/h3>\n<p>&nbsp;<\/p>\n<p style=\"text-align: justify;\">El teletrabajo ha sufrido un gran auge en Espa\u00f1a y, en general, a nivel mundial como consecuencia de los avances en tecnolog\u00eda de la informaci\u00f3n y telecomunicaciones que han modificado el mercado de trabajo y, m\u00e1s recientemente, como consecuencia de la pandemia por Sars-CoV-2. Los beneficios de esta modalidad de trabajo est\u00e1n siendo valorados muy positivamente tanto por parte de los trabajadores como por parte de los empleadores, por lo que se prev\u00e9 que ser\u00e1 una forma habitual de trabajar total o parcialmente.<\/p>\n<p style=\"text-align: justify;\">Adem\u00e1s, la nueva normativa de trabajo a distancia as\u00ed como la proliferaci\u00f3n de plataformas para el trabajo colaborativo, han permitido disponer de las herramientas legales y tecnol\u00f3gicas adecuadas para hacer que el teletrabajo sea una opci\u00f3n real.<\/p>\n<p style=\"text-align: justify;\">Durante la jornada se pretenden hacer aportaciones sobre la gesti\u00f3n del teletrabajo a nivel preventivo teniendo en cuenta la Ley 10\/2021, de 9 de julio, de trabajo a distancia.<\/p>\n<p>&nbsp;<\/p>\n<p><span style=\"color: #ab192d;\"><strong>Programa de la jornada<\/strong><\/span><\/p>\n<table>\n<tbody>\n<tr>\n<td width=\"10%\">\n<p style=\"margin: 5px 0px;\" align=\"left\"><strong>09:30 h<\/strong><\/p>\n<\/td>\n<td width=\"90%\">\n<p style=\"margin: 5px 0px;\" align=\"left\"><strong>Presentaci\u00f3n.<\/strong><\/p>\n<p>Sr. C\u00e9sar S\u00e1nchez. Director Oficina Prevenci\u00f3n Riesgos Laborales. Fomento del Trabajo.<\/td>\n<\/tr>\n<tr>\n<td width=\"10%\">\n<p style=\"margin: 5px 0px;\" align=\"left\"><strong>09.40 h<\/strong><\/p>\n<\/td>\n<td width=\"90%\">\n<p style=\"margin: 5px 0px;\" align=\"left\"><strong>Presentaci\u00f3n de la Gu\u00eda para la gesti\u00f3n de la PRL en el \u00e1mbito del teletrabajo y evoluci\u00f3n del teletrabajo desde su publicaci\u00f3n.<\/strong><\/p>\n<p>Sra. Manuela Brinques. OHSE Lead Auditor. Full Audit.<\/td>\n<\/tr>\n<tr>\n<td width=\"10%\">\n<p style=\"margin: 5px 0px;\" align=\"left\"><strong>10.25 h<\/strong><\/p>\n<\/td>\n<td width=\"90%\">\n<p style=\"margin: 5px 0px;\" align=\"left\"><strong>Gesti\u00f3n del teletrabajo en Santaluc\u00eda.<\/strong><\/p>\n<p>Sr. Juan Carlos S\u00e1ez. Gerente de Bienestar y Salud. Grupo Santaluc\u00eda.<\/td>\n<\/tr>\n<tr>\n<td width=\"10%\">\n<p style=\"margin: 5px 0px;\" align=\"left\"><strong>11.10 h<\/strong><\/p>\n<\/td>\n<td width=\"90%\">\n<p style=\"margin: 5px 0px;\" align=\"left\"><strong>Gesti\u00f3n del teletrabajo en SAGE.<\/strong><\/p>\n<p>Sr. Fernando Iglesias. H&amp;S Manager, Property and Procurement. Sage Spain.<\/td>\n<\/tr>\n<tr>\n<td width=\"10%\">\n<p style=\"margin: 5px 0px;\" align=\"left\"><strong>11:55 h<\/strong><\/p>\n<\/td>\n<td width=\"90%\">\n<p style=\"margin: 5px 0px;\" align=\"left\"><strong>Preguntas de los asistentes.<\/strong><\/p>\n<\/td>\n<\/tr>\n<tr>\n<td width=\"10%\">\n<p style=\"margin: 5px 0px;\" align=\"left\"><strong>12:15 h<\/strong><\/p>\n<\/td>\n<td width=\"90%\">\n<p style=\"margin: 5px 0px;\" align=\"left\"><strong>Clausura.<\/strong><\/p>\n<\/td>\n<\/tr>\n<\/tbody>\n<\/table>\n<p><img loading=\"lazy\" class=\"wp-image-120812 size-medium aligncenter\" src=\"https:\/\/www.foment.com\/wp-content\/uploads\/2021\/06\/Logo-dept-treball_2021_esp-300x90.png\" alt=\"\" width=\"300\" height=\"90\" srcset=\"https:\/\/www.foment.com\/wp-content\/uploads\/2021\/06\/Logo-dept-treball_2021_esp-300x90.png 300w, https:\/\/www.foment.com\/wp-content\/uploads\/2021\/06\/Logo-dept-treball_2021_esp.png 498w\" sizes=\"(max-width: 300px) 100vw, 300px\" \/><\/p>\n<p style=\"text-align: justify;\">Esta jornada forma parte de los Planes de Formaci\u00f3n del \u00e1mbito de Catalu\u00f1a, dirigidos a la capacitaci\u00f3n para el desarrollo de las funciones relacionadas con el di\u00e1logo social y la negociaci\u00f3n colectiva.<\/p>\n","protected":false},"author":1,"featured_media":126278,"menu_order":0,"comment_status":"closed","ping_status":"closed","template":"","meta":{"_links_to":"","_links_to_target":""},"tags":[5596,4079,416,417,5597,513],"event_type":[202],"event_type_2":[],"acf":[],"_links":{"self":[{"href":"https:\/\/www.foment.com\/es\/wp-json\/wp\/v2\/ajde_events\/124929"}],"collection":[{"href":"https:\/\/www.foment.com\/es\/wp-json\/wp\/v2\/ajde_events"}],"about":[{"href":"https:\/\/www.foment.com\/es\/wp-json\/wp\/v2\/types\/ajde_events"}],"author":[{"embeddable":true,"href":"https:\/\/www.foment.com\/es\/wp-json\/wp\/v2\/users\/1"}],"replies":[{"embeddable":true,"href":"https:\/\/www.foment.com\/es\/wp-json\/wp\/v2\/comments?post=124929"}],"wp:featuredmedia":[{"embeddable":true,"href":"https:\/\/www.foment.com\/es\/wp-json\/wp\/v2\/media\/126278"}],"wp:attachment":[{"href":"https:\/\/www.foment.com\/es\/wp-json\/wp\/v2\/media?parent=124929"}],"wp:term":[{"taxonomy":"post_tag","embeddable":true,"href":"https:\/\/www.foment.com\/es\/wp-json\/wp\/v2\/tags?post=124929"},{"taxonomy":"event_type","embeddable":true,"href":"https:\/\/www.foment.com\/es\/wp-json\/wp\/v2\/event_type?post=124929"},{"taxonomy":"event_type_2","embeddable":true,"href":"https:\/\/www.foment.com\/es\/wp-json\/wp\/v2\/event_type_2?post=124929"}],"curies":[{"name":"wp","href":"https:\/\/api.w.org\/{rel}","templated":true}]}}

Jornada PRL. Gestión del teletrabajo: cómo abordar una nueva forma de trabajar

<h3 style="text-align: center;"><span style="color: #ab192d;"><strong>Jornada PRL</strong></span></h3>
<p>&nbsp;</p>
<h2 style="text-align: center;"><span style="color: #ab192d;"><strong>Gestión del teletrabajo: cómo abordar una nueva forma de trabajar.</strong></span></h2>
<p>&nbsp;</p>
<h3><span style="color: #ab192d;"><strong>Objetivo</strong></span></h3>
<p>&nbsp;</p>
<p style="text-align: justify;">El teletrabajo ha sufrido un gran auge en España y, en general, a nivel mundial como consecuencia de los avances en tecnología de la información y telecomunicaciones que han modificado el mercado de trabajo y, más recientemente, como consecuencia de la pandemia por Sars-CoV-2. Los beneficios de esta modalidad de trabajo están siendo valorados muy positivamente tanto por parte de los trabajadores como por parte de los empleadores, por lo que se prevé que será una forma habitual de trabajar total o parcialmente.</p>
<p style="text-align: justify;">Además, la nueva normativa de trabajo a distancia así como la proliferación de plataformas para el trabajo colaborativo, han permitido disponer de las herramientas legales y tecnológicas adecuadas para hacer que el teletrabajo sea una opción real.</p>
<p style="text-align: justify;">Durante la jornada se pretenden hacer aportaciones sobre la gestión del teletrabajo a nivel preventivo teniendo en cuenta la Ley 10/2021, de 9 de julio, de trabajo a distancia.</p>
<p>&nbsp;</p>
<p><span style="color: #ab192d;"><strong>Programa de la jornada</strong></span></p>
<table>
<tbody>
<tr>
<td width="10%">
<p style="margin: 5px 0px;" align="left"><strong>09:30 h</strong></p>
</td>
<td width="90%">
<p style="margin: 5px 0px;" align="left"><strong>Presentación.</strong></p>
<p>Sr. César Sánchez. Director Oficina Prevención Riesgos Laborales. Fomento del Trabajo.</td>
</tr>
<tr>
<td width="10%">
<p style="margin: 5px 0px;" align="left"><strong>09.40 h</strong></p>
</td>
<td width="90%">
<p style="margin: 5px 0px;" align="left"><strong>Presentación de la Guía para la gestión de la PRL en el ámbito del teletrabajo y evolución del teletrabajo desde su publicación.</strong></p>
<p>Sra. Manuela Brinques. OHSE Lead Auditor. Full Audit.</td>
</tr>
<tr>
<td width="10%">
<p style="margin: 5px 0px;" align="left"><strong>10.25 h</strong></p>
</td>
<td width="90%">
<p style="margin: 5px 0px;" align="left"><strong>Gestión del teletrabajo en Santalucía.</strong></p>
<p>Sr. Juan Carlos Sáez. Gerente de Bienestar y Salud. Grupo Santalucía.</td>
</tr>
<tr>
<td width="10%">
<p style="margin: 5px 0px;" align="left"><strong>11.10 h</strong></p>
</td>
<td width="90%">
<p style="margin: 5px 0px;" align="left"><strong>Gestión del teletrabajo en SAGE.</strong></p>
<p>Sr. Fernando Iglesias. H&amp;S Manager, Property and Procurement. Sage Spain.</td>
</tr>
<tr>
<td width="10%">
<p style="margin: 5px 0px;" align="left"><strong>11:55 h</strong></p>
</td>
<td width="90%">
<p style="margin: 5px 0px;" align="left"><strong>Preguntas de los asistentes.</strong></p>
</td>
</tr>
<tr>
<td width="10%">
<p style="margin: 5px 0px;" align="left"><strong>12:15 h</strong></p>
</td>
<td width="90%">
<p style="margin: 5px 0px;" align="left"><strong>Clausura.</strong></p>
</td>
</tr>
</tbody>
</table>
<p><img loading="lazy" class="wp-image-120812 size-medium aligncenter" src="https://www.foment.com/wp-content/uploads/2021/06/Logo-dept-treball_2021_esp-300x90.png" alt="" width="300" height="90" srcset="https://www.foment.com/wp-content/uploads/2021/06/Logo-dept-treball_2021_esp-300x90.png 300w, https://www.foment.com/wp-content/uploads/2021/06/Logo-dept-treball_2021_esp.png 498w" sizes="(max-width: 300px) 100vw, 300px" /></p>
<p style="text-align: justify;">Esta jornada forma parte de los Planes de Formación del ámbito de Cataluña, dirigidos a la capacitación para el desarrollo de las funciones relacionadas con el diálogo social y la negociación colectiva.</p>
