{"id":126120,"date":"2021-04-29T17:24:00","date_gmt":"2021-04-29T15:24:00","guid":{"rendered":"https:\/\/www.foment.com\/?post_type=ajde_events&#038;p=117138"},"modified":"2021-09-12T20:22:08","modified_gmt":"2021-09-12T18:22:08","slug":"curso-especializacion-juridica-y-pericial-para-profesionales-en-prevencion-de-riesgos","status":"publish","type":"ajde_events","link":"https:\/\/www.foment.com\/es\/events\/curso-especializacion-juridica-y-pericial-para-profesionales-en-prevencion-de-riesgos\/","title":{"rendered":"CURSO ESPECIALIZACI\u00d3N JUR\u00cdDICA Y PERICIAL PARA PROFESIONALES EN PREVENCI\u00d3N DE RIESGOS"},"content":{"rendered":"<h2 style=\"text-align: center;\"><span style=\"color: #ab192d;\"><strong> ESPECIALIZACI\u00d3N JUR\u00cdDICA Y PERICIAL PARA PROFESIONALES EN PREVENCI\u00d3N DE RIESGOS LABORALES.<\/strong><\/span><\/h2>\n<h3 style=\"text-align: center;\"><span style=\"color: #656565;\"><strong>Curso de PRL<\/strong><\/span><\/h3>\n<p>&nbsp;<\/p>\n<h3><span style=\"color: #ab192d;\"><strong>Objetivo<\/strong><\/span><\/h3>\n<p>&nbsp;<\/p>\n<p style=\"text-align: justify;\">El pr\u00f3ximo 11 de mayo comienza el Curso de especializaci\u00f3n jur\u00eddica y pericial para profesionales en PRL, organizado la Fundaci\u00f3n Agust\u00edn de Betancourt y AJP en colaboraci\u00f3n con la Oficina de Prevenci\u00f3n de Riesgos Laborales de Foment del Treball Nacional.<\/p>\n<p style=\"text-align: justify;\">Diecis\u00e9is sesiones online que pretenden dotar a los profesionales en PRL de los conceptos necesarios para interpretar la normativa jur\u00eddica actual en el \u00e1mbito de la seguridad laboral.<\/p>\n<p style=\"text-align: justify;\">El profesorado estar\u00e1 compuesto por expertos jur\u00eddicos de primer nivel: jueces, fiscales, inspectores de trabajo, abogados, profesores universitarios y el contenido a abordar ser\u00e1 el siguiente.<\/p>\n<p>&nbsp;<\/p>\n<h3><span style=\"color: #ab192d;\"><strong>Programa<\/strong><\/span><\/h3>\n<p>&nbsp;<\/p>\n<table>\n<tbody>\n<tr>\n<td width=\"10%\">\n<p style=\"margin: 5px 0px;\" align=\"left\"><strong>Sesi\u00f3n 1<\/strong><\/p>\n<\/td>\n<td width=\"90%\">\n<p style=\"margin: 5px 0px;\" align=\"left\"><strong>(11 mayo). Introducci\u00f3n al sistema de exigencia de responsabilidades legales.<\/strong><\/p>\n<\/td>\n<\/tr>\n<tr>\n<td width=\"10%\">\n<p style=\"margin: 5px 0px;\" align=\"left\"><strong>Sesi\u00f3n 2<\/strong><\/p>\n<\/td>\n<td width=\"90%\">\n<p style=\"margin: 5px 0px;\" align=\"left\"><strong>(13 mayo). Cuestiones controvertidas. Jurisprudencia.<\/strong><\/p>\n<\/td>\n<\/tr>\n<tr>\n<td width=\"10%\">\n<p style=\"margin: 5px 0px;\" align=\"left\"><strong>Sesi\u00f3n 3<\/strong><\/p>\n<\/td>\n<td width=\"90%\">\n<p style=\"margin: 5px 0px;\" align=\"left\"><strong>(18 mayo). Responsabilidad administrativa. Procedimiento sancionador de la ITSS.<\/strong><\/p>\n<\/td>\n<\/tr>\n<tr>\n<td width=\"10%\">\n<p style=\"margin: 5px 0px;\" align=\"left\"><strong>Sesi\u00f3n 4<\/strong><\/p>\n<\/td>\n<td width=\"90%\">\n<p style=\"margin: 5px 0px;\" align=\"left\"><strong>(20 mayo). Gesti\u00f3n efectiva de la coordinaci\u00f3n de actividades preventivas. Criterios de actuaci\u00f3n de la ITSS.<\/strong><\/p>\n<\/td>\n<\/tr>\n<tr>\n<td width=\"10%\">\n<p style=\"margin: 5px 0px;\" align=\"left\"><strong>Sesi\u00f3n 5<\/strong><\/p>\n<\/td>\n<td width=\"90%\">\n<p style=\"margin: 5px 0px;\" align=\"left\"><strong>(25 mayo). Gesti\u00f3n preventiva en obras de construcci\u00f3n.<\/strong><\/p>\n<\/td>\n<\/tr>\n<tr>\n<td width=\"10%\">\n<p style=\"margin: 5px 0px;\" align=\"left\"><strong>Sesi\u00f3n 6<\/strong><\/p>\n<\/td>\n<td width=\"90%\">\n<p style=\"margin: 5px 0px;\" align=\"left\"><strong>(27 mayo). Incidencia de la COVID-19 en la gesti\u00f3n preventiva en la empresa. Actuaci\u00f3n inspectora.<\/strong><\/p>\n<\/td>\n<\/tr>\n<tr>\n<td width=\"10%\">\n<p style=\"margin: 5px 0px;\" align=\"left\"><strong>Sesi\u00f3n 7<\/strong><\/p>\n<\/td>\n<td width=\"90%\">\n<p style=\"margin: 5px 0px;\" align=\"left\"><strong>(01 junio). Puesta en com\u00fan caso pr\u00e1ctico CAE y Obras.<\/strong><\/p>\n<\/td>\n<\/tr>\n<tr>\n<td width=\"10%\">\n<p style=\"margin: 5px 0px;\" align=\"left\"><strong>Sesi\u00f3n 8<\/strong><\/p>\n<\/td>\n<td width=\"90%\">\n<p style=\"margin: 5px 0px;\" align=\"left\"><strong>(03 junio). Recargo de prestaciones de la Seguridad Social.<\/strong><\/p>\n<\/td>\n<\/tr>\n<tr>\n<td width=\"10%\">\n<p style=\"margin: 5px 0px;\" align=\"left\"><strong>Sesi\u00f3n 9<\/strong><\/p>\n<\/td>\n<td width=\"90%\">\n<p style=\"margin: 5px 0px;\" align=\"left\"><strong>(08 junio). Gesti\u00f3n jur\u00eddica de la exposici\u00f3n a agentes t\u00f3xicos. Procedimiento sancionador en la J. Social.<\/strong><\/p>\n<\/td>\n<\/tr>\n<tr>\n<td width=\"10%\">\n<p style=\"margin: 5px 0px;\" align=\"left\"><strong>Sesi\u00f3n 10<\/strong><\/p>\n<\/td>\n<td width=\"90%\">\n<p style=\"margin: 5px 0px;\" align=\"left\"><strong>(5 junio). Aspectos psicosociales y su tratamiento en la Jurisdicci\u00f3n Social.<\/strong><\/p>\n<\/td>\n<\/tr>\n<tr>\n<td width=\"10%\">\n<p style=\"margin: 5px 0px;\" align=\"left\"><strong>Sesi\u00f3n 11<\/strong><\/p>\n<\/td>\n<td width=\"90%\">\n<p style=\"margin: 5px 0px;\" align=\"left\"><strong>(15 junio). Caso pr\u00e1ctico recargo de prestaciones.<\/strong><\/p>\n<\/td>\n<\/tr>\n<tr>\n<td width=\"10%\">\n<p style=\"margin: 5px 0px;\" align=\"left\"><strong>Sesi\u00f3n 12<\/strong><\/p>\n<\/td>\n<td width=\"90%\">\n<p style=\"margin: 5px 0px;\" align=\"left\"><strong>(17 junio). Responsabilidad Penal. Delitos contra los derechos de los trabajadores.<\/strong><\/p>\n<\/td>\n<\/tr>\n<tr>\n<td width=\"10%\">\n<p style=\"margin: 5px 0px;\" align=\"left\"><strong>Sesi\u00f3n 13<\/strong><\/p>\n<\/td>\n<td width=\"90%\">\n<p style=\"margin: 5px 0px;\" align=\"left\"><strong>(22 junio). Responsabilidad Civil y su incidencia en el Procedimiento Penal.<\/strong><\/p>\n<\/td>\n<\/tr>\n<tr>\n<td width=\"10%\">\n<p style=\"margin: 5px 0px;\" align=\"left\"><strong>Sesi\u00f3n 14<\/strong><\/p>\n<\/td>\n<td width=\"90%\">\n<p style=\"margin: 5px 0px;\" align=\"left\"><strong>(24 junio). Prueba Pericial, protocolos de actuaci\u00f3n ante incidentes de trabajo.<\/strong><\/p>\n<\/td>\n<\/tr>\n<tr>\n<td width=\"10%\">\n<p style=\"margin: 5px 0px;\" align=\"left\"><strong>Sesi\u00f3n 15<\/strong><\/p>\n<\/td>\n<td width=\"90%\">\n<p style=\"margin: 5px 0px;\" align=\"left\"><strong>(29 junio). Declaraciones alumnos (investigados).<\/strong><\/p>\n<\/td>\n<\/tr>\n<tr>\n<td width=\"10%\">\n<p style=\"margin: 5px 0px;\" align=\"left\"><strong>Sesi\u00f3n 16<\/strong><\/p>\n<\/td>\n<td width=\"90%\">\n<p style=\"margin: 5px 0px;\" align=\"left\"><strong>(01 julio). Resoluci\u00f3n caso: conclusiones por parte del fiscal, defensa y juez de instrucci\u00f3n .<\/strong><\/p>\n<\/td>\n<\/tr>\n<\/tbody>\n<\/table>\n<p>&nbsp;<\/p>\n<h3><span style=\"color: #ab192d;\"><strong>Importe<\/strong><\/span><\/h3>\n<p>&nbsp;<\/p>\n<p style=\"text-align: justify;\"><strong>IMPORTE: 1.400\u20ac IVA no incluido. <\/strong> Formaci\u00f3n bonificable mediante FUNDAE<\/p>\n","protected":false},"author":1,"featured_media":125581,"menu_order":0,"comment_status":"closed","ping_status":"closed","template":"","meta":{"_links_to":"","_links_to_target":""},"tags":[416,417,513],"event_type":[202],"event_type_2":[],"acf":[],"_links":{"self":[{"href":"https:\/\/www.foment.com\/es\/wp-json\/wp\/v2\/ajde_events\/126120"}],"collection":[{"href":"https:\/\/www.foment.com\/es\/wp-json\/wp\/v2\/ajde_events"}],"about":[{"href":"https:\/\/www.foment.com\/es\/wp-json\/wp\/v2\/types\/ajde_events"}],"author":[{"embeddable":true,"href":"https:\/\/www.foment.com\/es\/wp-json\/wp\/v2\/users\/1"}],"replies":[{"embeddable":true,"href":"https:\/\/www.foment.com\/es\/wp-json\/wp\/v2\/comments?post=126120"}],"wp:featuredmedia":[{"embeddable":true,"href":"https:\/\/www.foment.com\/es\/wp-json\/wp\/v2\/media\/125581"}],"wp:attachment":[{"href":"https:\/\/www.foment.com\/es\/wp-json\/wp\/v2\/media?parent=126120"}],"wp:term":[{"taxonomy":"post_tag","embeddable":true,"href":"https:\/\/www.foment.com\/es\/wp-json\/wp\/v2\/tags?post=126120"},{"taxonomy":"event_type","embeddable":true,"href":"https:\/\/www.foment.com\/es\/wp-json\/wp\/v2\/event_type?post=126120"},{"taxonomy":"event_type_2","embeddable":true,"href":"https:\/\/www.foment.com\/es\/wp-json\/wp\/v2\/event_type_2?post=126120"}],"curies":[{"name":"wp","href":"https:\/\/api.w.org\/{rel}","templated":true}]}}

CURSO ESPECIALIZACIÓN JURÍDICA Y PERICIAL PARA PROFESIONALES EN PREVENCIÓN DE RIESGOS

<h2 style="text-align: center;"><span style="color: #ab192d;"><strong> ESPECIALIZACIÓN JURÍDICA Y PERICIAL PARA PROFESIONALES EN PREVENCIÓN DE RIESGOS LABORALES.</strong></span></h2>
<h3 style="text-align: center;"><span style="color: #656565;"><strong>Curso de PRL</strong></span></h3>
<p>&nbsp;</p>
<h3><span style="color: #ab192d;"><strong>Objetivo</strong></span></h3>
<p>&nbsp;</p>
<p style="text-align: justify;">El próximo 11 de mayo comienza el Curso de especialización jurídica y pericial para profesionales en PRL, organizado la Fundación Agustín de Betancourt y AJP en colaboración con la Oficina de Prevención de Riesgos Laborales de Foment del Treball Nacional.</p>
<p style="text-align: justify;">Dieciséis sesiones online que pretenden dotar a los profesionales en PRL de los conceptos necesarios para interpretar la normativa jurídica actual en el ámbito de la seguridad laboral.</p>
<p style="text-align: justify;">El profesorado estará compuesto por expertos jurídicos de primer nivel: jueces, fiscales, inspectores de trabajo, abogados, profesores universitarios y el contenido a abordar será el siguiente.</p>
<p>&nbsp;</p>
<h3><span style="color: #ab192d;"><strong>Programa</strong></span></h3>
<p>&nbsp;</p>
<table>
<tbody>
<tr>
<td width="10%">
<p style="margin: 5px 0px;" align="left"><strong>Sesión 1</strong></p>
</td>
<td width="90%">
<p style="margin: 5px 0px;" align="left"><strong>(11 mayo). Introducción al sistema de exigencia de responsabilidades legales.</strong></p>
</td>
</tr>
<tr>
<td width="10%">
<p style="margin: 5px 0px;" align="left"><strong>Sesión 2</strong></p>
</td>
<td width="90%">
<p style="margin: 5px 0px;" align="left"><strong>(13 mayo). Cuestiones controvertidas. Jurisprudencia.</strong></p>
</td>
</tr>
<tr>
<td width="10%">
<p style="margin: 5px 0px;" align="left"><strong>Sesión 3</strong></p>
</td>
<td width="90%">
<p style="margin: 5px 0px;" align="left"><strong>(18 mayo). Responsabilidad administrativa. Procedimiento sancionador de la ITSS.</strong></p>
</td>
</tr>
<tr>
<td width="10%">
<p style="margin: 5px 0px;" align="left"><strong>Sesión 4</strong></p>
</td>
<td width="90%">
<p style="margin: 5px 0px;" align="left"><strong>(20 mayo). Gestión efectiva de la coordinación de actividades preventivas. Criterios de actuación de la ITSS.</strong></p>
</td>
</tr>
<tr>
<td width="10%">
<p style="margin: 5px 0px;" align="left"><strong>Sesión 5</strong></p>
</td>
<td width="90%">
<p style="margin: 5px 0px;" align="left"><strong>(25 mayo). Gestión preventiva en obras de construcción.</strong></p>
</td>
</tr>
<tr>
<td width="10%">
<p style="margin: 5px 0px;" align="left"><strong>Sesión 6</strong></p>
</td>
<td width="90%">
<p style="margin: 5px 0px;" align="left"><strong>(27 mayo). Incidencia de la COVID-19 en la gestión preventiva en la empresa. Actuación inspectora.</strong></p>
</td>
</tr>
<tr>
<td width="10%">
<p style="margin: 5px 0px;" align="left"><strong>Sesión 7</strong></p>
</td>
<td width="90%">
<p style="margin: 5px 0px;" align="left"><strong>(01 junio). Puesta en común caso práctico CAE y Obras.</strong></p>
</td>
</tr>
<tr>
<td width="10%">
<p style="margin: 5px 0px;" align="left"><strong>Sesión 8</strong></p>
</td>
<td width="90%">
<p style="margin: 5px 0px;" align="left"><strong>(03 junio). Recargo de prestaciones de la Seguridad Social.</strong></p>
</td>
</tr>
<tr>
<td width="10%">
<p style="margin: 5px 0px;" align="left"><strong>Sesión 9</strong></p>
</td>
<td width="90%">
<p style="margin: 5px 0px;" align="left"><strong>(08 junio). Gestión jurídica de la exposición a agentes tóxicos. Procedimiento sancionador en la J. Social.</strong></p>
</td>
</tr>
<tr>
<td width="10%">
<p style="margin: 5px 0px;" align="left"><strong>Sesión 10</strong></p>
</td>
<td width="90%">
<p style="margin: 5px 0px;" align="left"><strong>(5 junio). Aspectos psicosociales y su tratamiento en la Jurisdicción Social.</strong></p>
</td>
</tr>
<tr>
<td width="10%">
<p style="margin: 5px 0px;" align="left"><strong>Sesión 11</strong></p>
</td>
<td width="90%">
<p style="margin: 5px 0px;" align="left"><strong>(15 junio). Caso práctico recargo de prestaciones.</strong></p>
</td>
</tr>
<tr>
<td width="10%">
<p style="margin: 5px 0px;" align="left"><strong>Sesión 12</strong></p>
</td>
<td width="90%">
<p style="margin: 5px 0px;" align="left"><strong>(17 junio). Responsabilidad Penal. Delitos contra los derechos de los trabajadores.</strong></p>
</td>
</tr>
<tr>
<td width="10%">
<p style="margin: 5px 0px;" align="left"><strong>Sesión 13</strong></p>
</td>
<td width="90%">
<p style="margin: 5px 0px;" align="left"><strong>(22 junio). Responsabilidad Civil y su incidencia en el Procedimiento Penal.</strong></p>
</td>
</tr>
<tr>
<td width="10%">
<p style="margin: 5px 0px;" align="left"><strong>Sesión 14</strong></p>
</td>
<td width="90%">
<p style="margin: 5px 0px;" align="left"><strong>(24 junio). Prueba Pericial, protocolos de actuación ante incidentes de trabajo.</strong></p>
</td>
</tr>
<tr>
<td width="10%">
<p style="margin: 5px 0px;" align="left"><strong>Sesión 15</strong></p>
</td>
<td width="90%">
<p style="margin: 5px 0px;" align="left"><strong>(29 junio). Declaraciones alumnos (investigados).</strong></p>
</td>
</tr>
<tr>
<td width="10%">
<p style="margin: 5px 0px;" align="left"><strong>Sesión 16</strong></p>
</td>
<td width="90%">
<p style="margin: 5px 0px;" align="left"><strong>(01 julio). Resolución caso: conclusiones por parte del fiscal, defensa y juez de instrucción .</strong></p>
</td>
</tr>
</tbody>
</table>
<p>&nbsp;</p>
<h3><span style="color: #ab192d;"><strong>Importe</strong></span></h3>
<p>&nbsp;</p>
<p style="text-align: justify;"><strong>IMPORTE: 1.400€ IVA no incluido. </strong> Formación bonificable mediante FUNDAE</p>
