{"id":129074,"date":"2021-10-18T11:51:40","date_gmt":"2021-10-18T09:51:40","guid":{"rendered":"https:\/\/www.foment.com\/es\/events\/francia\/"},"modified":"2021-10-20T13:26:16","modified_gmt":"2021-10-20T11:26:16","slug":"francia","status":"publish","type":"ajde_events","link":"https:\/\/www.foment.com\/es\/events\/francia\/","title":{"rendered":"FRANCIA, aspectos a tener en cuenta para expandir tu negocio"},"content":{"rendered":"<section class=\"wpb-content-wrapper\"><p>[vc_row][vc_column][vc_column_text]<span style=\"color: #0000ff;\"><em><u>PRESENTACI\u00d3N:<\/u><\/em><\/span><em><u><br \/>\n<\/u><\/em><\/p>\n<p>Foment del Treball organiza el webinar sobre<strong> Francia para sensibilizar y apoyar la diversificaci\u00f3n internacional de las empresas.<\/strong><\/p>\n<p><span style=\"color: #0000ff;\"><em><u>DIRIGIDO A:<\/u><\/em><\/span><\/p>\n<p>Empresas, Pymes, micropymes y aut\u00f3nomos con inter\u00e9s el mercado Franc\u00e9s<\/p>\n<p><span style=\"color: #0000ff;\"><em><u>CONTENIDO:<\/u><\/em><\/span><\/p>\n<p>Las\u00a0empresas espa\u00f1olas\u00a0tienen en\u00a0Francia\u00a0un\u00a0mercado clave dentro de la UE. La exportaci\u00f3n de productos espa\u00f1oles al pa\u00eds vecino sigue subiendo, alcanzando r\u00e9cords, y el potencial todav\u00eda no se ha agotado. Siguen existiendo grandes oportunidades en la rep\u00fablica gala, ya que representa el 15% de las exportaciones espa\u00f1olas y m\u00e1s de 38.000 millones de euros de negocio. Pero\u00a0\u00bfqu\u00e9 y c\u00f3mo exportar a Francia? \u00bfQu\u00e9 productos y oportunidades existen en Francia?<\/p>\n<p><span style=\"text-decoration: underline; color: #0000ff;\"><em>AGENDA PREVISTA:\u00a0<\/em><\/span><\/p>\n<ul style=\"list-style-type: square;\">\n<li>\u00a0Situaci\u00f3n post\u00a0 pand\u00e9mica<\/li>\n<li>Sectores m\u00e1s receptivos<\/li>\n<li>Situaci\u00f3n de los agentes comerciales en Francia<\/li>\n<li>Personalidad y protocolos para negociar en Francia<\/li>\n<\/ul>\n<p><span style=\"color: #0000ff;\"><em><u>PONENTE:<\/u><\/em><\/span><\/p>\n<p>Isabel Garc\u00eda, Barcelona Export<\/p>\n<p><span style=\"color: #0000ff;\"><em><u>CUANDO:<\/u><\/em><\/span><\/p>\n<p>8 de noviembre 2021 \u2013 10&#8217;15 a 11\u201930 h.<\/p>\n<p><span style=\"color: #0000ff;\"><em><u>D\u00d3NDE:<\/u><\/em><\/span><\/p>\n<p>Formato virtual a trav\u00e9s de la plataforma <strong>ZOOM<\/strong>[\/vc_column_text][\/vc_column][\/vc_row][vc_row][vc_column width=\u00bb1\/1&#8243;]<div class=\"single_image wpb_content_element align-left    \" data-animation=\"none\" data-delay=\"0\"><\/div>[\/vc_column][\/vc_row]<\/p>\n<\/section>","protected":false},"author":13,"featured_media":129077,"menu_order":0,"comment_status":"closed","ping_status":"closed","template":"","meta":{"_links_to":"","_links_to_target":""},"tags":[1676,1629,4620],"event_type":[201],"event_type_2":[],"acf":[],"_links":{"self":[{"href":"https:\/\/www.foment.com\/es\/wp-json\/wp\/v2\/ajde_events\/129074"}],"collection":[{"href":"https:\/\/www.foment.com\/es\/wp-json\/wp\/v2\/ajde_events"}],"about":[{"href":"https:\/\/www.foment.com\/es\/wp-json\/wp\/v2\/types\/ajde_events"}],"author":[{"embeddable":true,"href":"https:\/\/www.foment.com\/es\/wp-json\/wp\/v2\/users\/13"}],"replies":[{"embeddable":true,"href":"https:\/\/www.foment.com\/es\/wp-json\/wp\/v2\/comments?post=129074"}],"wp:featuredmedia":[{"embeddable":true,"href":"https:\/\/www.foment.com\/es\/wp-json\/wp\/v2\/media\/129077"}],"wp:attachment":[{"href":"https:\/\/www.foment.com\/es\/wp-json\/wp\/v2\/media?parent=129074"}],"wp:term":[{"taxonomy":"post_tag","embeddable":true,"href":"https:\/\/www.foment.com\/es\/wp-json\/wp\/v2\/tags?post=129074"},{"taxonomy":"event_type","embeddable":true,"href":"https:\/\/www.foment.com\/es\/wp-json\/wp\/v2\/event_type?post=129074"},{"taxonomy":"event_type_2","embeddable":true,"href":"https:\/\/www.foment.com\/es\/wp-json\/wp\/v2\/event_type_2?post=129074"}],"curies":[{"name":"wp","href":"https:\/\/api.w.org\/{rel}","templated":true}]}}

<section class="wpb-content-wrapper"><p>[vc_row][vc_column][vc_column_text]<span style="color: #0000ff;"><em><u>PRESENTACIÓN:</u></em></span><em><u><br />
</u></em></p>
<p>Foment del Treball organiza el webinar sobre<strong> Francia para sensibilizar y apoyar la diversificación internacional de las empresas.</strong></p>
<p><span style="color: #0000ff;"><em><u>DIRIGIDO A:</u></em></span></p>
<p>Empresas, Pymes, micropymes y autónomos con interés el mercado Francés</p>
<p><span style="color: #0000ff;"><em><u>CONTENIDO:</u></em></span></p>
<p>Las empresas españolas tienen en Francia un mercado clave dentro de la UE. La exportación de productos españoles al país vecino sigue subiendo, alcanzando récords, y el potencial todavía no se ha agotado. Siguen existiendo grandes oportunidades en la república gala, ya que representa el 15% de las exportaciones españolas y más de 38.000 millones de euros de negocio. Pero ¿qué y cómo exportar a Francia? ¿Qué productos y oportunidades existen en Francia?</p>
<p><span style="text-decoration: underline; color: #0000ff;"><em>AGENDA PREVISTA: </em></span></p>
<ul style="list-style-type: square;">
<li> Situación post  pandémica</li>
<li>Sectores más receptivos</li>
<li>Situación de los agentes comerciales en Francia</li>
<li>Personalidad y protocolos para negociar en Francia</li>
</ul>
<p><span style="color: #0000ff;"><em><u>PONENTE:</u></em></span></p>
<p>Isabel García, Barcelona Export</p>
<p><span style="color: #0000ff;"><em><u>CUANDO:</u></em></span></p>
<p>8 de noviembre 2021 – 10&#8217;15 a 11’30 h.</p>
<p><span style="color: #0000ff;"><em><u>DÓNDE:</u></em></span></p>
<p>Formato virtual a través de la plataforma <strong>ZOOM</strong>[/vc_column_text][/vc_column][/vc_row][vc_row][vc_column width=»1/1&#8243;]<div class="single_image wpb_content_element align-left    " data-animation="none" data-delay="0"></div>[/vc_column][/vc_row]</p>
</section>
