{"id":135697,"date":"2022-01-12T17:36:45","date_gmt":"2022-01-12T16:36:45","guid":{"rendered":"https:\/\/www.foment.com\/events\/digitalitzat-programa-kit-digital-amb-el-sr-alberto-martinez-lacambra\/"},"modified":"2022-01-13T11:39:07","modified_gmt":"2022-01-13T10:39:07","slug":"digitalitzat-programa-kit-digital-amb-el-sr-alberto-martinez-lacambra","status":"publish","type":"ajde_events","link":"https:\/\/www.foment.com\/es\/events\/digitalitzat-programa-kit-digital-amb-el-sr-alberto-martinez-lacambra\/","title":{"rendered":"Digitalitza&#8217;t \u201cPrograma Kit Digital con el Sr. Alberto Mart\u00ednez Lacambra\u00bb"},"content":{"rendered":"<section class=\"wpb-content-wrapper\"><p>[vc_row][vc_column text_align=\u00bbcenter\u00bb][vc_column_text]<\/p>\n<h3 style=\"text-align: center;\"><strong>DIGITALITZA&#8217;T<\/strong><\/h3>\n<p>[\/vc_column_text][vc_column_text]<\/p>\n<h2 style=\"text-align: center;\"><span style=\"color: #c10000;\"><strong><b>Programa Kit Digital con el Sr. Alberto Mart\u00ednez Lacambra\u00bb<\/b><\/strong><\/span><\/h2>\n<p>[\/vc_column_text][vc_column_text]<\/p>\n<p style=\"text-align: left;\">Os invitamos a una sesi\u00f3n monotem\u00e1tica del programa Kit Digital con el <strong>Sr. Alberto Mart\u00ednez Lacambra, Director General de Red.es.<\/strong><\/p>\n<p style=\"text-align: left;\"><strong>El programa Kit Digital est\u00e1 dotado de un presupuesto total de 3.067 millones de euros y tiene como objetivo ayudar a digitalizar pymes y aut\u00f3nomos de todo el territorio nacional<\/strong>. A trav\u00e9s de diferentes convocatorias, <strong>los beneficiarios recibir\u00e1n una ayuda en forma de bono digital para contratar las soluciones disponibles en el Cat\u00e1logo de Soluciones de Digitalizaci\u00f3n del Programa<\/strong>, recogido en la plataforma Acelera Pyme.<\/p>\n<p style=\"text-align: left;\">Los Agentes Digitalizadores Adheridos ser\u00e1n quienes podr\u00e1n prestar las soluciones de digitalizaci\u00f3n objeto de subvenci\u00f3n siempre y cuando hayan formalizado su adhesi\u00f3n al programa.<\/p>\n<p style=\"text-align: left;\">La jornada abordar\u00e1 las convocatorias que est\u00e1n previstas este a\u00f1o por las empresas y se centrar\u00e1 en el proceso de adhesi\u00f3n de los agentes digitalizadores -publicado esta semana- con el objetivo de resolver las dudas de procedimiento, justificaci\u00f3n y formalizaci\u00f3n de los acuerdos.<\/p>\n<p style=\"text-align: left;\">La presentaci\u00f3n de la sesi\u00f3n ir\u00e1 a cargo de Anna M. Sanchez Granados, presidenta de la comisi\u00f3n de Sociedad Digital. La sesi\u00f3n se realizar\u00e1 de forma telem\u00e1tica v\u00eda Zoom. Es imprescindible confirmar asistencia en el siguiente enlace para acceder.<\/p>\n<h2 style=\"text-align: center;\"><strong><a href=\"https:\/\/forms.office.com\/r\/gYq3gR1HFR\"><span style=\"color: #c1002b;\">INSCRIPCI\u00d3N<\/span><\/a><\/strong><\/h2>\n<p>&nbsp;<\/p>\n<p style=\"text-align: left;\">Digitalitza\u2019t es un programa impulsado por Foment del Treball con el apoyo del Departamento de Empresa y Trabajo de la Generalitat de Catalunya <strong>que acompa\u00f1a y asesora a las empresas en el camino hacia la transformaci\u00f3n digital.<\/strong><\/p>\n<p>[\/vc_column_text][\/vc_column][\/vc_row]<\/p>\n<\/section>","protected":false},"author":24,"featured_media":135703,"menu_order":0,"comment_status":"closed","ping_status":"closed","template":"","meta":{"_links_to":"","_links_to_target":""},"tags":[5595,6150],"event_type":[203],"event_type_2":[],"acf":[],"_links":{"self":[{"href":"https:\/\/www.foment.com\/es\/wp-json\/wp\/v2\/ajde_events\/135697"}],"collection":[{"href":"https:\/\/www.foment.com\/es\/wp-json\/wp\/v2\/ajde_events"}],"about":[{"href":"https:\/\/www.foment.com\/es\/wp-json\/wp\/v2\/types\/ajde_events"}],"author":[{"embeddable":true,"href":"https:\/\/www.foment.com\/es\/wp-json\/wp\/v2\/users\/24"}],"replies":[{"embeddable":true,"href":"https:\/\/www.foment.com\/es\/wp-json\/wp\/v2\/comments?post=135697"}],"wp:featuredmedia":[{"embeddable":true,"href":"https:\/\/www.foment.com\/es\/wp-json\/wp\/v2\/media\/135703"}],"wp:attachment":[{"href":"https:\/\/www.foment.com\/es\/wp-json\/wp\/v2\/media?parent=135697"}],"wp:term":[{"taxonomy":"post_tag","embeddable":true,"href":"https:\/\/www.foment.com\/es\/wp-json\/wp\/v2\/tags?post=135697"},{"taxonomy":"event_type","embeddable":true,"href":"https:\/\/www.foment.com\/es\/wp-json\/wp\/v2\/event_type?post=135697"},{"taxonomy":"event_type_2","embeddable":true,"href":"https:\/\/www.foment.com\/es\/wp-json\/wp\/v2\/event_type_2?post=135697"}],"curies":[{"name":"wp","href":"https:\/\/api.w.org\/{rel}","templated":true}]}}

Digitalitza&#8217;t “Programa Kit Digital con el Sr. Alberto Martínez Lacambra»

<section class="wpb-content-wrapper"><p>[vc_row][vc_column text_align=»center»][vc_column_text]</p>
<h3 style="text-align: center;"><strong>DIGITALITZA&#8217;T</strong></h3>
<p>[/vc_column_text][vc_column_text]</p>
<h2 style="text-align: center;"><span style="color: #c10000;"><strong><b>Programa Kit Digital con el Sr. Alberto Martínez Lacambra»</b></strong></span></h2>
<p>[/vc_column_text][vc_column_text]</p>
<p style="text-align: left;">Os invitamos a una sesión monotemática del programa Kit Digital con el <strong>Sr. Alberto Martínez Lacambra, Director General de Red.es.</strong></p>
<p style="text-align: left;"><strong>El programa Kit Digital está dotado de un presupuesto total de 3.067 millones de euros y tiene como objetivo ayudar a digitalizar pymes y autónomos de todo el territorio nacional</strong>. A través de diferentes convocatorias, <strong>los beneficiarios recibirán una ayuda en forma de bono digital para contratar las soluciones disponibles en el Catálogo de Soluciones de Digitalización del Programa</strong>, recogido en la plataforma Acelera Pyme.</p>
<p style="text-align: left;">Los Agentes Digitalizadores Adheridos serán quienes podrán prestar las soluciones de digitalización objeto de subvención siempre y cuando hayan formalizado su adhesión al programa.</p>
<p style="text-align: left;">La jornada abordará las convocatorias que están previstas este año por las empresas y se centrará en el proceso de adhesión de los agentes digitalizadores -publicado esta semana- con el objetivo de resolver las dudas de procedimiento, justificación y formalización de los acuerdos.</p>
<p style="text-align: left;">La presentación de la sesión irá a cargo de Anna M. Sanchez Granados, presidenta de la comisión de Sociedad Digital. La sesión se realizará de forma telemática vía Zoom. Es imprescindible confirmar asistencia en el siguiente enlace para acceder.</p>
<h2 style="text-align: center;"><strong><a href="https://forms.office.com/r/gYq3gR1HFR"><span style="color: #c1002b;">INSCRIPCIÓN</span></a></strong></h2>
<p>&nbsp;</p>
<p style="text-align: left;">Digitalitza’t es un programa impulsado por Foment del Treball con el apoyo del Departamento de Empresa y Trabajo de la Generalitat de Catalunya <strong>que acompaña y asesora a las empresas en el camino hacia la transformación digital.</strong></p>
<p>[/vc_column_text][/vc_column][/vc_row]</p>
</section>
