{"id":135707,"date":"2021-12-24T13:23:36","date_gmt":"2021-12-24T12:23:36","guid":{"rendered":"https:\/\/www.foment.com\/events\/digitalitzat-casos-dus-daplicacions-industrials-4-0-modul-i-iot-i-industria-4-0\/"},"modified":"2022-02-18T12:25:41","modified_gmt":"2022-02-18T11:25:41","slug":"digitalitzat-casos-dus-daplicacions-industrials-4-0-modul-i-iot-i-industria-4-0","status":"publish","type":"ajde_events","link":"https:\/\/www.foment.com\/es\/events\/digitalitzat-casos-dus-daplicacions-industrials-4-0-modul-i-iot-i-industria-4-0\/","title":{"rendered":"Digitalitza&#8217;t \u00abRevisi\u00f3n de casos de uso de aplicaciones industriales 4.0. M\u00f3dulo I: IoT e Industria 4.0\u00bb"},"content":{"rendered":"<section class=\"wpb-content-wrapper\"><p>[vc_row][vc_column text_align=\u00bbcenter\u00bb][vc_column_text]<\/p>\n<h3 style=\"text-align: center;\"><strong>DIGITALITZA&#8217;T<\/strong><\/h3>\n<p>[\/vc_column_text][vc_column_text]<\/p>\n<h2 style=\"text-align: center;\"><span style=\"color: #c10000;\"><strong><b>Revisi\u00f3n de casos de uso de aplicaciones industriales 4.0. M\u00f3dulo I: IoT e Industria 4.0<\/b><\/strong><\/span><\/h2>\n<p>[\/vc_column_text][vc_column_text]<\/p>\n<p style=\"text-align: left;\">Os invitamos a la pr\u00f3xima sesi\u00f3n del Digitalitza\u2019t con Jos\u00e9 L\u00f3pez Vicario, que se centrar\u00e1 en explicar casos de uso de la Industria 4.0<\/p>\n<p style=\"text-align: left;\"><strong>Esta jornada est\u00e1 dirigida a perfiles interesados en aplicaci\u00f3n de t\u00e9cnicas de tecnolog\u00edas en la Industria, <\/strong>como gestores de proyectos de IT, directores de operaciones, directores de seguridad corporativa o ingenieros de procesos.<\/p>\n<p style=\"text-align: left;\"><strong>El objetivo de esta sesi\u00f3n es hacer una revisi\u00f3n de un conjunto de aplicaciones industriales para acabar de consolidar el valor que puede generar el paradigma 4.0.<\/strong> Se seleccionar\u00e1n ejemplos reales llevados a cabo en la actualidad y se presentar\u00e1n los conceptos principales empleados para su formulaci\u00f3n: desde la identificaci\u00f3n del problema y recolecci\u00f3n de los datos hasta la aplicaci\u00f3n del algoritmo apropiado y presentaci\u00f3n de resultados. Tambi\u00e9n se recoger\u00e1n los intereses de los participantes para planificar una sesi\u00f3n posterior orientada a la integraci\u00f3n de los servicios en los procesos industriales con metodolog\u00edas lean.<\/p>\n<p style=\"text-align: left;\">Jos\u00e9 L\u00f3pez Vicario es Profesor Agregado del Departamento de Sistemas de Telecomunicaci\u00f3n y Ingenier\u00eda de Sistemas, MBA en IESE Business School e Investigador en an\u00e1lisis de datos y aplicaci\u00f3n de t\u00e9cnicas de aprendizaje en aplicaciones industriales (Industry 4.0)<\/p>\n<p style=\"text-align: left;\">Despu\u00e9s de la intervenci\u00f3n del ponente, abriremos un turno de preguntas con los asistentes.<\/p>\n<p>&nbsp;<\/p>\n<h2 style=\"text-align: center;\"><strong><a href=\"https:\/\/forms.office.com\/r\/zrzAq7dK3r\"><span style=\"color: #c1002b;\">INSCRIPCI\u00d3N<\/span><\/a><\/strong><\/h2>\n<p>&nbsp;<\/p>\n<p style=\"text-align: left;\">Digitalitza&#8217;t es un programa impulsado por Foment del Treball con el apoyo del Departamento de Empresa y Trabajo de la Generalitat de Catalunya <strong>que acompa\u00f1a y asesora a las empresas en el camino hacia la transformaci\u00f3n digital.<\/strong><\/p>\n<p>[\/vc_column_text][\/vc_column][\/vc_row]<\/p>\n<\/section>","protected":false},"author":24,"featured_media":135710,"menu_order":0,"comment_status":"closed","ping_status":"closed","template":"","meta":{"_links_to":"","_links_to_target":""},"tags":[5595,1026,2887,1027,6124,2399],"event_type":[203],"event_type_2":[],"acf":[],"_links":{"self":[{"href":"https:\/\/www.foment.com\/es\/wp-json\/wp\/v2\/ajde_events\/135707"}],"collection":[{"href":"https:\/\/www.foment.com\/es\/wp-json\/wp\/v2\/ajde_events"}],"about":[{"href":"https:\/\/www.foment.com\/es\/wp-json\/wp\/v2\/types\/ajde_events"}],"author":[{"embeddable":true,"href":"https:\/\/www.foment.com\/es\/wp-json\/wp\/v2\/users\/24"}],"replies":[{"embeddable":true,"href":"https:\/\/www.foment.com\/es\/wp-json\/wp\/v2\/comments?post=135707"}],"wp:featuredmedia":[{"embeddable":true,"href":"https:\/\/www.foment.com\/es\/wp-json\/wp\/v2\/media\/135710"}],"wp:attachment":[{"href":"https:\/\/www.foment.com\/es\/wp-json\/wp\/v2\/media?parent=135707"}],"wp:term":[{"taxonomy":"post_tag","embeddable":true,"href":"https:\/\/www.foment.com\/es\/wp-json\/wp\/v2\/tags?post=135707"},{"taxonomy":"event_type","embeddable":true,"href":"https:\/\/www.foment.com\/es\/wp-json\/wp\/v2\/event_type?post=135707"},{"taxonomy":"event_type_2","embeddable":true,"href":"https:\/\/www.foment.com\/es\/wp-json\/wp\/v2\/event_type_2?post=135707"}],"curies":[{"name":"wp","href":"https:\/\/api.w.org\/{rel}","templated":true}]}}

Digitalitza&#8217;t «Revisión de casos de uso de aplicaciones industriales 4.0. Módulo I: IoT e Industria 4.0»

<section class="wpb-content-wrapper"><p>[vc_row][vc_column text_align=»center»][vc_column_text]</p>
<h3 style="text-align: center;"><strong>DIGITALITZA&#8217;T</strong></h3>
<p>[/vc_column_text][vc_column_text]</p>
<h2 style="text-align: center;"><span style="color: #c10000;"><strong><b>Revisión de casos de uso de aplicaciones industriales 4.0. Módulo I: IoT e Industria 4.0</b></strong></span></h2>
<p>[/vc_column_text][vc_column_text]</p>
<p style="text-align: left;">Os invitamos a la próxima sesión del Digitalitza’t con José López Vicario, que se centrará en explicar casos de uso de la Industria 4.0</p>
<p style="text-align: left;"><strong>Esta jornada está dirigida a perfiles interesados en aplicación de técnicas de tecnologías en la Industria, </strong>como gestores de proyectos de IT, directores de operaciones, directores de seguridad corporativa o ingenieros de procesos.</p>
<p style="text-align: left;"><strong>El objetivo de esta sesión es hacer una revisión de un conjunto de aplicaciones industriales para acabar de consolidar el valor que puede generar el paradigma 4.0.</strong> Se seleccionarán ejemplos reales llevados a cabo en la actualidad y se presentarán los conceptos principales empleados para su formulación: desde la identificación del problema y recolección de los datos hasta la aplicación del algoritmo apropiado y presentación de resultados. También se recogerán los intereses de los participantes para planificar una sesión posterior orientada a la integración de los servicios en los procesos industriales con metodologías lean.</p>
<p style="text-align: left;">José López Vicario es Profesor Agregado del Departamento de Sistemas de Telecomunicación y Ingeniería de Sistemas, MBA en IESE Business School e Investigador en análisis de datos y aplicación de técnicas de aprendizaje en aplicaciones industriales (Industry 4.0)</p>
<p style="text-align: left;">Después de la intervención del ponente, abriremos un turno de preguntas con los asistentes.</p>
<p>&nbsp;</p>
<h2 style="text-align: center;"><strong><a href="https://forms.office.com/r/zrzAq7dK3r"><span style="color: #c1002b;">INSCRIPCIÓN</span></a></strong></h2>
<p>&nbsp;</p>
<p style="text-align: left;">Digitalitza&#8217;t es un programa impulsado por Foment del Treball con el apoyo del Departamento de Empresa y Trabajo de la Generalitat de Catalunya <strong>que acompaña y asesora a las empresas en el camino hacia la transformación digital.</strong></p>
<p>[/vc_column_text][/vc_column][/vc_row]</p>
</section>
