{"id":140655,"date":"2022-03-16T17:08:05","date_gmt":"2022-03-16T16:08:05","guid":{"rendered":"https:\/\/www.foment.com\/events\/digitalitzat-talent-digital-en-cerca-i-captura-31-3-22-10-a-12h\/"},"modified":"2022-03-23T11:22:13","modified_gmt":"2022-03-23T10:22:13","slug":"digitalitzat-talent-digital-en-cerca-i-captura-31-3-22-10-a-12h","status":"publish","type":"ajde_events","link":"https:\/\/www.foment.com\/es\/events\/digitalitzat-talent-digital-en-cerca-i-captura-31-3-22-10-a-12h\/","title":{"rendered":"Digitalitza&#8217;t &#8211; \u00ab\u00a1Talento digital en busca y captura!\u00bb 31\/3\/22 &#8211; 10 a 12h."},"content":{"rendered":"<section class=\"wpb-content-wrapper\"><p>[vc_row][vc_column text_align=\u00bbcenter\u00bb][vc_column_text]<\/p>\n<h3 style=\"text-align: center;\"><strong>DIGITALITZA&#8217;T<\/strong><\/h3>\n<p>[\/vc_column_text][vc_column_text]<\/p>\n<h2 style=\"text-align: center;\"><span style=\"color: #c10000;\"><strong><b>\u00a1Talento digital en busca y captura!<\/b><\/strong><\/span><\/h2>\n<p>[\/vc_column_text][vc_column_text]<\/p>\n<p style=\"text-align: left;\">Las nuevas tecnolog\u00edas han cambiado la relaci\u00f3n de las empresas con sus clientes, sus proveedores y con sus propios trabajadores. En este contexto, a menudo resulta dif\u00edcil captar talento digital cualificado que responda a las nuevas demandas del mercado.<\/p>\n<p style=\"text-align: left;\">Esta disrupci\u00f3n tecnol\u00f3gica tambi\u00e9n\u00a0ha facilitado la puesta en marcha de iniciativas de Transformaci\u00f3n Digital en las diferentes \u00e1reas de las organizaciones, incluyendo la de Recursos Humanos.\u00a0Gracias al potencial de People Analytics, es posible facilitar la toma de decisiones en materia de gesti\u00f3n de talento bas\u00e1ndose en datos contrastables.\u00a0Los profesionales relacionados con la Gesti\u00f3n del Talento se convierten as\u00ed en aliados estrat\u00e9gicos para sus compa\u00f1\u00edas.<\/p>\n<p style=\"text-align: left;\">Desde Foment somos conscientes que las necesidades de acceder a talento digital son urgentes y prioritarias, por eso te invitamos a esta jornada donde trataremos, entre otros temas, nuevas plataformas para conectar con el talento digital emergente a nivel nacional e internacional, as\u00ed como herramientas para potenciar el talento interno en el sector empresarial.\u00a0\u00bfEres una empresa con necesidad de cubrir vacantes del sector tecnol\u00f3gico? Reg\u00edstrate!<\/p>\n<p style=\"text-align: center;\"><strong>P R O G R A M A<\/strong><\/p>\n<p style=\"text-align: left;\"><span style=\"color: #c12238;\">10.00h. Bienvenida<\/span><br \/>\n<strong>Anna M. S\u00e1nchez Granados<\/strong>, Presidenta de la Comisi\u00f3n de Sociedad Digital de Foment del Treball.<\/p>\n<p style=\"text-align: left;\">Modera la sesi\u00f3n\u00a0<strong>Maria Mora<\/strong>, Directora de Innovaci\u00f3n de Foment del Treball.<\/p>\n<p style=\"text-align: left;\"><span style=\"color: #c12238;\">10.05h. La brecha de g\u00e9nero: doble reto en el talento tech<\/span><br \/>\n<strong>Bego\u00f1a Dom\u00ednguez<\/strong>, HR Business Partner Product, Tech &amp; Data<br \/>\nAdevinta<\/p>\n<p style=\"text-align: left;\"><span style=\"color: #c12238;\">10.25h. \u00bfD\u00f3nde encontrar talento en un entorno digital?\u00a0<\/span><br \/>\n<strong>Alex Collart<\/strong>, Cofundador y Managing Partner<br \/>\nOutvise<\/p>\n<p style=\"text-align: left;\"><span style=\"color: #c12238;\">10.45h. \u00bfQu\u00e9 me dificulta ser m\u00e1s atractivo para el candidato ideal que necesito?<\/span><br \/>\n<strong>Jordi Vall<\/strong>, Cofundador y COO<br \/>\nOpground<\/p>\n<p style=\"text-align: left;\"><span style=\"color: #c12238;\">11.05h. People Analytics: qu\u00e9 es, para qu\u00e9 sirve y qu\u00e9 \u00e1reas cubre en relaci\u00f3n con los Recursos Humanos y la Gesti\u00f3n del Talento.<\/span><br \/>\n<strong>Carlos Caba\u00f1as<\/strong>, Sector Leader de HR &amp; Services<br \/>\nAggity<\/p>\n<p style=\"text-align: left;\"><span style=\"color: #c12238;\">11.25h. El gran desaf\u00edo que afrontan los Bootcamps<\/span><br \/>\n<strong>Olga Bois\u00e1n<\/strong>, experta en Educational Tecnology y CEO<br \/>\nLet\u2019s Coder<\/p>\n<p style=\"text-align: left;\"><span style=\"color: #c12238;\">11.45h. Barcelona Digital Talent &#8211; Digital Talent Squadmps<\/span><br \/>\n<strong>Jordi Arruf\u00ed<\/strong>,\u00a0Director programa Talent y proyectos europeos<br \/>\nMobile World Capital Barcelona (MWC)<\/p>\n<p style=\"text-align: left;\"><strong>Marc Soldevila<\/strong>, Responsable de Talent Squad<br \/>\nMobile World Capital Barcelona (MWC)<\/p>\n<p style=\"text-align: left;\"><span style=\"color: #c12238;\">12:00h. Final de la sesi\u00f3n<\/span><\/p>\n<p style=\"text-align: left;\">Esta sesi\u00f3n se celebrar\u00e1 el pr\u00f3ximo <strong>jueves 31 de marzo de las 10:00h a las 12:00h<\/strong> en formato h\u00edbrido. Es imprescindible inscribirse en el siguiente enlace indicando si asistir\u00e9is de forma presencial u online.<\/p>\n<h2 style=\"text-align: center;\"><\/h2>\n<h2 style=\"text-align: center;\"><strong><a href=\"https:\/\/forms.office.com\/r\/gWWn6RFybu\"><span style=\"color: #c1002b;\">INSCRIPCI\u00d3N<\/span><\/a><\/strong><\/h2>\n<p>&nbsp;<\/p>\n<p style=\"text-align: left;\">Digitalitza\u2019t \u00e9s un programa impulsat per Foment del Treball amb el suport del Departament d\u2019Empresa i Treball de la Generalitat de Catalunya <strong>que acompanya i assessora les empreses en el cam\u00ed cap a la transformaci\u00f3 digital.<\/strong><\/p>\n<p>[\/vc_column_text][\/vc_column][\/vc_row]<\/p>\n<\/section>","protected":false},"author":24,"featured_media":141136,"menu_order":0,"comment_status":"closed","ping_status":"closed","template":"","meta":{"_links_to":"","_links_to_target":""},"tags":[5595,5719,1325,1326],"event_type":[203],"event_type_2":[],"acf":[],"_links":{"self":[{"href":"https:\/\/www.foment.com\/es\/wp-json\/wp\/v2\/ajde_events\/140655"}],"collection":[{"href":"https:\/\/www.foment.com\/es\/wp-json\/wp\/v2\/ajde_events"}],"about":[{"href":"https:\/\/www.foment.com\/es\/wp-json\/wp\/v2\/types\/ajde_events"}],"author":[{"embeddable":true,"href":"https:\/\/www.foment.com\/es\/wp-json\/wp\/v2\/users\/24"}],"replies":[{"embeddable":true,"href":"https:\/\/www.foment.com\/es\/wp-json\/wp\/v2\/comments?post=140655"}],"wp:featuredmedia":[{"embeddable":true,"href":"https:\/\/www.foment.com\/es\/wp-json\/wp\/v2\/media\/141136"}],"wp:attachment":[{"href":"https:\/\/www.foment.com\/es\/wp-json\/wp\/v2\/media?parent=140655"}],"wp:term":[{"taxonomy":"post_tag","embeddable":true,"href":"https:\/\/www.foment.com\/es\/wp-json\/wp\/v2\/tags?post=140655"},{"taxonomy":"event_type","embeddable":true,"href":"https:\/\/www.foment.com\/es\/wp-json\/wp\/v2\/event_type?post=140655"},{"taxonomy":"event_type_2","embeddable":true,"href":"https:\/\/www.foment.com\/es\/wp-json\/wp\/v2\/event_type_2?post=140655"}],"curies":[{"name":"wp","href":"https:\/\/api.w.org\/{rel}","templated":true}]}}

<section class="wpb-content-wrapper"><p>[vc_row][vc_column text_align=»center»][vc_column_text]</p>
<h3 style="text-align: center;"><strong>DIGITALITZA&#8217;T</strong></h3>
<p>[/vc_column_text][vc_column_text]</p>
<h2 style="text-align: center;"><span style="color: #c10000;"><strong><b>¡Talento digital en busca y captura!</b></strong></span></h2>
<p>[/vc_column_text][vc_column_text]</p>
<p style="text-align: left;">Las nuevas tecnologías han cambiado la relación de las empresas con sus clientes, sus proveedores y con sus propios trabajadores. En este contexto, a menudo resulta difícil captar talento digital cualificado que responda a las nuevas demandas del mercado.</p>
<p style="text-align: left;">Esta disrupción tecnológica también ha facilitado la puesta en marcha de iniciativas de Transformación Digital en las diferentes áreas de las organizaciones, incluyendo la de Recursos Humanos. Gracias al potencial de People Analytics, es posible facilitar la toma de decisiones en materia de gestión de talento basándose en datos contrastables. Los profesionales relacionados con la Gestión del Talento se convierten así en aliados estratégicos para sus compañías.</p>
<p style="text-align: left;">Desde Foment somos conscientes que las necesidades de acceder a talento digital son urgentes y prioritarias, por eso te invitamos a esta jornada donde trataremos, entre otros temas, nuevas plataformas para conectar con el talento digital emergente a nivel nacional e internacional, así como herramientas para potenciar el talento interno en el sector empresarial. ¿Eres una empresa con necesidad de cubrir vacantes del sector tecnológico? Regístrate!</p>
<p style="text-align: center;"><strong>P R O G R A M A</strong></p>
<p style="text-align: left;"><span style="color: #c12238;">10.00h. Bienvenida</span><br />
<strong>Anna M. Sánchez Granados</strong>, Presidenta de la Comisión de Sociedad Digital de Foment del Treball.</p>
<p style="text-align: left;">Modera la sesión <strong>Maria Mora</strong>, Directora de Innovación de Foment del Treball.</p>
<p style="text-align: left;"><span style="color: #c12238;">10.05h. La brecha de género: doble reto en el talento tech</span><br />
<strong>Begoña Domínguez</strong>, HR Business Partner Product, Tech &amp; Data<br />
Adevinta</p>
<p style="text-align: left;"><span style="color: #c12238;">10.25h. ¿Dónde encontrar talento en un entorno digital? </span><br />
<strong>Alex Collart</strong>, Cofundador y Managing Partner<br />
Outvise</p>
<p style="text-align: left;"><span style="color: #c12238;">10.45h. ¿Qué me dificulta ser más atractivo para el candidato ideal que necesito?</span><br />
<strong>Jordi Vall</strong>, Cofundador y COO<br />
Opground</p>
<p style="text-align: left;"><span style="color: #c12238;">11.05h. People Analytics: qué es, para qué sirve y qué áreas cubre en relación con los Recursos Humanos y la Gestión del Talento.</span><br />
<strong>Carlos Cabañas</strong>, Sector Leader de HR &amp; Services<br />
Aggity</p>
<p style="text-align: left;"><span style="color: #c12238;">11.25h. El gran desafío que afrontan los Bootcamps</span><br />
<strong>Olga Boisán</strong>, experta en Educational Tecnology y CEO<br />
Let’s Coder</p>
<p style="text-align: left;"><span style="color: #c12238;">11.45h. Barcelona Digital Talent &#8211; Digital Talent Squadmps</span><br />
<strong>Jordi Arrufí</strong>, Director programa Talent y proyectos europeos<br />
Mobile World Capital Barcelona (MWC)</p>
<p style="text-align: left;"><strong>Marc Soldevila</strong>, Responsable de Talent Squad<br />
Mobile World Capital Barcelona (MWC)</p>
<p style="text-align: left;"><span style="color: #c12238;">12:00h. Final de la sesión</span></p>
<p style="text-align: left;">Esta sesión se celebrará el próximo <strong>jueves 31 de marzo de las 10:00h a las 12:00h</strong> en formato híbrido. Es imprescindible inscribirse en el siguiente enlace indicando si asistiréis de forma presencial u online.</p>
<h2 style="text-align: center;"></h2>
<h2 style="text-align: center;"><strong><a href="https://forms.office.com/r/gWWn6RFybu"><span style="color: #c1002b;">INSCRIPCIÓN</span></a></strong></h2>
<p>&nbsp;</p>
<p style="text-align: left;">Digitalitza’t és un programa impulsat per Foment del Treball amb el suport del Departament d’Empresa i Treball de la Generalitat de Catalunya <strong>que acompanya i assessora les empreses en el camí cap a la transformació digital.</strong></p>
<p>[/vc_column_text][/vc_column][/vc_row]</p>
</section>
