{"id":142468,"date":"2022-04-04T16:12:56","date_gmt":"2022-04-04T14:12:56","guid":{"rendered":"https:\/\/www.foment.com\/?post_type=ajde_events&#038;p=142468"},"modified":"2022-04-05T09:17:46","modified_gmt":"2022-04-05T07:17:46","slug":"evaluacion-de-los-riesgos-laborales-asociados-al-teletrabajo","status":"publish","type":"ajde_events","link":"https:\/\/www.foment.com\/es\/events\/evaluacion-de-los-riesgos-laborales-asociados-al-teletrabajo\/","title":{"rendered":"Evaluaci\u00f3n de los riesgos laborales asociados al teletrabajo"},"content":{"rendered":"<h2 style=\"text-align: center;\"><span style=\"color: #ab192d;\"><strong>Evaluaci\u00f3n de los riesgos laborales asociados al teletrabajo <\/strong><\/span><\/h2>\n<h3 style=\"text-align: center;\"><span style=\"color: #656565;\"><strong>Jornada de PRL<\/strong><\/span><\/h3>\n<p>&nbsp;<\/p>\n<h3><span style=\"color: #ab192d;\"><strong>Objetivo<\/strong><\/span><\/h3>\n<p>&nbsp;<\/p>\n<p style=\"text-align: justify;\">La entrada en vigor de la Ley 10\/2021, de 9 de julio, de trabajo a distancia tiene por objeto, de manera general, proporcionar una respuesta equilibrada entre las necesidades de las empresas y las nuevas formas de prestaci\u00f3n de trabajo por parte de los trabajadores. Esta Ley ha establecido el marco normativo para la regulaci\u00f3n, entre otros, del teletrabajo, entendido como \u201caquel trabajo a distancia que se lleva a cabo mediante el uso exclusivo o prevalente de medios y sistemas inform\u00e1ticos, telem\u00e1ticos y de telecomunicaci\u00f3n\u201d.<\/p>\n<p style=\"text-align: justify;\">A este hecho se ha unido la situaci\u00f3n actual por la que est\u00e1n pasando las empresas en relaci\u00f3n a los cambios organizativos y actitudinales que han tenido que asumir durante los \u00faltimos tiempos debido a la Covid-19, precipitando la transformaci\u00f3n de trabajadores esenciales en teletrabajadores.<\/p>\n<p style=\"text-align: justify;\">Por estos motivos, es necesario el desarrollo de metodolog\u00edas \u00e1giles y f\u00e1cilmente aplicables que faciliten la realizaci\u00f3n de las evaluaciones de riesgo de puesto de forma efectiva, contando que \u00e9stas han pasado a ser realizadas por puesto a ser totalmente personalizadas debido a las infinitas variantes que se pueden dar en el espacio de trabajo al estar \u00e9ste situado en el domicilio del trabajador. A esta situaci\u00f3n hay que a\u00f1adir que no siempre ser\u00e1 posible que la identificaci\u00f3n de los riesgos del puesto de trabajo pueda ser realizada por un t\u00e9cnico especializado por lo que se evidencia la necesidad de definir un m\u00e9todo de trabajo que solvente esta situaci\u00f3n.<\/p>\n<p style=\"text-align: justify;\">Durante la jornada se presentar\u00e1 la Gu\u00eda para desarrollar una metodolog\u00eda de evaluaci\u00f3n de los riesgos laborales asociados al teletrabajo, editada por Foment del Treball. Asimismo, contaremos con la participaci\u00f3n de diferentes empresas que compartir\u00e1n su experiencia y buenas pr\u00e1cticas en esta materia.<\/p>\n<p>&nbsp;<\/p>\n<h3><span style=\"color: #ab192d;\"><strong>Programa<\/strong><\/span><\/h3>\n<p>&nbsp;<\/p>\n<table>\n<tbody>\n<tr>\n<td width=\"10%\">\n<p style=\"margin: 5px 0px;\" align=\"left\"><strong>09.45 h<\/strong><\/p>\n<\/td>\n<td width=\"90%\">\n<p style=\"margin: 5px 0px;\" align=\"left\"><strong>Presentaci\u00f3n.<\/strong><\/p>\n<ul>\n<li>Sr. C\u00e9sar S\u00e1nchez. Director Oficina Prevenci\u00f3n Riesgos Laborales. Fomento del Trabajo.<\/li>\n<\/ul>\n<\/td>\n<\/tr>\n<tr>\n<td width=\"10%\">\n<p style=\"margin: 5px 0px;\" align=\"left\"><strong>09.55 h<\/strong><\/p>\n<\/td>\n<td width=\"90%\">\n<p style=\"margin: 5px 0px;\" align=\"left\"><strong>Presentaci\u00f3n de la Gu\u00eda para desarrollar una metodolog\u00eda de evaluaci\u00f3n de los riesgos laborales asociados al teletrabajo.<\/strong><\/p>\n<ul>\n<li>Sra. Manuela Brinques. OHSE Lead Auditor. Full Audit.<\/li>\n<\/ul>\n<\/td>\n<\/tr>\n<tr>\n<td width=\"10%\">\n<p style=\"margin: 5px 0px;\" align=\"left\"><strong>10.40 h<\/strong><\/p>\n<\/td>\n<td width=\"90%\">\n<p style=\"margin: 5px 0px;\" align=\"left\"><strong>Buenas pr\u00e1cticas en evaluaci\u00f3n de riesgos laborales asociados al teletrabajo.<\/strong><\/p>\n<ul>\n<li>La experiencia de PageGroup. Sr. David Paz. Senior Health &amp; Safety Coordinator.<\/li>\n<\/ul>\n<ul>\n<li>La experiencia de la Universidad Pompeu Fabra. Sr. Sergi Jarque. Jefe de la Oficina de Prevenci\u00f3n de Riesgos Laborales y Promoci\u00f3n de la Salud.<\/li>\n<\/ul>\n<\/td>\n<\/tr>\n<tr>\n<td width=\"10%\">\n<p style=\"margin: 5px 0px;\" align=\"left\"><strong>12.10 h<\/strong><\/p>\n<\/td>\n<td width=\"90%\">\n<p style=\"margin: 5px 0px;\" align=\"left\"><strong>Preguntas de los asistentes.<\/strong><\/p>\n<\/td>\n<\/tr>\n<tr>\n<td width=\"10%\">\n<p style=\"margin: 5px 0px;\" align=\"left\"><strong>12.30 h<\/strong><\/p>\n<\/td>\n<td width=\"90%\">\n<p style=\"margin: 5px 0px;\" align=\"left\"><strong>Clausura.<\/strong><\/p>\n<\/td>\n<\/tr>\n<\/tbody>\n<\/table>\n<p><img class=\"aligncenter wp-image-124470 size-medium\" src=\"https:\/\/www.foment.com\/wp-content\/uploads\/2021\/07\/2021_Treball_Risc_ESP.jpg\" alt=\"\" width=\"500\" srcset=\"https:\/\/www.foment.com\/wp-content\/uploads\/2021\/07\/2021_Treball_Risc_ESP.jpg 858w, https:\/\/www.foment.com\/wp-content\/uploads\/2021\/07\/2021_Treball_Risc_ESP-300x70.jpg 300w, https:\/\/www.foment.com\/wp-content\/uploads\/2021\/07\/2021_Treball_Risc_ESP-768x179.jpg 768w\" sizes=\"(max-width: 858px) 100vw, 858px\" \/><\/p>\n","protected":false},"author":12,"featured_media":142473,"menu_order":0,"comment_status":"closed","ping_status":"closed","template":"","meta":{"_links_to":"","_links_to_target":""},"tags":[416,417,513,1832],"event_type":[202],"event_type_2":[],"acf":[],"_links":{"self":[{"href":"https:\/\/www.foment.com\/es\/wp-json\/wp\/v2\/ajde_events\/142468"}],"collection":[{"href":"https:\/\/www.foment.com\/es\/wp-json\/wp\/v2\/ajde_events"}],"about":[{"href":"https:\/\/www.foment.com\/es\/wp-json\/wp\/v2\/types\/ajde_events"}],"author":[{"embeddable":true,"href":"https:\/\/www.foment.com\/es\/wp-json\/wp\/v2\/users\/12"}],"replies":[{"embeddable":true,"href":"https:\/\/www.foment.com\/es\/wp-json\/wp\/v2\/comments?post=142468"}],"wp:featuredmedia":[{"embeddable":true,"href":"https:\/\/www.foment.com\/es\/wp-json\/wp\/v2\/media\/142473"}],"wp:attachment":[{"href":"https:\/\/www.foment.com\/es\/wp-json\/wp\/v2\/media?parent=142468"}],"wp:term":[{"taxonomy":"post_tag","embeddable":true,"href":"https:\/\/www.foment.com\/es\/wp-json\/wp\/v2\/tags?post=142468"},{"taxonomy":"event_type","embeddable":true,"href":"https:\/\/www.foment.com\/es\/wp-json\/wp\/v2\/event_type?post=142468"},{"taxonomy":"event_type_2","embeddable":true,"href":"https:\/\/www.foment.com\/es\/wp-json\/wp\/v2\/event_type_2?post=142468"}],"curies":[{"name":"wp","href":"https:\/\/api.w.org\/{rel}","templated":true}]}}

Evaluación de los riesgos laborales asociados al teletrabajo

<h2 style="text-align: center;"><span style="color: #ab192d;"><strong>Evaluación de los riesgos laborales asociados al teletrabajo </strong></span></h2>
<h3 style="text-align: center;"><span style="color: #656565;"><strong>Jornada de PRL</strong></span></h3>
<p>&nbsp;</p>
<h3><span style="color: #ab192d;"><strong>Objetivo</strong></span></h3>
<p>&nbsp;</p>
<p style="text-align: justify;">La entrada en vigor de la Ley 10/2021, de 9 de julio, de trabajo a distancia tiene por objeto, de manera general, proporcionar una respuesta equilibrada entre las necesidades de las empresas y las nuevas formas de prestación de trabajo por parte de los trabajadores. Esta Ley ha establecido el marco normativo para la regulación, entre otros, del teletrabajo, entendido como “aquel trabajo a distancia que se lleva a cabo mediante el uso exclusivo o prevalente de medios y sistemas informáticos, telemáticos y de telecomunicación”.</p>
<p style="text-align: justify;">A este hecho se ha unido la situación actual por la que están pasando las empresas en relación a los cambios organizativos y actitudinales que han tenido que asumir durante los últimos tiempos debido a la Covid-19, precipitando la transformación de trabajadores esenciales en teletrabajadores.</p>
<p style="text-align: justify;">Por estos motivos, es necesario el desarrollo de metodologías ágiles y fácilmente aplicables que faciliten la realización de las evaluaciones de riesgo de puesto de forma efectiva, contando que éstas han pasado a ser realizadas por puesto a ser totalmente personalizadas debido a las infinitas variantes que se pueden dar en el espacio de trabajo al estar éste situado en el domicilio del trabajador. A esta situación hay que añadir que no siempre será posible que la identificación de los riesgos del puesto de trabajo pueda ser realizada por un técnico especializado por lo que se evidencia la necesidad de definir un método de trabajo que solvente esta situación.</p>
<p style="text-align: justify;">Durante la jornada se presentará la Guía para desarrollar una metodología de evaluación de los riesgos laborales asociados al teletrabajo, editada por Foment del Treball. Asimismo, contaremos con la participación de diferentes empresas que compartirán su experiencia y buenas prácticas en esta materia.</p>
<p>&nbsp;</p>
<h3><span style="color: #ab192d;"><strong>Programa</strong></span></h3>
<p>&nbsp;</p>
<table>
<tbody>
<tr>
<td width="10%">
<p style="margin: 5px 0px;" align="left"><strong>09.45 h</strong></p>
</td>
<td width="90%">
<p style="margin: 5px 0px;" align="left"><strong>Presentación.</strong></p>
<ul>
<li>Sr. César Sánchez. Director Oficina Prevención Riesgos Laborales. Fomento del Trabajo.</li>
</ul>
</td>
</tr>
<tr>
<td width="10%">
<p style="margin: 5px 0px;" align="left"><strong>09.55 h</strong></p>
</td>
<td width="90%">
<p style="margin: 5px 0px;" align="left"><strong>Presentación de la Guía para desarrollar una metodología de evaluación de los riesgos laborales asociados al teletrabajo.</strong></p>
<ul>
<li>Sra. Manuela Brinques. OHSE Lead Auditor. Full Audit.</li>
</ul>
</td>
</tr>
<tr>
<td width="10%">
<p style="margin: 5px 0px;" align="left"><strong>10.40 h</strong></p>
</td>
<td width="90%">
<p style="margin: 5px 0px;" align="left"><strong>Buenas prácticas en evaluación de riesgos laborales asociados al teletrabajo.</strong></p>
<ul>
<li>La experiencia de PageGroup. Sr. David Paz. Senior Health &amp; Safety Coordinator.</li>
</ul>
<ul>
<li>La experiencia de la Universidad Pompeu Fabra. Sr. Sergi Jarque. Jefe de la Oficina de Prevención de Riesgos Laborales y Promoción de la Salud.</li>
</ul>
</td>
</tr>
<tr>
<td width="10%">
<p style="margin: 5px 0px;" align="left"><strong>12.10 h</strong></p>
</td>
<td width="90%">
<p style="margin: 5px 0px;" align="left"><strong>Preguntas de los asistentes.</strong></p>
</td>
</tr>
<tr>
<td width="10%">
<p style="margin: 5px 0px;" align="left"><strong>12.30 h</strong></p>
</td>
<td width="90%">
<p style="margin: 5px 0px;" align="left"><strong>Clausura.</strong></p>
</td>
</tr>
</tbody>
</table>
<p><img class="aligncenter wp-image-124470 size-medium" src="https://www.foment.com/wp-content/uploads/2021/07/2021_Treball_Risc_ESP.jpg" alt="" width="500" srcset="https://www.foment.com/wp-content/uploads/2021/07/2021_Treball_Risc_ESP.jpg 858w, https://www.foment.com/wp-content/uploads/2021/07/2021_Treball_Risc_ESP-300x70.jpg 300w, https://www.foment.com/wp-content/uploads/2021/07/2021_Treball_Risc_ESP-768x179.jpg 768w" sizes="(max-width: 858px) 100vw, 858px" /></p>
