{"id":143998,"date":"2022-05-03T16:24:53","date_gmt":"2022-05-03T14:24:53","guid":{"rendered":"https:\/\/www.foment.com\/?post_type=ajde_events&#038;p=143998"},"modified":"2022-06-03T10:43:06","modified_gmt":"2022-06-03T08:43:06","slug":"herramientas-digitales-para-empresas-saludables-la-salud-360o-de-los-empleados","status":"publish","type":"ajde_events","link":"https:\/\/www.foment.com\/es\/events\/herramientas-digitales-para-empresas-saludables-la-salud-360o-de-los-empleados\/","title":{"rendered":"Herramientas digitales para empresas saludables. La salud 360\u00ba de los empleados"},"content":{"rendered":"<h2 style=\"text-align: center;\"><span style=\"color: #ab192d;\"><strong>Herramientas digitales para empresas saludables. La salud 360\u00ba de los empleados. <\/strong><\/span><\/h2>\n<p>&nbsp;<\/p>\n<h3><span style=\"color: #ab192d;\"><strong>Objetivo<\/strong><\/span><\/h3>\n<p>&nbsp;<\/p>\n<p style=\"text-align: justify;\">\u00bfQu\u00e9 herramientas digitales tienen las organizaciones a su disposici\u00f3n para afrontar los nuevos retos de salud y bienestar? Las plataformas de salud y bienestar hacen posible la creaci\u00f3n de una comunidad saludable creando una conexi\u00f3n entre empresa y trabajador con un alto valor: realizar programas globales, deslocalizados, transversales, de forma integral y personalizada.<\/p>\n<p style=\"text-align: justify;\">Adem\u00e1s, a la organizaci\u00f3n le permite analizar y sistematizar diagn\u00f3sticos agregados, llevar un seguimiento de diferentes segmentos, tangibilizar los impactos de las acciones propuestas, predecir comportamientos y comunicar una informaci\u00f3n compleja en tiempo real, convirti\u00e9ndose en una herramienta clave para aquellas empresas que deciden trabajar el bienestar 360\u00ba.<\/p>\n<p>&nbsp;<\/p>\n<p><span style=\"color: #ab192d;\"><strong>Programa de la jornada<\/strong><\/span><\/p>\n<table>\n<tbody>\n<tr>\n<td width=\"10%\">\n<p style=\"margin: 5px 0px;\" align=\"left\"><strong>10:00 h<\/strong><\/p>\n<\/td>\n<td width=\"90%\">\n<p style=\"margin: 5px 0px;\" align=\"left\"><strong>Presentaci\u00f3n.<\/strong><\/p>\n<p>Sr. C\u00e9sar S\u00e1nchez. Director Oficina Prevenci\u00f3n Riesgos Laborales. Fomento del Trabajo.<\/td>\n<\/tr>\n<tr>\n<td width=\"10%\">\n<p style=\"margin: 5px 0px;\" align=\"left\"><strong>10:10 h<\/strong><\/p>\n<\/td>\n<td width=\"90%\">\n<p style=\"margin: 5px 0px;\" align=\"left\"><strong>Herramientas digitales para cuidar la salud 360\u00ba de los empleados.<\/strong><\/p>\n<p>Sra. Estel Mallorqu\u00ed. Fundadora y Directora. Biwel.<\/p>\n<ul>\n<li><strong> Los nuevos retos de salud y bienestar en las organizaciones.<\/strong><\/li>\n<li><strong> La importancia del bienestar 360\u00ba y su papel en los programas de bienestar y salud.<\/strong><\/li>\n<li><strong> La importancia de la comunicaci\u00f3n.<\/strong><\/li>\n<li><strong> El futuro de los portales de bienestar.<\/strong><\/li>\n<\/ul>\n<\/td>\n<\/tr>\n<tr>\n<td width=\"10%\">\n<p style=\"margin: 5px 0px;\" align=\"left\"><strong>11:40 h<\/strong><\/p>\n<\/td>\n<td width=\"90%\">\n<p style=\"margin: 5px 0px;\" align=\"left\"><strong>Experiencias pr\u00e1cticas\/casos de \u00e9xito.<\/strong><\/p>\n<p><strong>Experiencia en Puratos.<\/strong><\/p>\n<ul>\n<li>Sra. Judith Pallar\u00e8s. HR Business Parthner.<\/li>\n<\/ul>\n<p><strong> Experiencia en Sacyr.<\/strong><\/p>\n<ul>\n<li>Sr. \u00c0ngel Prieto. Gerente corporativo. Direcci\u00f3n de Seguridad y Salud.<\/li>\n<\/ul>\n<\/td>\n<\/tr>\n<tr>\n<td width=\"10%\">\n<p style=\"margin: 5px 0px;\" align=\"left\"><strong>12:20 h<\/strong><\/p>\n<\/td>\n<td width=\"90%\">\n<p style=\"margin: 5px 0px;\" align=\"left\"><strong>Preguntas de los asistentes.<\/strong><\/p>\n<\/td>\n<\/tr>\n<tr>\n<td width=\"10%\">\n<p style=\"margin: 5px 0px;\" align=\"left\"><strong>12:35 h<\/strong><\/p>\n<\/td>\n<td width=\"90%\">\n<p style=\"margin: 5px 0px;\" align=\"left\"><strong>Clausura.<\/strong><\/p>\n<\/td>\n<\/tr>\n<\/tbody>\n<\/table>\n<p><img class=\"aligncenter wp-image-106018 size-medium\" src=\"https:\/\/www.foment.com\/wp-content\/uploads\/2021\/06\/Logo-dept-treball_2021-1.png\" alt=\"\" width=\"300\" \/><\/p>\n<p style=\"text-align: justify;\">Esta jornada forma parte de los Planes de Formaci\u00f3n del \u00e1mbito de Catalu\u00f1a, dirigidos a la capacitaci\u00f3n para el desarrollo de las funciones relacionadas con el di\u00e1logo social y la negociaci\u00f3n colectiva.<\/p>\n","protected":false},"author":12,"featured_media":144001,"menu_order":0,"comment_status":"closed","ping_status":"closed","template":"","meta":{"_links_to":"","_links_to_target":""},"tags":[6625,416,417,513],"event_type":[202],"event_type_2":[],"acf":[],"_links":{"self":[{"href":"https:\/\/www.foment.com\/es\/wp-json\/wp\/v2\/ajde_events\/143998"}],"collection":[{"href":"https:\/\/www.foment.com\/es\/wp-json\/wp\/v2\/ajde_events"}],"about":[{"href":"https:\/\/www.foment.com\/es\/wp-json\/wp\/v2\/types\/ajde_events"}],"author":[{"embeddable":true,"href":"https:\/\/www.foment.com\/es\/wp-json\/wp\/v2\/users\/12"}],"replies":[{"embeddable":true,"href":"https:\/\/www.foment.com\/es\/wp-json\/wp\/v2\/comments?post=143998"}],"wp:featuredmedia":[{"embeddable":true,"href":"https:\/\/www.foment.com\/es\/wp-json\/wp\/v2\/media\/144001"}],"wp:attachment":[{"href":"https:\/\/www.foment.com\/es\/wp-json\/wp\/v2\/media?parent=143998"}],"wp:term":[{"taxonomy":"post_tag","embeddable":true,"href":"https:\/\/www.foment.com\/es\/wp-json\/wp\/v2\/tags?post=143998"},{"taxonomy":"event_type","embeddable":true,"href":"https:\/\/www.foment.com\/es\/wp-json\/wp\/v2\/event_type?post=143998"},{"taxonomy":"event_type_2","embeddable":true,"href":"https:\/\/www.foment.com\/es\/wp-json\/wp\/v2\/event_type_2?post=143998"}],"curies":[{"name":"wp","href":"https:\/\/api.w.org\/{rel}","templated":true}]}}

Herramientas digitales para empresas saludables. La salud 360º de los empleados

<h2 style="text-align: center;"><span style="color: #ab192d;"><strong>Herramientas digitales para empresas saludables. La salud 360º de los empleados. </strong></span></h2>
<p>&nbsp;</p>
<h3><span style="color: #ab192d;"><strong>Objetivo</strong></span></h3>
<p>&nbsp;</p>
<p style="text-align: justify;">¿Qué herramientas digitales tienen las organizaciones a su disposición para afrontar los nuevos retos de salud y bienestar? Las plataformas de salud y bienestar hacen posible la creación de una comunidad saludable creando una conexión entre empresa y trabajador con un alto valor: realizar programas globales, deslocalizados, transversales, de forma integral y personalizada.</p>
<p style="text-align: justify;">Además, a la organización le permite analizar y sistematizar diagnósticos agregados, llevar un seguimiento de diferentes segmentos, tangibilizar los impactos de las acciones propuestas, predecir comportamientos y comunicar una información compleja en tiempo real, convirtiéndose en una herramienta clave para aquellas empresas que deciden trabajar el bienestar 360º.</p>
<p>&nbsp;</p>
<p><span style="color: #ab192d;"><strong>Programa de la jornada</strong></span></p>
<table>
<tbody>
<tr>
<td width="10%">
<p style="margin: 5px 0px;" align="left"><strong>10:00 h</strong></p>
</td>
<td width="90%">
<p style="margin: 5px 0px;" align="left"><strong>Presentación.</strong></p>
<p>Sr. César Sánchez. Director Oficina Prevención Riesgos Laborales. Fomento del Trabajo.</td>
</tr>
<tr>
<td width="10%">
<p style="margin: 5px 0px;" align="left"><strong>10:10 h</strong></p>
</td>
<td width="90%">
<p style="margin: 5px 0px;" align="left"><strong>Herramientas digitales para cuidar la salud 360º de los empleados.</strong></p>
<p>Sra. Estel Mallorquí. Fundadora y Directora. Biwel.</p>
<ul>
<li><strong> Los nuevos retos de salud y bienestar en las organizaciones.</strong></li>
<li><strong> La importancia del bienestar 360º y su papel en los programas de bienestar y salud.</strong></li>
<li><strong> La importancia de la comunicación.</strong></li>
<li><strong> El futuro de los portales de bienestar.</strong></li>
</ul>
</td>
</tr>
<tr>
<td width="10%">
<p style="margin: 5px 0px;" align="left"><strong>11:40 h</strong></p>
</td>
<td width="90%">
<p style="margin: 5px 0px;" align="left"><strong>Experiencias prácticas/casos de éxito.</strong></p>
<p><strong>Experiencia en Puratos.</strong></p>
<ul>
<li>Sra. Judith Pallarès. HR Business Parthner.</li>
</ul>
<p><strong> Experiencia en Sacyr.</strong></p>
<ul>
<li>Sr. Àngel Prieto. Gerente corporativo. Dirección de Seguridad y Salud.</li>
</ul>
</td>
</tr>
<tr>
<td width="10%">
<p style="margin: 5px 0px;" align="left"><strong>12:20 h</strong></p>
</td>
<td width="90%">
<p style="margin: 5px 0px;" align="left"><strong>Preguntas de los asistentes.</strong></p>
</td>
</tr>
<tr>
<td width="10%">
<p style="margin: 5px 0px;" align="left"><strong>12:35 h</strong></p>
</td>
<td width="90%">
<p style="margin: 5px 0px;" align="left"><strong>Clausura.</strong></p>
</td>
</tr>
</tbody>
</table>
<p><img class="aligncenter wp-image-106018 size-medium" src="https://www.foment.com/wp-content/uploads/2021/06/Logo-dept-treball_2021-1.png" alt="" width="300" /></p>
<p style="text-align: justify;">Esta jornada forma parte de los Planes de Formación del ámbito de Cataluña, dirigidos a la capacitación para el desarrollo de las funciones relacionadas con el diálogo social y la negociación colectiva.</p>
