{"id":147004,"date":"2022-06-14T14:00:25","date_gmt":"2022-06-14T12:00:25","guid":{"rendered":"https:\/\/www.foment.com\/?post_type=ajde_events&#038;p=147004"},"modified":"2024-09-16T09:13:17","modified_gmt":"2024-09-16T07:13:17","slug":"fondos-europeos-next-generation-claves-para-acceder-a-ellos-y-oportunidades-de-futuro","status":"publish","type":"ajde_events","link":"https:\/\/www.foment.com\/es\/events\/fondos-europeos-next-generation-claves-para-acceder-a-ellos-y-oportunidades-de-futuro\/","title":{"rendered":"Fondos Europeos Next Generation: Claves para acceder a ellos y oportunidades de futuro &#8211; Sesi\u00f3n On-Line"},"content":{"rendered":"<section class=\"wpb-content-wrapper\"><p>[vc_row][vc_column][vc_column_text]Tras recibir los primeros 19.000 millones de euros de los fondos Next Generation durante 2021, <strong>Espa\u00f1a tiene previsto recibir el siguiente desembolso de forma inminente y que sumar\u00eda otros 12.000 millones de euros<\/strong>, alcanzando los 31.000 millones de euros en total.<\/p>\n<p><strong>Espa\u00f1a cuenta ya con 11 PERTES<\/strong>, pero todav\u00eda falta que se convoquen las l\u00edneas de ayudas de 8 de ellos.\u00a0Nos encontramos en un <strong>momento crucial en el desarrollo del Plan<\/strong>, en el que la colaboraci\u00f3n p\u00fablico-privada juega un papel muy relevante a fin de ayudar a absorber esta cantidad sin precedentes de fondos en un periodo de tiempo muy limitado.<\/p>\n<p>En este contexto, durante la <strong><span style=\"color: #c12200;\">reuni\u00f3n de la Comisi\u00f3n de Uni\u00f3n Europea y Programas Europeos, abierta a todos los socios dado el inter\u00e9s del tema<\/span>,<\/strong> que contar\u00e1 con la participaci\u00f3n de <strong>Luis Soc\u00edas<\/strong>, Jefe de la Oficina de Proyectos Europeos de CEOE, de <strong>Marta San Mill\u00e1n<\/strong><strong>, Coordinadora de la Oficina de <\/strong>Proyectos Estrat\u00e9gicos de CEOE y de <strong>Mariona Sanz<\/strong>, Directora de Fondos Europeos de la Generalitat de Catalunya.<\/p>\n<p>Durante la reuni\u00f3n\u00a0<strong>s<\/strong><strong>e realizar\u00e1 un an\u00e1lisis de la coyuntura actual, de los principales cuellos de botella y de la canalizaci\u00f3n de los fondos.<\/strong><\/p>\n<p>&nbsp;<\/p>\n<p><span style=\"color: #c12200;\"><strong>PROGRAMA<\/strong><\/span><\/p>\n<p><span style=\"color: #c12200;\"><strong>10:00 h. <\/strong><\/span><\/p>\n<p>Bienvenida a cargo de <strong>M\u00aa Helena de Felipe<\/strong><strong>, Presidenta de la Comisi\u00f3n de Uni\u00f3n Europea, Foment del Treball<\/strong><\/p>\n<p><span style=\"color: #c12200;\"><strong>10:05 h.<\/strong><\/span><\/p>\n<p>Avance del Plan \u201cEspa\u00f1a Puede\u201d: d\u00f3nde estamos y hacia d\u00f3nde vamos. An\u00e1lisis de la coyuntura actual y de los principales cuellos de botella.\u00a0 <strong>Luis Soc\u00edas<\/strong>, Jefe de la Oficina de Proyectos Europeos de CEOE<\/p>\n<p><span style=\"color: #c12200;\"><strong>10:25 h.<\/strong><\/span><\/p>\n<p><strong>Oportunidades para las empresas con cargo a Next Generation: procesos abiertos y en el horizonte del Gobierno de Espa\u00f1a y la Generalitat de Catalunya. <\/strong><strong>Marta San Mill\u00e1n,<\/strong><strong> Coordinadora de la Oficina de Proyectos Estrat\u00e9gicos de CEOE<\/strong><\/p>\n<p><span style=\"color: #c12200;\"><strong>10:35 h.<\/strong><\/span><\/p>\n<p><strong>Situaci\u00f3n de la gesti\u00f3n y acceso a los fondos en Catalunya. <\/strong><strong>Mariona Sanz<\/strong>, Directora de Fondos Europeos de la Generalitat de Catalunya<strong>.<\/strong><\/p>\n<p><span style=\"color: #c12200;\"><strong>10:55 h. <\/strong><\/span><\/p>\n<p>Q&amp;A<\/p>\n<p><span style=\"color: #c12200;\"><strong>11:10 h.<\/strong><\/span><\/p>\n<p>[\/vc_column_text][\/vc_column][\/vc_row][vc_row][vc_column width=\u00bb1\/1&#8243;][vc_column_text]Amb el suport d&#8217;ACCI\u00d3[\/vc_column_text][\/vc_column][\/vc_row][vc_row][vc_column width=\u00bb1\/1&#8243;]<div class=\"single_image wpb_content_element align-left    \" data-animation=\"none\" data-delay=\"0\"><a href=\"http:\/\/www.accio.gencat.cat\" target=\"_self\"><img width=\"300\" height=\"68\" src=\"https:\/\/www.foment.com\/wp-content\/uploads\/2024\/06\/ACCIO-integrat-Horitzontal-CAT-color-300x68.png\" class=\"attachment-medium\" alt=\"\" loading=\"lazy\" title=\"ACCI\u00d3 integrat Horitzontal CAT color\" srcset=\"https:\/\/www.foment.com\/wp-content\/uploads\/2024\/06\/ACCIO-integrat-Horitzontal-CAT-color-300x68.png 300w, https:\/\/www.foment.com\/wp-content\/uploads\/2024\/06\/ACCIO-integrat-Horitzontal-CAT-color.png 559w\" sizes=\"(max-width: 300px) 100vw, 300px\" \/><\/a><\/div>[\/vc_column][\/vc_row]<\/p>\n<\/section>","protected":false},"author":24,"featured_media":85676,"menu_order":0,"comment_status":"closed","ping_status":"closed","template":"","meta":{"_links_to":"","_links_to_target":""},"tags":[6818,6817,3805,3996],"event_type":[],"event_type_2":[],"acf":[],"_links":{"self":[{"href":"https:\/\/www.foment.com\/es\/wp-json\/wp\/v2\/ajde_events\/147004"}],"collection":[{"href":"https:\/\/www.foment.com\/es\/wp-json\/wp\/v2\/ajde_events"}],"about":[{"href":"https:\/\/www.foment.com\/es\/wp-json\/wp\/v2\/types\/ajde_events"}],"author":[{"embeddable":true,"href":"https:\/\/www.foment.com\/es\/wp-json\/wp\/v2\/users\/24"}],"replies":[{"embeddable":true,"href":"https:\/\/www.foment.com\/es\/wp-json\/wp\/v2\/comments?post=147004"}],"wp:featuredmedia":[{"embeddable":true,"href":"https:\/\/www.foment.com\/es\/wp-json\/wp\/v2\/media\/85676"}],"wp:attachment":[{"href":"https:\/\/www.foment.com\/es\/wp-json\/wp\/v2\/media?parent=147004"}],"wp:term":[{"taxonomy":"post_tag","embeddable":true,"href":"https:\/\/www.foment.com\/es\/wp-json\/wp\/v2\/tags?post=147004"},{"taxonomy":"event_type","embeddable":true,"href":"https:\/\/www.foment.com\/es\/wp-json\/wp\/v2\/event_type?post=147004"},{"taxonomy":"event_type_2","embeddable":true,"href":"https:\/\/www.foment.com\/es\/wp-json\/wp\/v2\/event_type_2?post=147004"}],"curies":[{"name":"wp","href":"https:\/\/api.w.org\/{rel}","templated":true}]}}

Fondos Europeos Next Generation: Claves para acceder a ellos y oportunidades de futuro &#8211; Sesión On-Line

<section class="wpb-content-wrapper"><p>[vc_row][vc_column][vc_column_text]Tras recibir los primeros 19.000 millones de euros de los fondos Next Generation durante 2021, <strong>España tiene previsto recibir el siguiente desembolso de forma inminente y que sumaría otros 12.000 millones de euros</strong>, alcanzando los 31.000 millones de euros en total.</p>
<p><strong>España cuenta ya con 11 PERTES</strong>, pero todavía falta que se convoquen las líneas de ayudas de 8 de ellos. Nos encontramos en un <strong>momento crucial en el desarrollo del Plan</strong>, en el que la colaboración público-privada juega un papel muy relevante a fin de ayudar a absorber esta cantidad sin precedentes de fondos en un periodo de tiempo muy limitado.</p>
<p>En este contexto, durante la <strong><span style="color: #c12200;">reunión de la Comisión de Unión Europea y Programas Europeos, abierta a todos los socios dado el interés del tema</span>,</strong> que contará con la participación de <strong>Luis Socías</strong>, Jefe de la Oficina de Proyectos Europeos de CEOE, de <strong>Marta San Millán</strong><strong>, Coordinadora de la Oficina de </strong>Proyectos Estratégicos de CEOE y de <strong>Mariona Sanz</strong>, Directora de Fondos Europeos de la Generalitat de Catalunya.</p>
<p>Durante la reunión <strong>s</strong><strong>e realizará un análisis de la coyuntura actual, de los principales cuellos de botella y de la canalización de los fondos.</strong></p>
<p>&nbsp;</p>
<p><span style="color: #c12200;"><strong>PROGRAMA</strong></span></p>
<p><span style="color: #c12200;"><strong>10:00 h. </strong></span></p>
<p>Bienvenida a cargo de <strong>Mª Helena de Felipe</strong><strong>, Presidenta de la Comisión de Unión Europea, Foment del Treball</strong></p>
<p><span style="color: #c12200;"><strong>10:05 h.</strong></span></p>
<p>Avance del Plan “España Puede”: dónde estamos y hacia dónde vamos. Análisis de la coyuntura actual y de los principales cuellos de botella.  <strong>Luis Socías</strong>, Jefe de la Oficina de Proyectos Europeos de CEOE</p>
<p><span style="color: #c12200;"><strong>10:25 h.</strong></span></p>
<p><strong>Oportunidades para las empresas con cargo a Next Generation: procesos abiertos y en el horizonte del Gobierno de España y la Generalitat de Catalunya. </strong><strong>Marta San Millán,</strong><strong> Coordinadora de la Oficina de Proyectos Estratégicos de CEOE</strong></p>
<p><span style="color: #c12200;"><strong>10:35 h.</strong></span></p>
<p><strong>Situación de la gestión y acceso a los fondos en Catalunya. </strong><strong>Mariona Sanz</strong>, Directora de Fondos Europeos de la Generalitat de Catalunya<strong>.</strong></p>
<p><span style="color: #c12200;"><strong>10:55 h. </strong></span></p>
<p>Q&amp;A</p>
<p><span style="color: #c12200;"><strong>11:10 h.</strong></span></p>
<p>[/vc_column_text][/vc_column][/vc_row][vc_row][vc_column width=»1/1&#8243;][vc_column_text]Amb el suport d&#8217;ACCIÓ[/vc_column_text][/vc_column][/vc_row][vc_row][vc_column width=»1/1&#8243;]<div class="single_image wpb_content_element align-left    " data-animation="none" data-delay="0"><a href="http://www.accio.gencat.cat" target="_self"><img width="300" height="68" src="https://www.foment.com/wp-content/uploads/2024/06/ACCIO-integrat-Horitzontal-CAT-color-300x68.png" class="attachment-medium" alt="" loading="lazy" title="ACCIÓ integrat Horitzontal CAT color" srcset="https://www.foment.com/wp-content/uploads/2024/06/ACCIO-integrat-Horitzontal-CAT-color-300x68.png 300w, https://www.foment.com/wp-content/uploads/2024/06/ACCIO-integrat-Horitzontal-CAT-color.png 559w" sizes="(max-width: 300px) 100vw, 300px" /></a></div>[/vc_column][/vc_row]</p>
</section>
