{"id":148592,"date":"2022-07-13T11:10:00","date_gmt":"2022-07-13T09:10:00","guid":{"rendered":"https:\/\/www.foment.com\/events\/digitalitzat-abc-de-lentorn-digital-per-a-la-pime\/"},"modified":"2022-07-14T14:59:13","modified_gmt":"2022-07-14T12:59:13","slug":"digitalitzat-abc-de-lentorn-digital-per-a-la-pime","status":"publish","type":"ajde_events","link":"https:\/\/www.foment.com\/es\/events\/digitalitzat-abc-de-lentorn-digital-per-a-la-pime\/","title":{"rendered":"Digitalitza&#8217;t \u00abABC del entorno digital para la pyme\u00bb"},"content":{"rendered":"<section class=\"wpb-content-wrapper\"><p>[vc_row][vc_column text_align=\u00bbcenter\u00bb][vc_column_text]<\/p>\r\n<h3 style=\"text-align: center;\"><strong>DIGITALITZA&#8217;T<\/strong><\/h3>\r\n<p>[\/vc_column_text][vc_column_text]<\/p>\r\n<h2 style=\"text-align: center;\"><span style=\"color: #c10000;\"><strong><b>Digitalitza&#8217;t \u00abABC del entorno digital para la pyme\u00bb<\/b><\/strong><\/span><\/h2>\r\n<p>[\/vc_column_text][vc_column_text]<\/p>\r\n<p style=\"text-align: left;\">\u00bfNos hemos parado a pensar c\u00f3mo puede la pyme estar m\u00e1s cerca de sus consumidores y transmitir una imagen de marca m\u00e1s cercana que les permita captar nuevos clientes y fidelizar a los existentes? \u00bfSabemos c\u00f3mo estructurar las diferentes herramientas que el social media pone a nuestro alcance m\u00e1s all\u00e1 de necesito un ecommerce o quiero una cuenta de instagram?<\/p>\r\n<p style=\"text-align: left;\">La sesi\u00f3n est\u00e1 dirigida a pymes y startups que quieren evolucionar el marketing digital y a menudo se encuentran mareadas en un mar de tecnicismos.<\/p>\r\n<p style=\"text-align: left;\">Mostraremos con ejemplos reales c\u00f3mo act\u00faan las diferentes herramientas y plataformas que ofrece el marketing digital y c\u00f3mo hacer que todas ellas act\u00faen alineadas para alcanzar los objetivos que persigue tu empresa.<\/p>\r\n<p style=\"text-align: left;\">Despu\u00e9s de la intervenci\u00f3n del ponente, abriremos un turno de preguntas con los asistentes. Esta sesi\u00f3n se celebrar\u00e1 en formato online. Pod\u00e9is confirmar vuestra asistencia en el siguiente enlace,<\/p>\r\n<h2 style=\"text-align: center;\"><strong><a href=\"https:\/\/forms.office.com\/r\/HrdcyhegUP\"><span style=\"color: #c1002b;\">INSCRIPCI\u00d3N<\/span><\/a><\/strong><\/h2>\r\n<p style=\"text-align: left;\">Digitalitza\u2019t es un programa impulsado por Foment del Treball con el apoyo del Departament d\u2019Empresa i Treball de la Generalitat de Catalunya <strong>que acompa\u00f1a y asesora a las empresas en el camino hacia la transformaci\u00f3n digital.<\/strong><\/p>\r\n<p>[\/vc_column_text][\/vc_column][\/vc_row][vc_row][vc_column][vc_column_text]<\/p>\r\n<p>&nbsp;<\/p>\r\n<p>&nbsp;<\/p>\r\n<p>[\/vc_column_text][\/vc_column][\/vc_row]<\/p><\/section>","protected":false},"author":24,"featured_media":148596,"menu_order":0,"comment_status":"closed","ping_status":"closed","template":"","meta":{"_links_to":"","_links_to_target":""},"tags":[5595,5719],"event_type":[203],"event_type_2":[],"acf":[],"_links":{"self":[{"href":"https:\/\/www.foment.com\/es\/wp-json\/wp\/v2\/ajde_events\/148592"}],"collection":[{"href":"https:\/\/www.foment.com\/es\/wp-json\/wp\/v2\/ajde_events"}],"about":[{"href":"https:\/\/www.foment.com\/es\/wp-json\/wp\/v2\/types\/ajde_events"}],"author":[{"embeddable":true,"href":"https:\/\/www.foment.com\/es\/wp-json\/wp\/v2\/users\/24"}],"replies":[{"embeddable":true,"href":"https:\/\/www.foment.com\/es\/wp-json\/wp\/v2\/comments?post=148592"}],"wp:featuredmedia":[{"embeddable":true,"href":"https:\/\/www.foment.com\/es\/wp-json\/wp\/v2\/media\/148596"}],"wp:attachment":[{"href":"https:\/\/www.foment.com\/es\/wp-json\/wp\/v2\/media?parent=148592"}],"wp:term":[{"taxonomy":"post_tag","embeddable":true,"href":"https:\/\/www.foment.com\/es\/wp-json\/wp\/v2\/tags?post=148592"},{"taxonomy":"event_type","embeddable":true,"href":"https:\/\/www.foment.com\/es\/wp-json\/wp\/v2\/event_type?post=148592"},{"taxonomy":"event_type_2","embeddable":true,"href":"https:\/\/www.foment.com\/es\/wp-json\/wp\/v2\/event_type_2?post=148592"}],"curies":[{"name":"wp","href":"https:\/\/api.w.org\/{rel}","templated":true}]}}

<section class="wpb-content-wrapper"><p>[vc_row][vc_column text_align=»center»][vc_column_text]</p>
<h3 style="text-align: center;"><strong>DIGITALITZA&#8217;T</strong></h3>
<p>[/vc_column_text][vc_column_text]</p>
<h2 style="text-align: center;"><span style="color: #c10000;"><strong><b>Digitalitza&#8217;t «ABC del entorno digital para la pyme»</b></strong></span></h2>
<p>[/vc_column_text][vc_column_text]</p>
<p style="text-align: left;">¿Nos hemos parado a pensar cómo puede la pyme estar más cerca de sus consumidores y transmitir una imagen de marca más cercana que les permita captar nuevos clientes y fidelizar a los existentes? ¿Sabemos cómo estructurar las diferentes herramientas que el social media pone a nuestro alcance más allá de necesito un ecommerce o quiero una cuenta de instagram?</p>
<p style="text-align: left;">La sesión está dirigida a pymes y startups que quieren evolucionar el marketing digital y a menudo se encuentran mareadas en un mar de tecnicismos.</p>
<p style="text-align: left;">Mostraremos con ejemplos reales cómo actúan las diferentes herramientas y plataformas que ofrece el marketing digital y cómo hacer que todas ellas actúen alineadas para alcanzar los objetivos que persigue tu empresa.</p>
<p style="text-align: left;">Después de la intervención del ponente, abriremos un turno de preguntas con los asistentes. Esta sesión se celebrará en formato online. Podéis confirmar vuestra asistencia en el siguiente enlace,</p>
<h2 style="text-align: center;"><strong><a href="https://forms.office.com/r/HrdcyhegUP"><span style="color: #c1002b;">INSCRIPCIÓN</span></a></strong></h2>
<p style="text-align: left;">Digitalitza’t es un programa impulsado por Foment del Treball con el apoyo del Departament d’Empresa i Treball de la Generalitat de Catalunya <strong>que acompaña y asesora a las empresas en el camino hacia la transformación digital.</strong></p>
<p>[/vc_column_text][/vc_column][/vc_row][vc_row][vc_column][vc_column_text]</p>
<p>&nbsp;</p>
<p>&nbsp;</p>
<p>[/vc_column_text][/vc_column][/vc_row]</p></section>
