{"id":150392,"date":"2022-09-15T13:42:03","date_gmt":"2022-09-15T11:42:03","guid":{"rendered":"https:\/\/www.foment.com\/?post_type=ajde_events&#038;p=150392"},"modified":"2022-09-19T10:30:26","modified_gmt":"2022-09-19T08:30:26","slug":"metaverso-el-nuevo-roadmap-de-la-empresa","status":"publish","type":"ajde_events","link":"https:\/\/www.foment.com\/es\/events\/metaverso-el-nuevo-roadmap-de-la-empresa\/","title":{"rendered":"METAVERSO, EL NUEVO ROADMAP DE LA EMPRESA"},"content":{"rendered":"<p>El metaverso abrir\u00e1 <strong>nuevas posibilidades de interacci\u00f3n para las personas y tambi\u00e9n para las empresas<\/strong>, proporcionando un entorno ilimitado para socializar, divertirse y trabajar, as\u00ed como para crear <strong>modelos de negocio innovadores<\/strong> inimaginables hoy en d\u00eda.<\/p>\n<p><strong>El metaverso ya es una realidad tangible en el gaming, en el retail y en el m\u00e1rqueting<\/strong>, y se ha convertido en un escenario para la comercializaci\u00f3n de activos digitales. Pero en unos pocos a\u00f1os se extender\u00e1 a todos los sectores, transformando por completo la producci\u00f3n industrial &#8211; con elementos como los gemelos digitales- l<strong>a distribuci\u00f3n de contenidos, el posicionamiento e impacto de las marcas, la celebraci\u00f3n de eventos, hasta campos como la formaci\u00f3n y la salud<\/strong>, para citar algunos ejemplos.<\/p>\n<p>Muchas empresas ya est\u00e1n tomando posiciones y trazando hojas de ruta en el metaverso y redefiniendo sus productos y estrategias para este contexto emergente y prometedor. Un estudio de McKinsey se\u00f1ala que la inversi\u00f3n en el metaverso ha superado los 114.000 millones de d\u00f3lares entre enero y mayo de 2022, una muestra m\u00e1s de las enormes expectativas generadas por este ecosistema digital.<\/p>\n<p><span style=\"color: #c12200;\"><strong>Con la participaci\u00f3n de:<\/strong><\/span><\/p>\n<p><strong>Sra. M. Carmen Fern\u00e1ndez,\u00a0<\/strong>Innovation and New Business Manager,\u00a0<strong>MEDIAPRO<\/strong><\/p>\n<p><strong>Sr. Francesc Homs<\/strong>, Presidente <strong>C2G<\/strong>\u00a0i\u00a0<strong>INEO CORPORATE<\/strong><\/p>\n<p><strong>Sra. Maria Mora,\u00a0<\/strong>Directora de Innovaci\u00f3n, <strong>Foment del Treball<\/strong><\/p>\n<p><strong>Sr. Josep S\u00e1nchez LLibre,\u00a0<\/strong>Presidente,<strong>\u00a0Foment del Treball<\/strong><\/p>\n<p><strong>Sr- Aleix Valls,\u00a0<\/strong>CEO,\u00a0<strong>LIQUID<\/strong><\/p>\n","protected":false},"author":9,"featured_media":150336,"menu_order":0,"comment_status":"closed","ping_status":"closed","template":"","meta":{"_links_to":"","_links_to_target":""},"tags":[],"event_type":[590],"event_type_2":[],"acf":[],"_links":{"self":[{"href":"https:\/\/www.foment.com\/es\/wp-json\/wp\/v2\/ajde_events\/150392"}],"collection":[{"href":"https:\/\/www.foment.com\/es\/wp-json\/wp\/v2\/ajde_events"}],"about":[{"href":"https:\/\/www.foment.com\/es\/wp-json\/wp\/v2\/types\/ajde_events"}],"author":[{"embeddable":true,"href":"https:\/\/www.foment.com\/es\/wp-json\/wp\/v2\/users\/9"}],"replies":[{"embeddable":true,"href":"https:\/\/www.foment.com\/es\/wp-json\/wp\/v2\/comments?post=150392"}],"wp:featuredmedia":[{"embeddable":true,"href":"https:\/\/www.foment.com\/es\/wp-json\/wp\/v2\/media\/150336"}],"wp:attachment":[{"href":"https:\/\/www.foment.com\/es\/wp-json\/wp\/v2\/media?parent=150392"}],"wp:term":[{"taxonomy":"post_tag","embeddable":true,"href":"https:\/\/www.foment.com\/es\/wp-json\/wp\/v2\/tags?post=150392"},{"taxonomy":"event_type","embeddable":true,"href":"https:\/\/www.foment.com\/es\/wp-json\/wp\/v2\/event_type?post=150392"},{"taxonomy":"event_type_2","embeddable":true,"href":"https:\/\/www.foment.com\/es\/wp-json\/wp\/v2\/event_type_2?post=150392"}],"curies":[{"name":"wp","href":"https:\/\/api.w.org\/{rel}","templated":true}]}}

<p>El metaverso abrirá <strong>nuevas posibilidades de interacción para las personas y también para las empresas</strong>, proporcionando un entorno ilimitado para socializar, divertirse y trabajar, así como para crear <strong>modelos de negocio innovadores</strong> inimaginables hoy en día.</p>
<p><strong>El metaverso ya es una realidad tangible en el gaming, en el retail y en el márqueting</strong>, y se ha convertido en un escenario para la comercialización de activos digitales. Pero en unos pocos años se extenderá a todos los sectores, transformando por completo la producción industrial &#8211; con elementos como los gemelos digitales- l<strong>a distribución de contenidos, el posicionamiento e impacto de las marcas, la celebración de eventos, hasta campos como la formación y la salud</strong>, para citar algunos ejemplos.</p>
<p>Muchas empresas ya están tomando posiciones y trazando hojas de ruta en el metaverso y redefiniendo sus productos y estrategias para este contexto emergente y prometedor. Un estudio de McKinsey señala que la inversión en el metaverso ha superado los 114.000 millones de dólares entre enero y mayo de 2022, una muestra más de las enormes expectativas generadas por este ecosistema digital.</p>
<p><span style="color: #c12200;"><strong>Con la participación de:</strong></span></p>
<p><strong>Sra. M. Carmen Fernández, </strong>Innovation and New Business Manager, <strong>MEDIAPRO</strong></p>
<p><strong>Sr. Francesc Homs</strong>, Presidente <strong>C2G</strong> i <strong>INEO CORPORATE</strong></p>
<p><strong>Sra. Maria Mora, </strong>Directora de Innovación, <strong>Foment del Treball</strong></p>
<p><strong>Sr. Josep Sánchez LLibre, </strong>Presidente,<strong> Foment del Treball</strong></p>
<p><strong>Sr- Aleix Valls, </strong>CEO, <strong>LIQUID</strong></p>
