{"id":150815,"date":"2022-09-23T09:21:08","date_gmt":"2022-09-23T07:21:08","guid":{"rendered":"https:\/\/www.foment.com\/?post_type=ajde_events&#038;p=150815"},"modified":"2022-09-28T17:17:46","modified_gmt":"2022-09-28T15:17:46","slug":"una-nueva-oportunidad-para-el-mundo-empresarial-la-superacion-de-los-trastornos-del-aprendizaje-escolar","status":"publish","type":"ajde_events","link":"https:\/\/www.foment.com\/es\/events\/una-nueva-oportunidad-para-el-mundo-empresarial-la-superacion-de-los-trastornos-del-aprendizaje-escolar\/","title":{"rendered":"Una nueva oportunidad para el mundo empresarial: la superaci\u00f3n de los trastornos del aprendizaje escolar"},"content":{"rendered":"<section class=\"wpb-content-wrapper\"><p>[vc_row][vc_column][vc_column_text]<\/p>\n<p style=\"text-align: center;\"><span style=\"color: #a60f0f;\"><span style=\"font-size: 24px;\">Una nueva oportunidad para el mundo empresarial: la superaci\u00f3n de los trastornos del aprendizaje escolar<\/span><\/span><\/p>\n<p>Las <strong>dificultades escolares de los hijos<\/strong> son una importante <strong>causa de absentismo laboral<\/strong>, roturas matrimoniales y angustia de los empleados afectados. Adem\u00e1s, muchos j\u00f3venes con trastornos del aprendizaje tienen <strong>importantes dificultades en su incorporaci\u00f3n laboral<\/strong> y, tambi\u00e9n, en el mantenimiento de su puesto de trabajo.<\/p>\n<p>Tradicionalmente se ha considerado que las dificultades escolares son producto de los factores familiares, escolares o socioculturales que rodean a los ni\u00f1os y adolescentes, pero hoy est\u00e1 demostrado que <strong>el origen de estas dificultades son<\/strong>, en gran parte, debidas a <strong>deficiencias en el neurodesarrollo<\/strong> y no al car\u00e1cter de los ni\u00f1os. <strong>Las mayor\u00eda de estas deficiencias son corregibles<\/strong> antes de la mayor\u00eda de edad si se diagnostican y se tratan a tiempo, permitiendo que los escolares afectados puedan desarrollar una vida saludable, provechosa y aut\u00f3noma, <strong>revelando en muchos casos<\/strong> <strong>talentos y capacidades escondidos por estos trastornos<\/strong>. Si no se tratan a tiempo, pueden perdurar durante toda la vida.<\/p>\n<p>En Catalu\u00f1a, se diagnostican y se tratan de media solo 2 o 3 alumnos de cada 10 que lo necesitan, lo que significa que unos 140.000 alumnos con trastornos del aprendizaje no est\u00e1n ni diagnosticados ni tratados.<\/p>\n<p>Por ello, se considera que los <strong>programas de apoyo a los propios trabajadores con dificultades permanentes de aprendizaje o a sus hijos<\/strong> repercute en un importante impacto personal, laboral y social para toda su familia. A la vez que para las empresas invertir en este tipo de programas, adem\u00e1s del bienestar de los empleados, repercute positivamente en el rendimiento de toda la organizaci\u00f3n.<\/p>\n<p><strong>El objetivo de esta jornada es ofrecer informaci\u00f3n del alcance que tienen los trastornos del aprendizaje, no \u00fanicamente en un bajo rendimiento, fracaso y abandono escolar, sino tambi\u00e9n analizar las consecuencias que pueden llegar a tener en el \u00e1mbito laboral y cu\u00e1l es el papel que pueden jugar las empresas para mitigar sus efectos y descubrir nuevo talento y nuevas capacidades<\/strong>.[\/vc_column_text][vc_btn title=\u00bbDescargar programa\u00bb style=\u00bboutline-custom\u00bb outline_custom_color=\u00bb#dd3333&#8243; outline_custom_hover_background=\u00bb#000000&#8243; outline_custom_hover_text=\u00bb#ffffff\u00bb align=\u00bbcenter\u00bb link=\u00bburl:%20%20https%3A%2F%2Ffomentdeltreball.sharepoint.com%2F%3Ab%3A%2Fg%2FEYXWBscErbtGtGYJcMq3wBQBInf0d1QiDNice1TFnki-AA%3Fe%3DhIBwQ8&#8243; css=\u00bb.vc_custom_1664378256161{background-color: #ffffff !important;}\u00bb][\/vc_column][\/vc_row]<\/p>\n<\/section>","protected":false},"author":12,"featured_media":150816,"menu_order":0,"comment_status":"closed","ping_status":"closed","template":"","meta":{"_links_to":"","_links_to_target":""},"tags":[416,417,513],"event_type":[202],"event_type_2":[],"acf":[],"_links":{"self":[{"href":"https:\/\/www.foment.com\/es\/wp-json\/wp\/v2\/ajde_events\/150815"}],"collection":[{"href":"https:\/\/www.foment.com\/es\/wp-json\/wp\/v2\/ajde_events"}],"about":[{"href":"https:\/\/www.foment.com\/es\/wp-json\/wp\/v2\/types\/ajde_events"}],"author":[{"embeddable":true,"href":"https:\/\/www.foment.com\/es\/wp-json\/wp\/v2\/users\/12"}],"replies":[{"embeddable":true,"href":"https:\/\/www.foment.com\/es\/wp-json\/wp\/v2\/comments?post=150815"}],"wp:featuredmedia":[{"embeddable":true,"href":"https:\/\/www.foment.com\/es\/wp-json\/wp\/v2\/media\/150816"}],"wp:attachment":[{"href":"https:\/\/www.foment.com\/es\/wp-json\/wp\/v2\/media?parent=150815"}],"wp:term":[{"taxonomy":"post_tag","embeddable":true,"href":"https:\/\/www.foment.com\/es\/wp-json\/wp\/v2\/tags?post=150815"},{"taxonomy":"event_type","embeddable":true,"href":"https:\/\/www.foment.com\/es\/wp-json\/wp\/v2\/event_type?post=150815"},{"taxonomy":"event_type_2","embeddable":true,"href":"https:\/\/www.foment.com\/es\/wp-json\/wp\/v2\/event_type_2?post=150815"}],"curies":[{"name":"wp","href":"https:\/\/api.w.org\/{rel}","templated":true}]}}

Una nueva oportunidad para el mundo empresarial: la superación de los trastornos del aprendizaje escolar

<section class="wpb-content-wrapper"><p>[vc_row][vc_column][vc_column_text]</p>
<p style="text-align: center;"><span style="color: #a60f0f;"><span style="font-size: 24px;">Una nueva oportunidad para el mundo empresarial: la superación de los trastornos del aprendizaje escolar</span></span></p>
<p>Las <strong>dificultades escolares de los hijos</strong> son una importante <strong>causa de absentismo laboral</strong>, roturas matrimoniales y angustia de los empleados afectados. Además, muchos jóvenes con trastornos del aprendizaje tienen <strong>importantes dificultades en su incorporación laboral</strong> y, también, en el mantenimiento de su puesto de trabajo.</p>
<p>Tradicionalmente se ha considerado que las dificultades escolares son producto de los factores familiares, escolares o socioculturales que rodean a los niños y adolescentes, pero hoy está demostrado que <strong>el origen de estas dificultades son</strong>, en gran parte, debidas a <strong>deficiencias en el neurodesarrollo</strong> y no al carácter de los niños. <strong>Las mayoría de estas deficiencias son corregibles</strong> antes de la mayoría de edad si se diagnostican y se tratan a tiempo, permitiendo que los escolares afectados puedan desarrollar una vida saludable, provechosa y autónoma, <strong>revelando en muchos casos</strong> <strong>talentos y capacidades escondidos por estos trastornos</strong>. Si no se tratan a tiempo, pueden perdurar durante toda la vida.</p>
<p>En Cataluña, se diagnostican y se tratan de media solo 2 o 3 alumnos de cada 10 que lo necesitan, lo que significa que unos 140.000 alumnos con trastornos del aprendizaje no están ni diagnosticados ni tratados.</p>
<p>Por ello, se considera que los <strong>programas de apoyo a los propios trabajadores con dificultades permanentes de aprendizaje o a sus hijos</strong> repercute en un importante impacto personal, laboral y social para toda su familia. A la vez que para las empresas invertir en este tipo de programas, además del bienestar de los empleados, repercute positivamente en el rendimiento de toda la organización.</p>
<p><strong>El objetivo de esta jornada es ofrecer información del alcance que tienen los trastornos del aprendizaje, no únicamente en un bajo rendimiento, fracaso y abandono escolar, sino también analizar las consecuencias que pueden llegar a tener en el ámbito laboral y cuál es el papel que pueden jugar las empresas para mitigar sus efectos y descubrir nuevo talento y nuevas capacidades</strong>.[/vc_column_text][vc_btn title=»Descargar programa» style=»outline-custom» outline_custom_color=»#dd3333&#8243; outline_custom_hover_background=»#000000&#8243; outline_custom_hover_text=»#ffffff» align=»center» link=»url:%20%20https%3A%2F%2Ffomentdeltreball.sharepoint.com%2F%3Ab%3A%2Fg%2FEYXWBscErbtGtGYJcMq3wBQBInf0d1QiDNice1TFnki-AA%3Fe%3DhIBwQ8&#8243; css=».vc_custom_1664378256161{background-color: #ffffff !important;}»][/vc_column][/vc_row]</p>
</section>
