{"id":156369,"date":"2023-01-10T15:21:46","date_gmt":"2023-01-10T14:21:46","guid":{"rendered":"https:\/\/www.foment.com\/events\/fer-metropoli-amb-llum-delas\/"},"modified":"2023-01-24T09:32:17","modified_gmt":"2023-01-24T08:32:17","slug":"fer-metropoli-amb-llum-delas","status":"publish","type":"ajde_events","link":"https:\/\/www.foment.com\/es\/events\/fer-metropoli-amb-llum-delas\/","title":{"rendered":"Hacer Metr\u00f3poli con Llum Del\u00e0s"},"content":{"rendered":"<p style=\"text-align: left;\">Le invitamos a la conferencia de <strong>Sra. <span class=\"hiddenSpellError\">Llum<\/span>\u00a0<span class=\"hiddenSpellError\">Del\u00e0s<\/span>,<\/strong> presidenta de la Fundaci\u00f3n\u00a0<span class=\"hiddenSpellError\">Roure<\/span>,<strong> Sr. \u00c1<span class=\"hiddenSpellError\">ngel<\/span>\u00a0Sim\u00f3n,<\/strong> presidente del Consejo de patrocinadores de la Sociedad Barcelonesa de Estudios Econ\u00f3micos y Sociales de\u00a0<span class=\"hiddenSpellError\">Foment<\/span>\u00a0del\u00a0<span class=\"hiddenSpellError\">Treball<\/span>\u00a0que se celebrar\u00e1 el pr\u00f3ximo<strong> 14 de febrero a las 09:30 hora<\/strong>s en la sede de\u00a0<span class=\"hiddenSpellError\">Foment<\/span>\u00a0del\u00a0<span class=\"hiddenSpellError\">Treball<\/span>\u00a0y se <strong>emitir\u00e1 en directo por v\u00eda streaming<\/strong> a trav\u00e9s de la<a href=\"https:\/\/beeb0ca9fc774f889da478d85e69ce99.svc.dynamics.com\/t\/t\/AxtrMgA76WATC5cuX4Zxq9bfWeYImu11MxmbPTOk2ecx\/xfOK7bXytmKTvnQxfm9KitC4qyelgHxVbk82b8GL2vMx\" target=\"_blank\" rel=\"noopener\"> web del\u00a0<span class=\"hiddenSpellError\">RethinkBCN<\/span>.<\/a><\/p>\n<p>El acto ser\u00e1 conducido por la periodista\u00a0Gloria\u00a0Mar\u00edn.<\/p>\n<p style=\"text-align: center;\"><span style=\"font-size: 18pt; color: #c12238;\">El Tercer Sector como detector de las necesidades<\/span><\/p>\n<p style=\"text-align: left;\">Es importante poner de manifiesto las confluencias entre la empresa y la mejora social de nuestro mundo. Desde el Tercer Sector, desde donde me he movido y trabajado durante muchos de a\u00f1os, he visto diferentes maneras de acercarse y de implicarse en el mundo social, empobrecido y vulnerable. Algunas de estas maneras han estado ciertamente a favor de la transformaci\u00f3n social. Algunas otras, en cambio, se han beneficiado dando respuesta a necesidades de manera fraudulenta. Y otros que se acercan a la realidad m\u00e1s marginal y necesitada de nuestra sociedad, con ayudas y asistencia, aunque en muchos casos\u00a0<span class=\"hiddenSpellError\">cronificando<\/span>\u00a0pobrezas y haci\u00e9ndolas dependientes de subsidios y de todo tipo de ayudas.<\/p>\n<p>Evidentemente, la transformaci\u00f3n social es la apuesta que las\u00a0<span class=\"hiddenGrammarError\">ONGs<\/span>, las Fundaciones de proximidad, la sociedad civil organizada, el mundo empresarial con prop\u00f3sito social y las administraciones, cuando no se dejan llevar miedo las ideolog\u00edas pol\u00edticas de unos partidos concretos que las hunde en\u00a0<span class=\"hiddenGrammarError\">el<\/span>\u00a0sin sentido de la lucha, y no mirando la construcci\u00f3n social para todo el mundo. Hoy sabemos que la transformaci\u00f3n social es la que nos llevar\u00e1 a hacer que la ciudad, la metr\u00f3poli y cualquier comunidad humana, teja un bienestar humano que hace tiempo que se ha dejado atr\u00e1s en nuestros entornos.<\/p>\n<p>Barcelona ha acogido y todav\u00eda acoge a buena parte de las personas vulnerables que vienen en Catalu\u00f1a. Lleg\u00f3 la inmigraci\u00f3n del Sur de Espa\u00f1a. Trabajaron y salieron adelante. Ahora, muchas de las pensiones que tienen no llegan a cubrir los m\u00ednimos vitales que hoy se necesitan para tener una vejez acompa\u00f1ada en esta Ciudad. Los recursos no se corresponden con el envejecimiento poblacional. La escasez de vivienda p\u00fablica a precios asequibles hace que sean muchas las personas que trabajando y viviendo aqu\u00ed no tienen garantizado el poder vivir y alimentarse aut\u00f3nomamente.<\/p>\n<p>En Barcelona tenemos otro grave problema: el malvivir, que empieza a repercutir en el \u00e1rea metropolitana, de una inmigraci\u00f3n que nos llega y supuestamente se acoge con una ley de extranjer\u00eda que\u00a0<span class=\"hiddenSpellError\">esfiere<\/span>\u00a0y que no permite trabajar antes de tres o m\u00e1s a\u00f1os para poder ser contratado por cualquier empresa o particular. Pagar, esperando tres a\u00f1os hasta regularizar la documentaci\u00f3n, es objeto de sanciones econ\u00f3micas importantes.<\/p>\n<p>La contradicci\u00f3n es m\u00e1xima: supuestamente se acoge y \u201cse obliga\u201d a vivir del fraude, de la droga o de la delincuencia para subsistir. O la relaci\u00f3n p\u00fablico-privada se hace efectiva y se deja de recelar de quienes atendemos desde la escucha y la proximidad, o los Servicios Sociales tendr\u00edan que reinventarse y adaptarse en una poblaci\u00f3n cada vez m\u00e1s empobrecida y da\u00f1ada.<\/p>\n<p>En estos \u00faltimos a\u00f1os, colaborar con las empresas socialmente responsables ha estado y es un camino de transformaci\u00f3n social que augura un futuro corresponsable de una sociedad civil organizada y beneficiosa para la Ciudad y para\u00a0<span class=\"hiddenGrammarError\">l<\/span>\u00a0para el \u00e1rea metropolitana. Nos necesitamos.<\/p>\n<p><strong><span style=\"color: #c12238;\">LLum <span class=\"hiddenSpellError\">Del\u00e0s<\/span> Ugarte<\/span><\/strong><br \/>\nEs licenciada en Psicolog\u00eda y en Teolog\u00eda. M\u00e1ster en Psicogeriatria. Es religiosa del Sagrado Corazon. Est\u00e1 vinculada con diferentes responsabilidades a variar entidades sociales y culturales.<br \/>\nEs presidenta de la Fundaci\u00f3n <span class=\"hiddenSpellError\">Roure<\/span>. Hace 36 a\u00f1os que vive en el Rabal. Trabaja en Ciutat <span class=\"hiddenSpellError\">Vella<\/span>\u00a0de Barcelona. Asesora sobre temas sociales de la Obra Social de La Caixa. Patrona de la Fundaci\u00f3n de la Esperanza.<\/p>\n","protected":false},"author":7,"featured_media":156403,"menu_order":0,"comment_status":"closed","ping_status":"closed","template":"","meta":{"_links_to":"","_links_to_target":""},"tags":[],"event_type":[7279],"event_type_2":[],"acf":[],"_links":{"self":[{"href":"https:\/\/www.foment.com\/es\/wp-json\/wp\/v2\/ajde_events\/156369"}],"collection":[{"href":"https:\/\/www.foment.com\/es\/wp-json\/wp\/v2\/ajde_events"}],"about":[{"href":"https:\/\/www.foment.com\/es\/wp-json\/wp\/v2\/types\/ajde_events"}],"author":[{"embeddable":true,"href":"https:\/\/www.foment.com\/es\/wp-json\/wp\/v2\/users\/7"}],"replies":[{"embeddable":true,"href":"https:\/\/www.foment.com\/es\/wp-json\/wp\/v2\/comments?post=156369"}],"wp:featuredmedia":[{"embeddable":true,"href":"https:\/\/www.foment.com\/es\/wp-json\/wp\/v2\/media\/156403"}],"wp:attachment":[{"href":"https:\/\/www.foment.com\/es\/wp-json\/wp\/v2\/media?parent=156369"}],"wp:term":[{"taxonomy":"post_tag","embeddable":true,"href":"https:\/\/www.foment.com\/es\/wp-json\/wp\/v2\/tags?post=156369"},{"taxonomy":"event_type","embeddable":true,"href":"https:\/\/www.foment.com\/es\/wp-json\/wp\/v2\/event_type?post=156369"},{"taxonomy":"event_type_2","embeddable":true,"href":"https:\/\/www.foment.com\/es\/wp-json\/wp\/v2\/event_type_2?post=156369"}],"curies":[{"name":"wp","href":"https:\/\/api.w.org\/{rel}","templated":true}]}}

Hacer Metrópoli con Llum Delàs

<p style="text-align: left;">Le invitamos a la conferencia de <strong>Sra. <span class="hiddenSpellError">Llum</span> <span class="hiddenSpellError">Delàs</span>,</strong> presidenta de la Fundación <span class="hiddenSpellError">Roure</span>,<strong> Sr. Á<span class="hiddenSpellError">ngel</span> Simón,</strong> presidente del Consejo de patrocinadores de la Sociedad Barcelonesa de Estudios Económicos y Sociales de <span class="hiddenSpellError">Foment</span> del <span class="hiddenSpellError">Treball</span> que se celebrará el próximo<strong> 14 de febrero a las 09:30 hora</strong>s en la sede de <span class="hiddenSpellError">Foment</span> del <span class="hiddenSpellError">Treball</span> y se <strong>emitirá en directo por vía streaming</strong> a través de la<a href="https://beeb0ca9fc774f889da478d85e69ce99.svc.dynamics.com/t/t/AxtrMgA76WATC5cuX4Zxq9bfWeYImu11MxmbPTOk2ecx/xfOK7bXytmKTvnQxfm9KitC4qyelgHxVbk82b8GL2vMx" target="_blank" rel="noopener"> web del <span class="hiddenSpellError">RethinkBCN</span>.</a></p>
<p>El acto será conducido por la periodista Gloria Marín.</p>
<p style="text-align: center;"><span style="font-size: 18pt; color: #c12238;">El Tercer Sector como detector de las necesidades</span></p>
<p style="text-align: left;">Es importante poner de manifiesto las confluencias entre la empresa y la mejora social de nuestro mundo. Desde el Tercer Sector, desde donde me he movido y trabajado durante muchos de años, he visto diferentes maneras de acercarse y de implicarse en el mundo social, empobrecido y vulnerable. Algunas de estas maneras han estado ciertamente a favor de la transformación social. Algunas otras, en cambio, se han beneficiado dando respuesta a necesidades de manera fraudulenta. Y otros que se acercan a la realidad más marginal y necesitada de nuestra sociedad, con ayudas y asistencia, aunque en muchos casos <span class="hiddenSpellError">cronificando</span> pobrezas y haciéndolas dependientes de subsidios y de todo tipo de ayudas.</p>
<p>Evidentemente, la transformación social es la apuesta que las <span class="hiddenGrammarError">ONGs</span>, las Fundaciones de proximidad, la sociedad civil organizada, el mundo empresarial con propósito social y las administraciones, cuando no se dejan llevar miedo las ideologías políticas de unos partidos concretos que las hunde en <span class="hiddenGrammarError">el</span> sin sentido de la lucha, y no mirando la construcción social para todo el mundo. Hoy sabemos que la transformación social es la que nos llevará a hacer que la ciudad, la metrópoli y cualquier comunidad humana, teja un bienestar humano que hace tiempo que se ha dejado atrás en nuestros entornos.</p>
<p>Barcelona ha acogido y todavía acoge a buena parte de las personas vulnerables que vienen en Cataluña. Llegó la inmigración del Sur de España. Trabajaron y salieron adelante. Ahora, muchas de las pensiones que tienen no llegan a cubrir los mínimos vitales que hoy se necesitan para tener una vejez acompañada en esta Ciudad. Los recursos no se corresponden con el envejecimiento poblacional. La escasez de vivienda pública a precios asequibles hace que sean muchas las personas que trabajando y viviendo aquí no tienen garantizado el poder vivir y alimentarse autónomamente.</p>
<p>En Barcelona tenemos otro grave problema: el malvivir, que empieza a repercutir en el área metropolitana, de una inmigración que nos llega y supuestamente se acoge con una ley de extranjería que <span class="hiddenSpellError">esfiere</span> y que no permite trabajar antes de tres o más años para poder ser contratado por cualquier empresa o particular. Pagar, esperando tres años hasta regularizar la documentación, es objeto de sanciones económicas importantes.</p>
<p>La contradicción es máxima: supuestamente se acoge y “se obliga” a vivir del fraude, de la droga o de la delincuencia para subsistir. O la relación público-privada se hace efectiva y se deja de recelar de quienes atendemos desde la escucha y la proximidad, o los Servicios Sociales tendrían que reinventarse y adaptarse en una población cada vez más empobrecida y dañada.</p>
<p>En estos últimos años, colaborar con las empresas socialmente responsables ha estado y es un camino de transformación social que augura un futuro corresponsable de una sociedad civil organizada y beneficiosa para la Ciudad y para <span class="hiddenGrammarError">l</span> para el área metropolitana. Nos necesitamos.</p>
<p><strong><span style="color: #c12238;">LLum <span class="hiddenSpellError">Delàs</span> Ugarte</span></strong><br />
Es licenciada en Psicología y en Teología. Máster en Psicogeriatria. Es religiosa del Sagrado Corazon. Está vinculada con diferentes responsabilidades a variar entidades sociales y culturales.<br />
Es presidenta de la Fundación <span class="hiddenSpellError">Roure</span>. Hace 36 años que vive en el Rabal. Trabaja en Ciutat <span class="hiddenSpellError">Vella</span> de Barcelona. Asesora sobre temas sociales de la Obra Social de La Caixa. Patrona de la Fundación de la Esperanza.</p>
