{"id":157196,"date":"2023-02-13T13:30:36","date_gmt":"2023-02-13T12:30:36","guid":{"rendered":"https:\/\/www.foment.com\/?post_type=ajde_events&#038;p=157196"},"modified":"2023-02-13T13:30:36","modified_gmt":"2023-02-13T12:30:36","slug":"la-gestion-de-los-precursores-de-explosivos-en-la-industria-quimica-2","status":"publish","type":"ajde_events","link":"https:\/\/www.foment.com\/es\/events\/la-gestion-de-los-precursores-de-explosivos-en-la-industria-quimica-2\/","title":{"rendered":"La gesti\u00f3n de los precursores de explosivos en la industria qu\u00edmica"},"content":{"rendered":"<p>Determinadas sustancias qu\u00edmicas son consideradas precursoras de explosivos, componentes que pueden ser utilizadas para la fabricaci\u00f3n de explosivos. La adquisici\u00f3n, posesi\u00f3n utilizaci\u00f3n o introducci\u00f3n en el mercado de los precursores de explosivos est\u00e1 sujeto a la autorizaci\u00f3n por parte de las autoridades. En la presente jornada se pretende analizar con las empresas del sector qu\u00edmico afectadas y con la colaboraci\u00f3n de la Guardia Civil, cuerpo de seguridad responsable del control de los precursores, la legislaci\u00f3n, normativa y procedimientos que regulan estas transacciones.<\/p>\n<p><strong><u>Programa<\/u><\/strong><\/p>\n<p><strong>11.00h.<\/strong>\u00a0 \u00a0<strong>Bienvenida y presentaci\u00f3n<\/strong><\/p>\n<ul>\n<li><strong> Vicente Codes<\/strong>, presidente de la Comisi\u00f3n de Seguridad de Foment.<\/li>\n<li><strong>Teniente Coronel D. M\u00e1ximo S\u00e1nchez Gonz\u00e1le<\/strong>z<\/li>\n<\/ul>\n<p><strong>11.10h.<\/strong>\u00a0 \u00a0<strong>Normativa en la gesti\u00f3n de los precursores de explosivos<\/strong><\/p>\n<ul>\n<li><strong>Teniente Coronel D. M\u00e1ximo S\u00e1nchez Gonz\u00e1lez<\/strong>. Inspector de Precursores.<\/li>\n<li><strong>Capit\u00e1n D. Jorge Torres Rosal<\/strong>. Inspector de Precursores destinado en la Unidad de Polic\u00eda Judicial de la Zona de Catalu\u00f1a.<\/li>\n<\/ul>\n<p><strong>12.00h.<\/strong>\u00a0 \u00a0<strong>Debate<\/strong><\/p>\n<p>Desde la Comisi\u00f3n de Seguridad de Foment del Treball queremos dar informaci\u00f3n y herramientas a las industrias del sector qu\u00edmico para cumplir con los procedimientos administrativos y legales y buscar la colaboraci\u00f3n con los cuerpos de seguridad para una eficaz coordinaci\u00f3n.<\/p>\n","protected":false},"author":9,"featured_media":157195,"menu_order":0,"comment_status":"closed","ping_status":"closed","template":"","meta":{"_links_to":"","_links_to_target":""},"tags":[],"event_type":[199],"event_type_2":[],"acf":[],"_links":{"self":[{"href":"https:\/\/www.foment.com\/es\/wp-json\/wp\/v2\/ajde_events\/157196"}],"collection":[{"href":"https:\/\/www.foment.com\/es\/wp-json\/wp\/v2\/ajde_events"}],"about":[{"href":"https:\/\/www.foment.com\/es\/wp-json\/wp\/v2\/types\/ajde_events"}],"author":[{"embeddable":true,"href":"https:\/\/www.foment.com\/es\/wp-json\/wp\/v2\/users\/9"}],"replies":[{"embeddable":true,"href":"https:\/\/www.foment.com\/es\/wp-json\/wp\/v2\/comments?post=157196"}],"wp:featuredmedia":[{"embeddable":true,"href":"https:\/\/www.foment.com\/es\/wp-json\/wp\/v2\/media\/157195"}],"wp:attachment":[{"href":"https:\/\/www.foment.com\/es\/wp-json\/wp\/v2\/media?parent=157196"}],"wp:term":[{"taxonomy":"post_tag","embeddable":true,"href":"https:\/\/www.foment.com\/es\/wp-json\/wp\/v2\/tags?post=157196"},{"taxonomy":"event_type","embeddable":true,"href":"https:\/\/www.foment.com\/es\/wp-json\/wp\/v2\/event_type?post=157196"},{"taxonomy":"event_type_2","embeddable":true,"href":"https:\/\/www.foment.com\/es\/wp-json\/wp\/v2\/event_type_2?post=157196"}],"curies":[{"name":"wp","href":"https:\/\/api.w.org\/{rel}","templated":true}]}}

La gestión de los precursores de explosivos en la industria química

<p>Determinadas sustancias químicas son consideradas precursoras de explosivos, componentes que pueden ser utilizadas para la fabricación de explosivos. La adquisición, posesión utilización o introducción en el mercado de los precursores de explosivos está sujeto a la autorización por parte de las autoridades. En la presente jornada se pretende analizar con las empresas del sector químico afectadas y con la colaboración de la Guardia Civil, cuerpo de seguridad responsable del control de los precursores, la legislación, normativa y procedimientos que regulan estas transacciones.</p>
<p><strong><u>Programa</u></strong></p>
<p><strong>11.00h.</strong>   <strong>Bienvenida y presentación</strong></p>
<ul>
<li><strong> Vicente Codes</strong>, presidente de la Comisión de Seguridad de Foment.</li>
<li><strong>Teniente Coronel D. Máximo Sánchez Gonzále</strong>z</li>
</ul>
<p><strong>11.10h.</strong>   <strong>Normativa en la gestión de los precursores de explosivos</strong></p>
<ul>
<li><strong>Teniente Coronel D. Máximo Sánchez González</strong>. Inspector de Precursores.</li>
<li><strong>Capitán D. Jorge Torres Rosal</strong>. Inspector de Precursores destinado en la Unidad de Policía Judicial de la Zona de Cataluña.</li>
</ul>
<p><strong>12.00h.</strong>   <strong>Debate</strong></p>
<p>Desde la Comisión de Seguridad de Foment del Treball queremos dar información y herramientas a las industrias del sector químico para cumplir con los procedimientos administrativos y legales y buscar la colaboración con los cuerpos de seguridad para una eficaz coordinación.</p>
