{"id":161652,"date":"2023-04-25T15:15:34","date_gmt":"2023-04-25T13:15:34","guid":{"rendered":"https:\/\/www.foment.com\/es\/events\/ciclo-de-jornadas-finance-for-growth-sesion-sobre-financiacion-alternativa-diversificando-las-fuentes-de-financiacion-copy\/"},"modified":"2023-05-15T15:52:25","modified_gmt":"2023-05-15T13:52:25","slug":"mecenazgo","status":"publish","type":"ajde_events","link":"https:\/\/www.foment.com\/es\/events\/mecenazgo\/","title":{"rendered":"LA SOCIEDAD, LA INVESTIGACI\u00d3N, LA CULTURA Y EL DEPORTE NECESITAN M\u00c1S MECENAZGO."},"content":{"rendered":"<p><strong>Programa<\/strong><\/p>\n<p><strong>08:50 h. Recepci\u00f3n de los participantes.<\/strong><\/p>\n<p><strong>09:00 h. El papel del mecenazgo empresarial, incentivos fiscales y reputacionales. La importancia del mecenazgo y su papel social.<\/strong><br \/>\n<strong>\u00a0 \u00a0&#8211; D\u00f1a. Eugenia Bieto, Presidenta de la Coordinadora Catalana de Fundaciones. El r\u00e9gimen fiscal y comparado del mecenazgo.<\/strong><br \/>\n<strong>\u00a0 \u00a0&#8211; D\u00f1a. Maribel Villaro, Socia del Bufete Cuatrecasas. La incidencia reputacional y de imagen gracias al mecenazgo.<\/strong><br \/>\n<strong>\u00a0 \u00a0&#8211; D\u00f1a. Rosaura F\u00e9rriz, Directora de Asuntos P\u00fablicos KREAB.<\/strong><\/p>\n<p><strong>Moderador: D. Salvador Guillermo, Director de Econom\u00eda y Estudios de Fomento del Trabajo Nacional.<\/strong><\/p>\n<p><strong>09:50 h. La visi\u00f3n desde el mundo social, de la cultura, la investigaci\u00f3n y el deporte.<\/strong><\/p>\n<p><strong>\u00a0 \u00a0Cultura y mecenazgo<\/strong><br \/>\n<strong>\u00a0 \u00a0&#8211; D. F\u00e8lix Riera, Presidente de la Comisi\u00f3n Cultura de Foment el Treball<\/strong><br \/>\n<strong>\u00a0 \u00a0&#8211; D\u00f1a. Maite Esteve, Directora de Fundaci\u00f3 Catalunya Cultura<\/strong><\/p>\n<p><strong>\u00a0 \u00a0Deporte y mecenazgo<\/strong><br \/>\n<strong>\u00a0 \u00a0&#8211; D. Gerard Esteva, Presidente Comisi\u00f3n de Deporte de Foment del Treball<\/strong><\/p>\n<p><strong>\u00a0 \u00a0Investigaci\u00f3n y mecenazgo<\/strong><br \/>\n<strong>\u00a0 \u00a0&#8211; D. \u00c0ngel Font, director corporativo de CaixaResearch Institue y de Desarrollo y Salud en Portugal de Fundaci\u00f3n \u00abLa Caixa\u00bb y Presidente de Philea.<\/strong><\/p>\n<p><strong>\u00a0 \u00a0Sociedad inclusiva y mecenazgo<\/strong><br \/>\n<strong>\u00a0 \u00a0&#8211; D. Albert Alberich, Director de Modare (Caritas)<\/strong><\/p>\n<p><strong>Moderador: D. Salvador Guillermo, director de Econom\u00eda y estudios de Foment del Treball<\/strong><\/p>\n<p><strong>10:30 h. Posici\u00f3n de los grupos pol\u00edticos en relaci\u00f3n al mecenazgo<\/strong><br \/>\n<strong>\u00a0 \u00a0&#8211; D. Marc Lamu\u00e0, Portavoz del Grupo Socialista en la Comisi\u00f3n de Cultura del Congreso de los Diputados.<\/strong><br \/>\n<strong>\u00a0 \u00a0&#8211; D\u00f1a. Ma Soledad Cruz Guzm\u00e1n, Portavoz del Grupo Popular en la Comisi\u00f3n de Cultura del Congreso de los Diputados.<\/strong><br \/>\n<strong>\u00a0 \u00a0&#8211; D. Joan Margall, Portavoz del Grupo Republicano en la Comisi\u00f3n de Cultura del Congreso de los Diputados.<\/strong><br \/>\n<strong>\u00a0 \u00a0&#8211; D. Sergi Miquel Portavoz de Cultura del Grupo Plural &#8211; PDeCAT en la Comisi\u00f3n de Cultura del Congreso de los Diputados.<\/strong><\/p>\n<p><strong>Moderadora: D\u00f1a. Montse Surroca, Responsable de relaciones con las Cortes Generales de Fomento del Trabajo.<\/strong><\/p>\n<p><strong>11:00 h. Defensa Empresarial del mecenazgo<\/strong><br \/>\n<strong>\u00a0 \u00a0&#8211; D. Josep S\u00e1nchez Llibre, Presidente de Fomento del Trabajo<\/strong><\/p>\n<p><strong>11:15 h. Clausura<\/strong><br \/>\n<strong>\u00a0 \u00a0&#8211; D. Carles Campuzano, Hble. Consejero de Derechos Sociales de la Generalitat<\/strong><\/p>\n<p><strong>11:30 h. Fin del acto<\/strong><\/p>\n<p>&nbsp;<\/p>\n<p style=\"text-align: left;\"><strong>Lugar: Foment del Treball, Via Laietana, 32, piso Principal. Barcelona<\/strong><\/p>\n<p><strong>La sesi\u00f3n se celebrar\u00e1 en formato presencial y virtual. Es necesaria la inscripci\u00f3n en el siguiente enlace:<\/strong><\/p>\n<p>&nbsp;<\/p>\n<p style=\"text-align: center;\"><a href=\"https:\/\/forms.office.com\/e\/Znd9A5Zcbe\" target=\"_blank\" rel=\"noopener\"><span style=\"color: #800000;\"><strong><span style=\"font-size: 18pt;\">INSCRIPCI\u00d3N<\/span><\/strong><\/span><\/a><\/p>\n","protected":false},"author":7,"featured_media":161716,"menu_order":0,"comment_status":"closed","ping_status":"closed","template":"","meta":{"_links_to":"","_links_to_target":""},"tags":[],"event_type":[1434],"event_type_2":[],"acf":[],"_links":{"self":[{"href":"https:\/\/www.foment.com\/es\/wp-json\/wp\/v2\/ajde_events\/161652"}],"collection":[{"href":"https:\/\/www.foment.com\/es\/wp-json\/wp\/v2\/ajde_events"}],"about":[{"href":"https:\/\/www.foment.com\/es\/wp-json\/wp\/v2\/types\/ajde_events"}],"author":[{"embeddable":true,"href":"https:\/\/www.foment.com\/es\/wp-json\/wp\/v2\/users\/7"}],"replies":[{"embeddable":true,"href":"https:\/\/www.foment.com\/es\/wp-json\/wp\/v2\/comments?post=161652"}],"wp:featuredmedia":[{"embeddable":true,"href":"https:\/\/www.foment.com\/es\/wp-json\/wp\/v2\/media\/161716"}],"wp:attachment":[{"href":"https:\/\/www.foment.com\/es\/wp-json\/wp\/v2\/media?parent=161652"}],"wp:term":[{"taxonomy":"post_tag","embeddable":true,"href":"https:\/\/www.foment.com\/es\/wp-json\/wp\/v2\/tags?post=161652"},{"taxonomy":"event_type","embeddable":true,"href":"https:\/\/www.foment.com\/es\/wp-json\/wp\/v2\/event_type?post=161652"},{"taxonomy":"event_type_2","embeddable":true,"href":"https:\/\/www.foment.com\/es\/wp-json\/wp\/v2\/event_type_2?post=161652"}],"curies":[{"name":"wp","href":"https:\/\/api.w.org\/{rel}","templated":true}]}}

LA SOCIEDAD, LA INVESTIGACIÓN, LA CULTURA Y EL DEPORTE NECESITAN MÁS MECENAZGO.

<p><strong>Programa</strong></p>
<p><strong>08:50 h. Recepción de los participantes.</strong></p>
<p><strong>09:00 h. El papel del mecenazgo empresarial, incentivos fiscales y reputacionales. La importancia del mecenazgo y su papel social.</strong><br />
<strong>   &#8211; Dña. Eugenia Bieto, Presidenta de la Coordinadora Catalana de Fundaciones. El régimen fiscal y comparado del mecenazgo.</strong><br />
<strong>   &#8211; Dña. Maribel Villaro, Socia del Bufete Cuatrecasas. La incidencia reputacional y de imagen gracias al mecenazgo.</strong><br />
<strong>   &#8211; Dña. Rosaura Férriz, Directora de Asuntos Públicos KREAB.</strong></p>
<p><strong>Moderador: D. Salvador Guillermo, Director de Economía y Estudios de Fomento del Trabajo Nacional.</strong></p>
<p><strong>09:50 h. La visión desde el mundo social, de la cultura, la investigación y el deporte.</strong></p>
<p><strong>   Cultura y mecenazgo</strong><br />
<strong>   &#8211; D. Fèlix Riera, Presidente de la Comisión Cultura de Foment el Treball</strong><br />
<strong>   &#8211; Dña. Maite Esteve, Directora de Fundació Catalunya Cultura</strong></p>
<p><strong>   Deporte y mecenazgo</strong><br />
<strong>   &#8211; D. Gerard Esteva, Presidente Comisión de Deporte de Foment del Treball</strong></p>
<p><strong>   Investigación y mecenazgo</strong><br />
<strong>   &#8211; D. Àngel Font, director corporativo de CaixaResearch Institue y de Desarrollo y Salud en Portugal de Fundación «La Caixa» y Presidente de Philea.</strong></p>
<p><strong>   Sociedad inclusiva y mecenazgo</strong><br />
<strong>   &#8211; D. Albert Alberich, Director de Modare (Caritas)</strong></p>
<p><strong>Moderador: D. Salvador Guillermo, director de Economía y estudios de Foment del Treball</strong></p>
<p><strong>10:30 h. Posición de los grupos políticos en relación al mecenazgo</strong><br />
<strong>   &#8211; D. Marc Lamuà, Portavoz del Grupo Socialista en la Comisión de Cultura del Congreso de los Diputados.</strong><br />
<strong>   &#8211; Dña. Ma Soledad Cruz Guzmán, Portavoz del Grupo Popular en la Comisión de Cultura del Congreso de los Diputados.</strong><br />
<strong>   &#8211; D. Joan Margall, Portavoz del Grupo Republicano en la Comisión de Cultura del Congreso de los Diputados.</strong><br />
<strong>   &#8211; D. Sergi Miquel Portavoz de Cultura del Grupo Plural &#8211; PDeCAT en la Comisión de Cultura del Congreso de los Diputados.</strong></p>
<p><strong>Moderadora: Dña. Montse Surroca, Responsable de relaciones con las Cortes Generales de Fomento del Trabajo.</strong></p>
<p><strong>11:00 h. Defensa Empresarial del mecenazgo</strong><br />
<strong>   &#8211; D. Josep Sánchez Llibre, Presidente de Fomento del Trabajo</strong></p>
<p><strong>11:15 h. Clausura</strong><br />
<strong>   &#8211; D. Carles Campuzano, Hble. Consejero de Derechos Sociales de la Generalitat</strong></p>
<p><strong>11:30 h. Fin del acto</strong></p>
<p>&nbsp;</p>
<p style="text-align: left;"><strong>Lugar: Foment del Treball, Via Laietana, 32, piso Principal. Barcelona</strong></p>
<p><strong>La sesión se celebrará en formato presencial y virtual. Es necesaria la inscripción en el siguiente enlace:</strong></p>
<p>&nbsp;</p>
<p style="text-align: center;"><a href="https://forms.office.com/e/Znd9A5Zcbe" target="_blank" rel="noopener"><span style="color: #800000;"><strong><span style="font-size: 18pt;">INSCRIPCIÓN</span></strong></span></a></p>
