{"id":168104,"date":"2023-08-25T12:12:55","date_gmt":"2023-08-25T10:12:55","guid":{"rendered":"https:\/\/www.foment.com\/?post_type=ajde_events&#038;p=168104"},"modified":"2023-10-02T14:02:26","modified_gmt":"2023-10-02T12:02:26","slug":"pensamiento-innovador-en-seguridad-nuevos-enfoques-en-la-gestion-de-la-seguridad-y-salud-laboral-y-visita-interactiva-al-catalogo-de-soluciones","status":"publish","type":"ajde_events","link":"https:\/\/www.foment.com\/es\/events\/pensamiento-innovador-en-seguridad-nuevos-enfoques-en-la-gestion-de-la-seguridad-y-salud-laboral-y-visita-interactiva-al-catalogo-de-soluciones\/","title":{"rendered":"Pensamiento innovador en seguridad: nuevos enfoques en la gesti\u00f3n de la seguridad y salud laboral y visita interactiva al cat\u00e1logo de soluciones"},"content":{"rendered":"<section class=\"wpb-content-wrapper\"><p>[vc_row][vc_column][vc_column_text]<\/p>\n<p style=\"text-align: center;\"><span style=\"color: #a60f0f; font-family: verdana, geneva, sans-serif;\"><span style=\"font-size: 24px;\">Pensamiento innovador en seguridad: nuevos enfoques en la gesti\u00f3n de la seguridad y salud laboral y visita interactiva al cat\u00e1logo de soluciones<\/span><\/span><\/p>\n<p>&nbsp;<\/p>\n<p style=\"text-align: justify;\"><span style=\"font-family: verdana, geneva, sans-serif; font-size: 12pt;\">Los prevencionistas nos encontramos en muchas ocasiones con obst\u00e1culos que nos impiden evolucionar nuestra gesti\u00f3n preventiva, ya que existen obst\u00e1culos dentro de la cultura de las empresas que paralizan la madurez de la organizaci\u00f3n.<\/span><\/p>\n<p style=\"text-align: justify;\"><span style=\"font-family: verdana, geneva, sans-serif; font-size: 12pt;\">Como l\u00edderes en seguridad, nuestro papel se debe centrar en ayudar a la organizaci\u00f3n a superar estas barreras para poder evolucionar y mejorar. De aqu\u00ed que, desde Foment del Treball en colaboraci\u00f3n con i+3, hayamos elaborado un cat\u00e1logo recogiendo los enfoques m\u00e1s nuevos en la ciencia de la seguridad, con el objetivo de aportar nuevas ideas para superar estas barreras apoyados siempre en l\u00edneas de pensamiento y evidencia cient\u00edfica contrastada.<\/span><\/p>\n<p style=\"text-align: justify;\"><span style=\"font-family: verdana, geneva, sans-serif; font-size: 12pt;\">Es por ello que, el pr\u00f3ximo 4 de octubre, realizaremos un encuentro con profesionales de la prevenci\u00f3n para presentar esta nueva herramienta. El evento se realizar\u00e1 en el marco de un almuerzo que pretende emular el tradicional <strong>vernissage <\/strong>(en <em>franc\u00e9s, <\/em>literalmente, <em>barnizado), <\/em>t\u00e9rmino acu\u00f1ado para definir la visita previa que se realizaba antes de inaugurar una nueva colecci\u00f3n, donde se serv\u00eda un peque\u00f1o refrigerio y los asistentes pod\u00edan realizar una visita guiada y relajada a la exposici\u00f3n de manera exclusiva.\u00a0<\/span><\/p>\n<p style=\"text-align: justify;\"><span style=\"font-family: verdana, geneva, sans-serif; font-size: 12pt;\">Siguiendo esta tradici\u00f3n, haremos una breve presentaci\u00f3n de la herramienta <strong>\u00abPensamiento innovador en seguridad: nuevos enfoques en la gesti\u00f3n de la seguridad y la salud laboral\u00bb <\/strong>y a continuaci\u00f3n una exposici\u00f3n de la colecci\u00f3n de fichas. Para hacerlo de forma interactiva, hemos organizado una visita guiada por los contenidos en forma de cat\u00e1logo. As\u00ed, durante el almuerzo podr\u00e1s realizar un recorrido guiado por las tendencias m\u00e1s innovadoras en seguridad y descubrir como estos nuevos enfoques pueden ayudar a evolucionar la gesti\u00f3n preventiva.<\/span><\/p>\n<p style=\"text-align: justify;\"><span style=\"text-decoration: underline;\"><span style=\"font-family: verdana, geneva, sans-serif; font-size: 12pt;\"><strong>Para poder realizar la visita guiada a los contenidos del cat\u00e1logo, <em>son<\/em> necesarios auriculares y tel\u00e9fono m\u00f3vil puesto que podr\u00e1s acceder a una serie de materiales exclusivos no incluidos en el cat\u00e1logo.<\/strong><\/span><\/span><\/p>\n<p style=\"text-align: center;\"><span style=\"font-family: verdana, geneva, sans-serif; font-size: 12pt;\"><span style=\"text-decoration: underline;\">Plazas limitadas. La jornada se realizar\u00e1 \u00fanicamente en formato presencial<\/span><\/span><\/p>\n<p>[\/vc_column_text][vc_btn title=\u00bbDescargar programa\u00bb style=\u00bboutline-custom\u00bb outline_custom_color=\u00bb#dd3333&#8243; outline_custom_hover_background=\u00bb#000000&#8243; outline_custom_hover_text=\u00bb#ffffff\u00bb align=\u00bbcenter\u00bb link=\u00bburl:https%3A%2F%2Ffomentdeltreball.sharepoint.com%2F%3Ab%3A%2Fg%2FEcAyo_gGK3pLjuuB9zkADu4B7MXxbAiTh5BAyWwTmay7FQ%3Fe%3DH2d5Fn|target:_blank\u00bb css=\u00bb.vc_custom_1693903180293{background-color: #ffffff !important;}\u00bb][\/vc_column][\/vc_row][vc_row][vc_column][vc_single_image image=\u00bb160494&#8243; img_size=\u00bblarge\u00bb][\/vc_column][\/vc_row][vc_row][vc_column][vc_column_text]<\/p>\n<p>[\/vc_column_text][\/vc_column][\/vc_row]<\/p>\n<\/section>","protected":false},"author":12,"featured_media":168177,"menu_order":0,"comment_status":"closed","ping_status":"closed","template":"","meta":{"_links_to":"","_links_to_target":""},"tags":[416,417,513],"event_type":[202],"event_type_2":[],"acf":[],"_links":{"self":[{"href":"https:\/\/www.foment.com\/es\/wp-json\/wp\/v2\/ajde_events\/168104"}],"collection":[{"href":"https:\/\/www.foment.com\/es\/wp-json\/wp\/v2\/ajde_events"}],"about":[{"href":"https:\/\/www.foment.com\/es\/wp-json\/wp\/v2\/types\/ajde_events"}],"author":[{"embeddable":true,"href":"https:\/\/www.foment.com\/es\/wp-json\/wp\/v2\/users\/12"}],"replies":[{"embeddable":true,"href":"https:\/\/www.foment.com\/es\/wp-json\/wp\/v2\/comments?post=168104"}],"wp:featuredmedia":[{"embeddable":true,"href":"https:\/\/www.foment.com\/es\/wp-json\/wp\/v2\/media\/168177"}],"wp:attachment":[{"href":"https:\/\/www.foment.com\/es\/wp-json\/wp\/v2\/media?parent=168104"}],"wp:term":[{"taxonomy":"post_tag","embeddable":true,"href":"https:\/\/www.foment.com\/es\/wp-json\/wp\/v2\/tags?post=168104"},{"taxonomy":"event_type","embeddable":true,"href":"https:\/\/www.foment.com\/es\/wp-json\/wp\/v2\/event_type?post=168104"},{"taxonomy":"event_type_2","embeddable":true,"href":"https:\/\/www.foment.com\/es\/wp-json\/wp\/v2\/event_type_2?post=168104"}],"curies":[{"name":"wp","href":"https:\/\/api.w.org\/{rel}","templated":true}]}}

Pensamiento innovador en seguridad: nuevos enfoques en la gestión de la seguridad y salud laboral y visita interactiva al catálogo de soluciones

<section class="wpb-content-wrapper"><p>[vc_row][vc_column][vc_column_text]</p>
<p style="text-align: center;"><span style="color: #a60f0f; font-family: verdana, geneva, sans-serif;"><span style="font-size: 24px;">Pensamiento innovador en seguridad: nuevos enfoques en la gestión de la seguridad y salud laboral y visita interactiva al catálogo de soluciones</span></span></p>
<p>&nbsp;</p>
<p style="text-align: justify;"><span style="font-family: verdana, geneva, sans-serif; font-size: 12pt;">Los prevencionistas nos encontramos en muchas ocasiones con obstáculos que nos impiden evolucionar nuestra gestión preventiva, ya que existen obstáculos dentro de la cultura de las empresas que paralizan la madurez de la organización.</span></p>
<p style="text-align: justify;"><span style="font-family: verdana, geneva, sans-serif; font-size: 12pt;">Como líderes en seguridad, nuestro papel se debe centrar en ayudar a la organización a superar estas barreras para poder evolucionar y mejorar. De aquí que, desde Foment del Treball en colaboración con i+3, hayamos elaborado un catálogo recogiendo los enfoques más nuevos en la ciencia de la seguridad, con el objetivo de aportar nuevas ideas para superar estas barreras apoyados siempre en líneas de pensamiento y evidencia científica contrastada.</span></p>
<p style="text-align: justify;"><span style="font-family: verdana, geneva, sans-serif; font-size: 12pt;">Es por ello que, el próximo 4 de octubre, realizaremos un encuentro con profesionales de la prevención para presentar esta nueva herramienta. El evento se realizará en el marco de un almuerzo que pretende emular el tradicional <strong>vernissage </strong>(en <em>francés, </em>literalmente, <em>barnizado), </em>término acuñado para definir la visita previa que se realizaba antes de inaugurar una nueva colección, donde se servía un pequeño refrigerio y los asistentes podían realizar una visita guiada y relajada a la exposición de manera exclusiva. </span></p>
<p style="text-align: justify;"><span style="font-family: verdana, geneva, sans-serif; font-size: 12pt;">Siguiendo esta tradición, haremos una breve presentación de la herramienta <strong>«Pensamiento innovador en seguridad: nuevos enfoques en la gestión de la seguridad y la salud laboral» </strong>y a continuación una exposición de la colección de fichas. Para hacerlo de forma interactiva, hemos organizado una visita guiada por los contenidos en forma de catálogo. Así, durante el almuerzo podrás realizar un recorrido guiado por las tendencias más innovadoras en seguridad y descubrir como estos nuevos enfoques pueden ayudar a evolucionar la gestión preventiva.</span></p>
<p style="text-align: justify;"><span style="text-decoration: underline;"><span style="font-family: verdana, geneva, sans-serif; font-size: 12pt;"><strong>Para poder realizar la visita guiada a los contenidos del catálogo, <em>son</em> necesarios auriculares y teléfono móvil puesto que podrás acceder a una serie de materiales exclusivos no incluidos en el catálogo.</strong></span></span></p>
<p style="text-align: center;"><span style="font-family: verdana, geneva, sans-serif; font-size: 12pt;"><span style="text-decoration: underline;">Plazas limitadas. La jornada se realizará únicamente en formato presencial</span></span></p>
<p>[/vc_column_text][vc_btn title=»Descargar programa» style=»outline-custom» outline_custom_color=»#dd3333&#8243; outline_custom_hover_background=»#000000&#8243; outline_custom_hover_text=»#ffffff» align=»center» link=»url:https%3A%2F%2Ffomentdeltreball.sharepoint.com%2F%3Ab%3A%2Fg%2FEcAyo_gGK3pLjuuB9zkADu4B7MXxbAiTh5BAyWwTmay7FQ%3Fe%3DH2d5Fn|target:_blank» css=».vc_custom_1693903180293{background-color: #ffffff !important;}»][/vc_column][/vc_row][vc_row][vc_column][vc_single_image image=»160494&#8243; img_size=»large»][/vc_column][/vc_row][vc_row][vc_column][vc_column_text]</p>
<p>[/vc_column_text][/vc_column][/vc_row]</p>
</section>
