{"id":168853,"date":"2023-09-12T15:36:37","date_gmt":"2023-09-12T13:36:37","guid":{"rendered":"https:\/\/www.foment.com\/es\/events\/xi-edicion-premios-atlante-invitacion-al-acto-de-entrega\/"},"modified":"2023-11-07T10:49:39","modified_gmt":"2023-11-07T09:49:39","slug":"xi-edicion-premios-atlante-invitacion-al-acto-de-entrega","status":"publish","type":"ajde_events","link":"https:\/\/www.foment.com\/es\/events\/xi-edicion-premios-atlante-invitacion-al-acto-de-entrega\/","title":{"rendered":"XI Edici\u00f3n Premios Atlante. Invitaci\u00f3n al acto de entrega."},"content":{"rendered":"<section class=\"wpb-content-wrapper\"><p>[vc_row][vc_column]<div class=\"single_image wpb_content_element align-left    \" data-animation=\"none\" data-delay=\"0\"><img width=\"955\" height=\"119\" src=\"https:\/\/www.foment.com\/wp-content\/uploads\/2022\/11\/Banner_GenePRL_22.png\" class=\"attachment-large\" alt=\"\" loading=\"lazy\" title=\"Banner_GenePRL_22\" srcset=\"https:\/\/www.foment.com\/wp-content\/uploads\/2022\/11\/Banner_GenePRL_22.png 955w, https:\/\/www.foment.com\/wp-content\/uploads\/2022\/11\/Banner_GenePRL_22-300x37.png 300w, https:\/\/www.foment.com\/wp-content\/uploads\/2022\/11\/Banner_GenePRL_22-768x96.png 768w\" sizes=\"(max-width: 955px) 100vw, 955px\" \/><\/div>[vc_column_text]<\/p>\n<h2 style=\"text-align: center;\"><span style=\"color: #ab192d;\"><strong>XI Edici\u00f3n Premios Atlante.<\/strong><\/span><\/h2>\n<h3 style=\"text-align: center;\"><span style=\"color: #656565;\"><strong>Invitaci\u00f3n al acto de entrega<\/strong><\/span><\/h3>\n<p>&nbsp;<\/p>\n<p style=\"text-align: center;\">La Oficina de Prevenci\u00f3n de Riesgos Laborales de Foment del Treball, se complace en invitarle al acto de celebraci\u00f3n de la 11\u00aa Edici\u00f3n de los Premios Atlante.<\/p>\n<p style=\"text-align: center;\">El acto de reconocimiento de los galardonados tendr\u00e1 lugar, el pr\u00f3ximo d\u00eda 9 de noviembre de 2023, a las 12.00 horas, en el Sal\u00f3n de Actos de Foment del Treball (V\u00eda Layetana, 32, 08003 &#8211; Barcelona).<\/p>\n<p>[\/vc_column_text][\/vc_column][\/vc_row]<\/p>\n<\/section>","protected":false},"author":15,"featured_media":168860,"menu_order":0,"comment_status":"closed","ping_status":"closed","template":"","meta":{"_links_to":"","_links_to_target":""},"tags":[435,417,513],"event_type":[202],"event_type_2":[],"acf":[],"_links":{"self":[{"href":"https:\/\/www.foment.com\/es\/wp-json\/wp\/v2\/ajde_events\/168853"}],"collection":[{"href":"https:\/\/www.foment.com\/es\/wp-json\/wp\/v2\/ajde_events"}],"about":[{"href":"https:\/\/www.foment.com\/es\/wp-json\/wp\/v2\/types\/ajde_events"}],"author":[{"embeddable":true,"href":"https:\/\/www.foment.com\/es\/wp-json\/wp\/v2\/users\/15"}],"replies":[{"embeddable":true,"href":"https:\/\/www.foment.com\/es\/wp-json\/wp\/v2\/comments?post=168853"}],"wp:featuredmedia":[{"embeddable":true,"href":"https:\/\/www.foment.com\/es\/wp-json\/wp\/v2\/media\/168860"}],"wp:attachment":[{"href":"https:\/\/www.foment.com\/es\/wp-json\/wp\/v2\/media?parent=168853"}],"wp:term":[{"taxonomy":"post_tag","embeddable":true,"href":"https:\/\/www.foment.com\/es\/wp-json\/wp\/v2\/tags?post=168853"},{"taxonomy":"event_type","embeddable":true,"href":"https:\/\/www.foment.com\/es\/wp-json\/wp\/v2\/event_type?post=168853"},{"taxonomy":"event_type_2","embeddable":true,"href":"https:\/\/www.foment.com\/es\/wp-json\/wp\/v2\/event_type_2?post=168853"}],"curies":[{"name":"wp","href":"https:\/\/api.w.org\/{rel}","templated":true}]}}

XI Edición Premios Atlante. Invitación al acto de entrega.

<section class="wpb-content-wrapper"><p>[vc_row][vc_column]<div class="single_image wpb_content_element align-left    " data-animation="none" data-delay="0"><img width="955" height="119" src="https://www.foment.com/wp-content/uploads/2022/11/Banner_GenePRL_22.png" class="attachment-large" alt="" loading="lazy" title="Banner_GenePRL_22" srcset="https://www.foment.com/wp-content/uploads/2022/11/Banner_GenePRL_22.png 955w, https://www.foment.com/wp-content/uploads/2022/11/Banner_GenePRL_22-300x37.png 300w, https://www.foment.com/wp-content/uploads/2022/11/Banner_GenePRL_22-768x96.png 768w" sizes="(max-width: 955px) 100vw, 955px" /></div>[vc_column_text]</p>
<h2 style="text-align: center;"><span style="color: #ab192d;"><strong>XI Edición Premios Atlante.</strong></span></h2>
<h3 style="text-align: center;"><span style="color: #656565;"><strong>Invitación al acto de entrega</strong></span></h3>
<p>&nbsp;</p>
<p style="text-align: center;">La Oficina de Prevención de Riesgos Laborales de Foment del Treball, se complace en invitarle al acto de celebración de la 11ª Edición de los Premios Atlante.</p>
<p style="text-align: center;">El acto de reconocimiento de los galardonados tendrá lugar, el próximo día 9 de noviembre de 2023, a las 12.00 horas, en el Salón de Actos de Foment del Treball (Vía Layetana, 32, 08003 &#8211; Barcelona).</p>
<p>[/vc_column_text][/vc_column][/vc_row]</p>
</section>
