{"id":168887,"date":"2024-03-18T12:37:11","date_gmt":"2024-03-18T11:37:11","guid":{"rendered":"https:\/\/www.foment.com\/?post_type=ajde_events&#038;p=168887"},"modified":"2024-03-27T16:17:19","modified_gmt":"2024-03-27T15:17:19","slug":"jornada-ano-europeo-de-las-competencias","status":"publish","type":"ajde_events","link":"https:\/\/www.foment.com\/es\/events\/jornada-ano-europeo-de-las-competencias\/","title":{"rendered":"Jornada: A\u00f1o europeo de las competencias: acreditaci\u00f3n de competencias y microcredenciales"},"content":{"rendered":"<p><a href=\"https:\/\/www.foment.com\/es\/inscripciones-eventos\/?idevento=EV-000159&amp;tipo=M&amp;evento=A%C3%B1o%20Europeo%20de%20las%20competencias%20:%20acreditaci%C3%B3n%20de%20competencias%20y%20microcredenciales\"><img loading=\"lazy\" class=\"aligncenter wp-image-160582\" src=\"https:\/\/www.foment.com\/wp-content\/uploads\/2023\/03\/Boton-Original-300x144.png\" alt=\"\" width=\"176\" height=\"84\" srcset=\"https:\/\/www.foment.com\/wp-content\/uploads\/2023\/03\/Boton-Original-300x144.png 300w, https:\/\/www.foment.com\/wp-content\/uploads\/2023\/03\/Boton-Original.png 324w\" sizes=\"(max-width: 176px) 100vw, 176px\" \/><\/a><\/p>\n<p>&nbsp;<\/p>\n<p style=\"text-align: justify;\">El Parlamento Europeo y los estados miembros han llegado a un acuerdo pol\u00edtico para convertir el 2023 en el A\u00f1o Europeo de las Competencias. Durante este a\u00f1o, la Comisi\u00f3n, el Parlamento Europeo, los estados miembros, los agentes sociales, los servicios de ocupaci\u00f3n p\u00fablicos y privados, las c\u00e1maras de comercio e industria, los proveedores de educaci\u00f3n y formaci\u00f3n, los trabajadores y las empresas colaborar\u00e1n para promover el desarrollo de competencias, de forma que las oportunidades profesionales y vitales de la gente mejoren.<\/p>\n<p>&nbsp;<\/p>\n<p>&nbsp;<\/p>\n<p style=\"text-align: center;\"><span style=\"color: #d1221d;\"><strong>PROGRAMA<\/strong><\/span><\/p>\n<p><span style=\"color: #d1221d;\"><strong>09:40 h Acreditaci\u00f3n<\/strong><\/span><\/p>\n<p><span style=\"color: #d1221d;\"><strong>10:00 h Bienvenida<\/strong><\/span><\/p>\n<p><strong>Sr. Manuel Rosillo,<\/strong> presidente de la comisi\u00f3n de formaci\u00f3n de Foment del Treball<\/p>\n<p><span style=\"color: #d1221d;\"><strong>10:05 h A\u00f1o Europeo de las competencias: Objetivos y nacimiento de la idea<\/strong><\/span><\/p>\n<p>Ponencia a cargo de la <strong>Sra. Ana Carrero<\/strong>, Jefa adjunta de la unidad de formaci\u00f3n y educaci\u00f3n de la direcci\u00f3n general de Empleo para la jornada sobre European Year of Skills<\/p>\n<p><span style=\"color: #d1221d;\"><strong>10:45 h Microcredenciales<\/strong><\/span><\/p>\n<p>Ponencia a cargo de la <strong>Sra. Laia Arnal,<\/strong> directora general de <em>Transfer\u00e8ncia i Societat del Coneixemen<\/em>t<\/p>\n<p><span style=\"color: #d1221d;\"><strong>11.20 h Networking\/red de contactos y caf\u00e9<\/strong><\/span><\/p>\n<p><span style=\"color: #d1221d;\"><strong>11:40 h Acreditaci\u00f3n de competencias nuevo marco normativo<\/strong><\/span><\/p>\n<p>Ponencia a cargo de la <strong>Sra. Marta Fonseca<\/strong>, Subdirectora general de Servicios B\u00e1sicos del Sistema FPCAT<\/p>\n<p><span style=\"color: #d1221d;\"><strong>12:10 h La participaci\u00f3n empresarial en la acreditaci\u00f3n de competencias y en la formaci\u00f3n de las personas trabajadoras<\/strong><\/span><\/p>\n<p>Ponencia a cargo del <strong>Sr. Manuel Rosillo<\/strong>, presidente de la comisi\u00f3n de formaci\u00f3n de Foment del Treball<\/p>\n<p><span style=\"color: #d1221d;\"><strong>12:20 h La acreditaci\u00f3n en la pr\u00e1ctica: beneficios de la acreditaci\u00f3n<\/strong><\/span><\/p>\n<ul>\n<li><strong>AMITS<\/strong><\/li>\n<li><strong>Grup Agbar<\/strong><\/li>\n<\/ul>\n<p style=\"margin: 0cm; background: white;\"><span style=\"font-size: 10.5pt; font-family: 'Verdana',sans-serif; color: black;\">\u00a0<\/span><span style=\"color: #d1221d;\"><strong>12:45 h <b>Preguntas de los asistentes<\/b><\/strong><\/span><\/p>\n<p><span style=\"color: #d1221d;\"><strong>12:50 h Clausura<\/strong><\/span><\/p>\n<p><strong>Sr. Fabi\u00e1n Mohedano<\/strong>, presidente Agencia FPCAT<\/p>\n<p><strong>Sr. Manuel Rosillo<\/strong>, presidente de la comisi\u00f3n de formaci\u00f3n de Foment del Treball<\/p>\n<p>Esta jornada forma parte de los Planes de Formaci\u00f3n del \u00e1mbito de Catalu\u00f1a, dirigidos a la capacitaci\u00f3n por el desarrollando de las funciones relacionadas con el di\u00e1logo social y la negociaci\u00f3n colectiva. Expediente STC040\/23\/000002.<\/p>\n<p>&nbsp;<\/p>\n<table style=\"border-collapse: collapse; width: 100%;\">\n<tbody>\n<tr>\n<td style=\"width: 20%;\"><\/td>\n<td style=\"width: 20%; text-align: center;\"><span style=\"color: #d2112d;\"><strong>Con el apoyo de:\u00a0<a href=\"https:\/\/www.foment.com\/wp-content\/uploads\/2024\/03\/generalitat-300x76.jpg\"><img loading=\"lazy\" class=\"alignleft size-medium wp-image-179768\" src=\"https:\/\/www.foment.com\/wp-content\/uploads\/2024\/03\/generalitat-300x76.jpg\" alt=\"\" width=\"300\" height=\"76\" srcset=\"https:\/\/www.foment.com\/wp-content\/uploads\/2024\/03\/generalitat-300x76.jpg 300w, https:\/\/www.foment.com\/wp-content\/uploads\/2024\/03\/generalitat.jpg 451w\" sizes=\"(max-width: 300px) 100vw, 300px\" \/><\/a><\/strong><\/span><\/td>\n<td style=\"width: 20%; text-align: center;\"><\/td>\n<td style=\"width: 20%; text-align: center;\"><span style=\"color: #d2112d;\"><strong>Con la colaboraci\u00f3n de:<a href=\"https:\/\/www.foment.com\/wp-content\/uploads\/2024\/03\/ue.jpg\"><img loading=\"lazy\" class=\"size-full wp-image-179771 aligncenter\" src=\"https:\/\/www.foment.com\/wp-content\/uploads\/2024\/03\/ue.jpg\" alt=\"\" width=\"121\" height=\"81\" \/><\/a>\u00a0<\/strong><\/span><\/td>\n<td style=\"width: 20%;\"><\/td>\n<\/tr>\n<\/tbody>\n<\/table>\n","protected":false},"author":277,"featured_media":168890,"menu_order":0,"comment_status":"closed","ping_status":"closed","template":"","meta":{"_links_to":"","_links_to_target":""},"tags":[1237,7958],"event_type":[597],"event_type_2":[],"acf":[],"_links":{"self":[{"href":"https:\/\/www.foment.com\/es\/wp-json\/wp\/v2\/ajde_events\/168887"}],"collection":[{"href":"https:\/\/www.foment.com\/es\/wp-json\/wp\/v2\/ajde_events"}],"about":[{"href":"https:\/\/www.foment.com\/es\/wp-json\/wp\/v2\/types\/ajde_events"}],"author":[{"embeddable":true,"href":"https:\/\/www.foment.com\/es\/wp-json\/wp\/v2\/users\/277"}],"replies":[{"embeddable":true,"href":"https:\/\/www.foment.com\/es\/wp-json\/wp\/v2\/comments?post=168887"}],"wp:featuredmedia":[{"embeddable":true,"href":"https:\/\/www.foment.com\/es\/wp-json\/wp\/v2\/media\/168890"}],"wp:attachment":[{"href":"https:\/\/www.foment.com\/es\/wp-json\/wp\/v2\/media?parent=168887"}],"wp:term":[{"taxonomy":"post_tag","embeddable":true,"href":"https:\/\/www.foment.com\/es\/wp-json\/wp\/v2\/tags?post=168887"},{"taxonomy":"event_type","embeddable":true,"href":"https:\/\/www.foment.com\/es\/wp-json\/wp\/v2\/event_type?post=168887"},{"taxonomy":"event_type_2","embeddable":true,"href":"https:\/\/www.foment.com\/es\/wp-json\/wp\/v2\/event_type_2?post=168887"}],"curies":[{"name":"wp","href":"https:\/\/api.w.org\/{rel}","templated":true}]}}

Jornada: Año europeo de las competencias: acreditación de competencias y microcredenciales

<p><a href="https://www.foment.com/es/inscripciones-eventos/?idevento=EV-000159&amp;tipo=M&amp;evento=A%C3%B1o%20Europeo%20de%20las%20competencias%20:%20acreditaci%C3%B3n%20de%20competencias%20y%20microcredenciales"><img loading="lazy" class="aligncenter wp-image-160582" src="https://www.foment.com/wp-content/uploads/2023/03/Boton-Original-300x144.png" alt="" width="176" height="84" srcset="https://www.foment.com/wp-content/uploads/2023/03/Boton-Original-300x144.png 300w, https://www.foment.com/wp-content/uploads/2023/03/Boton-Original.png 324w" sizes="(max-width: 176px) 100vw, 176px" /></a></p>
<p>&nbsp;</p>
<p style="text-align: justify;">El Parlamento Europeo y los estados miembros han llegado a un acuerdo político para convertir el 2023 en el Año Europeo de las Competencias. Durante este año, la Comisión, el Parlamento Europeo, los estados miembros, los agentes sociales, los servicios de ocupación públicos y privados, las cámaras de comercio e industria, los proveedores de educación y formación, los trabajadores y las empresas colaborarán para promover el desarrollo de competencias, de forma que las oportunidades profesionales y vitales de la gente mejoren.</p>
<p>&nbsp;</p>
<p>&nbsp;</p>
<p style="text-align: center;"><span style="color: #d1221d;"><strong>PROGRAMA</strong></span></p>
<p><span style="color: #d1221d;"><strong>09:40 h Acreditación</strong></span></p>
<p><span style="color: #d1221d;"><strong>10:00 h Bienvenida</strong></span></p>
<p><strong>Sr. Manuel Rosillo,</strong> presidente de la comisión de formación de Foment del Treball</p>
<p><span style="color: #d1221d;"><strong>10:05 h Año Europeo de las competencias: Objetivos y nacimiento de la idea</strong></span></p>
<p>Ponencia a cargo de la <strong>Sra. Ana Carrero</strong>, Jefa adjunta de la unidad de formación y educación de la dirección general de Empleo para la jornada sobre European Year of Skills</p>
<p><span style="color: #d1221d;"><strong>10:45 h Microcredenciales</strong></span></p>
<p>Ponencia a cargo de la <strong>Sra. Laia Arnal,</strong> directora general de <em>Transferència i Societat del Coneixemen</em>t</p>
<p><span style="color: #d1221d;"><strong>11.20 h Networking/red de contactos y café</strong></span></p>
<p><span style="color: #d1221d;"><strong>11:40 h Acreditación de competencias nuevo marco normativo</strong></span></p>
<p>Ponencia a cargo de la <strong>Sra. Marta Fonseca</strong>, Subdirectora general de Servicios Básicos del Sistema FPCAT</p>
<p><span style="color: #d1221d;"><strong>12:10 h La participación empresarial en la acreditación de competencias y en la formación de las personas trabajadoras</strong></span></p>
<p>Ponencia a cargo del <strong>Sr. Manuel Rosillo</strong>, presidente de la comisión de formación de Foment del Treball</p>
<p><span style="color: #d1221d;"><strong>12:20 h La acreditación en la práctica: beneficios de la acreditación</strong></span></p>
<ul>
<li><strong>AMITS</strong></li>
<li><strong>Grup Agbar</strong></li>
</ul>
<p style="margin: 0cm; background: white;"><span style="font-size: 10.5pt; font-family: 'Verdana',sans-serif; color: black;"> </span><span style="color: #d1221d;"><strong>12:45 h <b>Preguntas de los asistentes</b></strong></span></p>
<p><span style="color: #d1221d;"><strong>12:50 h Clausura</strong></span></p>
<p><strong>Sr. Fabián Mohedano</strong>, presidente Agencia FPCAT</p>
<p><strong>Sr. Manuel Rosillo</strong>, presidente de la comisión de formación de Foment del Treball</p>
<p>Esta jornada forma parte de los Planes de Formación del ámbito de Cataluña, dirigidos a la capacitación por el desarrollando de las funciones relacionadas con el diálogo social y la negociación colectiva. Expediente STC040/23/000002.</p>
<p>&nbsp;</p>
<table style="border-collapse: collapse; width: 100%;">
<tbody>
<tr>
<td style="width: 20%;"></td>
<td style="width: 20%; text-align: center;"><span style="color: #d2112d;"><strong>Con el apoyo de: <a href="https://www.foment.com/wp-content/uploads/2024/03/generalitat-300x76.jpg"><img loading="lazy" class="alignleft size-medium wp-image-179768" src="https://www.foment.com/wp-content/uploads/2024/03/generalitat-300x76.jpg" alt="" width="300" height="76" srcset="https://www.foment.com/wp-content/uploads/2024/03/generalitat-300x76.jpg 300w, https://www.foment.com/wp-content/uploads/2024/03/generalitat.jpg 451w" sizes="(max-width: 300px) 100vw, 300px" /></a></strong></span></td>
<td style="width: 20%; text-align: center;"></td>
<td style="width: 20%; text-align: center;"><span style="color: #d2112d;"><strong>Con la colaboración de:<a href="https://www.foment.com/wp-content/uploads/2024/03/ue.jpg"><img loading="lazy" class="size-full wp-image-179771 aligncenter" src="https://www.foment.com/wp-content/uploads/2024/03/ue.jpg" alt="" width="121" height="81" /></a> </strong></span></td>
<td style="width: 20%;"></td>
</tr>
</tbody>
</table>
