{"id":172011,"date":"2023-10-30T12:32:11","date_gmt":"2023-10-30T11:32:11","guid":{"rendered":"https:\/\/www.foment.com\/?post_type=ajde_events&#038;p=172011"},"modified":"2023-11-02T09:25:26","modified_gmt":"2023-11-02T08:25:26","slug":"como-inciden-en-la-empresa-los-ultimos-avances-cientificos-para-prevenir-el-cancer-de-prostata","status":"publish","type":"ajde_events","link":"https:\/\/www.foment.com\/es\/events\/como-inciden-en-la-empresa-los-ultimos-avances-cientificos-para-prevenir-el-cancer-de-prostata\/","title":{"rendered":"\u00bfC\u00f3mo inciden en la empresa los \u00faltimos avances cient\u00edficos para prevenir el c\u00e1ncer de pr\u00f3stata?"},"content":{"rendered":"<section class=\"wpb-content-wrapper\"><p>[vc_row][vc_column][vc_column_text]<\/p>\n<p style=\"text-align: center;\"><span style=\"color: #a60f0f; font-family: verdana, geneva, sans-serif;\"><span style=\"font-size: 24px;\">\u00bfC\u00f3mo inciden en la empresa los \u00faltimos avances cient\u00edficos para prevenir el c\u00e1ncer de pr\u00f3stata?<\/span><\/span><\/p>\n<p style=\"text-align: justify;\"><span style=\"font-family: verdana, geneva, sans-serif;\">Fomento del Trabajo y la Fundaci\u00f3n Oncolliga organizan la tercera jornada sobre el c\u00e1ncer de pr\u00f3stata. En este nuevo encuentro, se expondr\u00e1n los \u00faltimos avances cient\u00edficos para prevenir esta enfermedad y como trabajan las empresas para difundirlos y aplicarlos a su personal.<\/span><\/p>\n<p style=\"text-align: justify;\"><span style=\"font-family: verdana, geneva, sans-serif;\"><strong>El c\u00e1ncer de pr\u00f3stata es el m\u00e1s com\u00fan entre los hombres<\/strong>, pero el incremento de las determinaciones del Ant\u00edgeno Prost\u00e1tico Espec\u00edfico (PSA) ha favorecido la detecci\u00f3n y, por tanto, la incidencia. Adem\u00e1s, las nuevas terapias hormonales han demostrado que incrementan la supervivencia y mejoran la calidad de vida.<\/span><\/p>\n<p style=\"text-align: justify;\"><span style=\"font-family: verdana, geneva, sans-serif;\">Esta jornada se enmarca en la <strong>campa\u00f1a Enormemente invisible<\/strong> que se puso en marcha el junio pasado, con el apoyo de Janssen, con motivo del D\u00eda Mundial del C\u00e1ncer de Pr\u00f3stata para dar visibilidad a esta enfermedad.<\/span><\/p>\n<p style=\"text-align: justify;\"><span style=\"font-family: verdana, geneva, sans-serif;\">La campa\u00f1a tambi\u00e9n ha llegado a las farmacias de la provincia de Barcelona con la distribuci\u00f3n de folletos informativos sobre qu\u00e9 conviene hacer para prevenir el c\u00e1ncer de pr\u00f3stata.<\/span><\/p>\n<p>&nbsp;<\/p>\n<p><span style=\"font-family: verdana, geneva, sans-serif;\">[\/vc_column_text][vc_btn title=\u00bbDescargar programa\u00bb style=\u00bboutline-custom\u00bb outline_custom_color=\u00bb#dd3333&#8243; outline_custom_hover_background=\u00bb#000000&#8243; outline_custom_hover_text=\u00bb#ffffff\u00bb align=\u00bbcenter\u00bb link=\u00bburl:https%3A%2F%2Ffomentdeltreball.sharepoint.com%2F%3Ab%3A%2Fg%2FEVMBdC7Imr1Ls1e-hreesxgBRAcn8Q_Qy8DW2lEYSua_Yg%3Fe%3D3mFbY8&#8243; css=\u00bb.vc_custom_1698913542109{background-color: #ffffff !important;}\u00bb][\/vc_column][\/vc_row][vc_row][vc_column][vc_column_text]<\/span>[\/vc_column_text][\/vc_column][\/vc_row]<\/p>\n<\/section>","protected":false},"author":12,"featured_media":172012,"menu_order":0,"comment_status":"closed","ping_status":"closed","template":"","meta":{"_links_to":"","_links_to_target":""},"tags":[416,417,513],"event_type":[202],"event_type_2":[],"acf":[],"_links":{"self":[{"href":"https:\/\/www.foment.com\/es\/wp-json\/wp\/v2\/ajde_events\/172011"}],"collection":[{"href":"https:\/\/www.foment.com\/es\/wp-json\/wp\/v2\/ajde_events"}],"about":[{"href":"https:\/\/www.foment.com\/es\/wp-json\/wp\/v2\/types\/ajde_events"}],"author":[{"embeddable":true,"href":"https:\/\/www.foment.com\/es\/wp-json\/wp\/v2\/users\/12"}],"replies":[{"embeddable":true,"href":"https:\/\/www.foment.com\/es\/wp-json\/wp\/v2\/comments?post=172011"}],"wp:featuredmedia":[{"embeddable":true,"href":"https:\/\/www.foment.com\/es\/wp-json\/wp\/v2\/media\/172012"}],"wp:attachment":[{"href":"https:\/\/www.foment.com\/es\/wp-json\/wp\/v2\/media?parent=172011"}],"wp:term":[{"taxonomy":"post_tag","embeddable":true,"href":"https:\/\/www.foment.com\/es\/wp-json\/wp\/v2\/tags?post=172011"},{"taxonomy":"event_type","embeddable":true,"href":"https:\/\/www.foment.com\/es\/wp-json\/wp\/v2\/event_type?post=172011"},{"taxonomy":"event_type_2","embeddable":true,"href":"https:\/\/www.foment.com\/es\/wp-json\/wp\/v2\/event_type_2?post=172011"}],"curies":[{"name":"wp","href":"https:\/\/api.w.org\/{rel}","templated":true}]}}

¿Cómo inciden en la empresa los últimos avances científicos para prevenir el cáncer de próstata?

<section class="wpb-content-wrapper"><p>[vc_row][vc_column][vc_column_text]</p>
<p style="text-align: center;"><span style="color: #a60f0f; font-family: verdana, geneva, sans-serif;"><span style="font-size: 24px;">¿Cómo inciden en la empresa los últimos avances científicos para prevenir el cáncer de próstata?</span></span></p>
<p style="text-align: justify;"><span style="font-family: verdana, geneva, sans-serif;">Fomento del Trabajo y la Fundación Oncolliga organizan la tercera jornada sobre el cáncer de próstata. En este nuevo encuentro, se expondrán los últimos avances científicos para prevenir esta enfermedad y como trabajan las empresas para difundirlos y aplicarlos a su personal.</span></p>
<p style="text-align: justify;"><span style="font-family: verdana, geneva, sans-serif;"><strong>El cáncer de próstata es el más común entre los hombres</strong>, pero el incremento de las determinaciones del Antígeno Prostático Específico (PSA) ha favorecido la detección y, por tanto, la incidencia. Además, las nuevas terapias hormonales han demostrado que incrementan la supervivencia y mejoran la calidad de vida.</span></p>
<p style="text-align: justify;"><span style="font-family: verdana, geneva, sans-serif;">Esta jornada se enmarca en la <strong>campaña Enormemente invisible</strong> que se puso en marcha el junio pasado, con el apoyo de Janssen, con motivo del Día Mundial del Cáncer de Próstata para dar visibilidad a esta enfermedad.</span></p>
<p style="text-align: justify;"><span style="font-family: verdana, geneva, sans-serif;">La campaña también ha llegado a las farmacias de la provincia de Barcelona con la distribución de folletos informativos sobre qué conviene hacer para prevenir el cáncer de próstata.</span></p>
<p>&nbsp;</p>
<p><span style="font-family: verdana, geneva, sans-serif;">[/vc_column_text][vc_btn title=»Descargar programa» style=»outline-custom» outline_custom_color=»#dd3333&#8243; outline_custom_hover_background=»#000000&#8243; outline_custom_hover_text=»#ffffff» align=»center» link=»url:https%3A%2F%2Ffomentdeltreball.sharepoint.com%2F%3Ab%3A%2Fg%2FEVMBdC7Imr1Ls1e-hreesxgBRAcn8Q_Qy8DW2lEYSua_Yg%3Fe%3D3mFbY8&#8243; css=».vc_custom_1698913542109{background-color: #ffffff !important;}»][/vc_column][/vc_row][vc_row][vc_column][vc_column_text]</span>[/vc_column_text][/vc_column][/vc_row]</p>
</section>
