{"id":176464,"date":"2024-01-09T09:00:52","date_gmt":"2024-01-09T08:00:52","guid":{"rendered":"https:\/\/www.foment.com\/?post_type=ajde_events&#038;p=176464"},"modified":"2024-01-09T17:34:08","modified_gmt":"2024-01-09T16:34:08","slug":"7o-industrial-meeting","status":"publish","type":"ajde_events","link":"https:\/\/www.foment.com\/es\/events\/7o-industrial-meeting\/","title":{"rendered":"7\u00ba. Industrial Meeting"},"content":{"rendered":"<section class=\"wpb-content-wrapper\"><p>[vc_row][vc_column text_align=\u00bbcenter\u00bb width=\u00bb1\/3&#8243;][\/vc_column][vc_column width=\u00bb1\/3&#8243;]<a href=\"https:\/\/www.foment.com\/es\/inscripciones-eventos\/?idevento=EV-000076&#038;tipo=P&#038;evento=7%C2%BA%20Industrial%20Meeting\" target=\"_blank\" class=\"button color-1 medium \" style=\"border-radius: 2px;\">Inscripci\u00f3n gratuita <\/a>[\/vc_column][vc_column width=\u00bb1\/3&#8243;][\/vc_column][\/vc_row][vc_row][vc_column][vc_column_text]<\/p>\n<p><span lang=\"ES\">El Industrial Meeting es una sesi\u00f3n anual en la que se abordan temas de actualidad del \u00e1mbito industrial contando con la participaci\u00f3n de panelistas de distinguido nivel, por lo que se trata de una excelente ocasi\u00f3n para que empresas y profesionales del sector puedan disponer de un an\u00e1lisis riguroso sobre las cuestiones estrat\u00e9gicas m\u00e1s relevantes del \u00e1mbito industrial.<\/span><\/p>\n<p><span lang=\"ES\">En este sentido, en la presente edici\u00f3n, abordaremos tres temas de absoluta importancia, en diferentes mesas redondas, a saber, la incertidumbre y su gesti\u00f3n a trav\u00e9s del an\u00e1lisis de riesgos, el desarrollo de los PERTEs relacionados con la industria y las alternativas para la reducci\u00f3n de la emisi\u00f3n de carbono mediante la captura y almacenamiento de CO2.<\/span><\/p>\n<p><span lang=\"ES\">1) An\u00e1lisis de riesgos: su creciente relevancia ante la mayor incertidumbre<i>.<\/i>\u00a0<\/span><\/p>\n<p><span lang=\"ES\">2) Los PERTEs en la industria: visi\u00f3n y perspectivas.<\/span><\/p>\n<p><span lang=\"ES\">3) La importancia de la captura y almacenamiento del CO\u2082 para la industria energ\u00e9tico-intensiva<i>.<\/i><\/span><\/p>\n<p><span lang=\"ES\">La presentaci\u00f3n ir\u00e1 a cargo del Presidente de Foment del Treball, el Sr. Josep S\u00e1nchez Llibre, y del Presidente de la Comisi\u00f3n de Industria, el Sr. Ignasi Ca\u00f1agueral, y del Secretario de Empresa y Competitividad, el Sr. Albert Castellanos.<\/span><\/p>\n<p>&nbsp;<\/p>\n<p><strong>PROGRAMA<\/strong><\/p>\n<p>&nbsp;<\/p>\n<p><b><span lang=\"ES\">9:00 h.\u00a0 Inauguraci\u00f3n.<\/span><\/b><\/p>\n<p><span lang=\"ES\"><strong>\u00a0 \u00a0Sr. Josep S\u00e1nchez Llibre, <\/strong>Presidente de Foment del Treball\u00a0<\/span><\/p>\n<p><span lang=\"ES\"><strong>\u00a0 \u00a0Sr. Ignasi Ca\u00f1agueral<\/strong>, Presidente de la Comisi\u00f3n de Industria de Foment del Treball<\/span><\/p>\n<p><span lang=\"ES\"><strong>\u00a0 \u00a0Sr. Albert Castellanos Maduell<\/strong>, Secretario de Empresa y Competitividad de la Generalitat de Catalunya.<\/span><\/p>\n<p>&nbsp;<\/p>\n<p><b><span lang=\"ES\">9:30 h. An\u00e1lisis de riesgos: su creciente relevancia ante una mayor incertidumbre.\u00a0<\/span><\/b><\/p>\n<p><span lang=\"ES\"><strong>\u00a0 \u00a0Moderador:<\/strong><strong>\u00a0<\/strong><\/span><span lang=\"ES\"><strong>Sr. Carles Cabrera i Massan\u00e9s,<\/strong>\u00a0Director General del Institut Cerd\u00e0<\/span><\/p>\n<p><span lang=\"ES\"><strong>\u00a0 \u00a0Sra. Sara de las Heras, <\/strong>Risk Chief Officer de SEAT<\/span><\/p>\n<p><span lang=\"ES\"><strong>\u00a0 \u00a0Sr. Enrique Garc\u00eda Maestre<\/strong>, Director Servicios Generales de Aig\u00fces de Barcelona<\/span><\/p>\n<p>&nbsp;<\/p>\n<p><b><span lang=\"ES\">10:15 h. Els PERTEs en la industria: visi\u00f3n y perspectivas.<\/span><\/b><\/p>\n<p><span lang=\"ES\"><strong>\u00a0 \u00a0Moderador: <\/strong><strong>Sr. Salvador Guillermo Vi\u00f1eta<\/strong>, Director de Econom\u00eda y Estudios de Foment del Treball<\/span><\/p>\n<p><span lang=\"ES\"><strong>\u00a0 \u00a0Sr. Jordi Carbonell<\/strong>, Comisionado especial para el PERTE Agroalimentario<\/span><\/p>\n<p><span lang=\"ES\"><strong>\u00a0 \u00a0Sra. Marta Angerri Feu,<\/strong> Directora\u00a0 de Finan\u00e7ament Europeu i Afers P\u00fablics, Sostenibilitat i RSC del Grupo Ametller Origen<\/span><\/p>\n<p>&nbsp;<\/p>\n<p><b><span lang=\"ES\">11:00 h. La importancia de la captura y almacenamiento del\u00a0<\/span><span lang=\"CA\">CO\u2082 para la industria energ\u00e9tico-intensiva.<\/span><\/b><\/p>\n<p><strong><span lang=\"ES\">\u00a0 \u00a0Moderadora: <\/span><\/strong><span lang=\"ES\"><strong>Sra. Neus Olea,\u00a0<\/strong>Directora de AEMES Smart<\/span><\/p>\n<p><strong><span lang=\"CA\">\u00a0 \u00a0Visi\u00f3n internacional<\/span><\/strong><\/p>\n<p><span lang=\"CA\"><strong>\u00a0 \u00a0Sr. Alexander Engh,<\/strong>\u00a0Director CCS, Ministerio de Petr\u00f3leo y Energ\u00eda de Noruega (en ingl\u00e9s)<\/span><\/p>\n<p><strong><span lang=\"CA\">\u00a0 \u00a0Visi\u00f3n nacional<\/span><\/strong><\/p>\n<p><span lang=\"CA\"><strong>\u00a0 \u00a0Sr. Mariano Garc\u00eda,<\/strong>\u00a0Director de Sostenibilidad de Holcim<\/span><\/p>\n<p><span lang=\"ES\"><strong>\u00a0 \u00a0Sr. Oriol Alcoba Malaspina<\/strong>, Director General de Industria de la Generalitat de Catalunya.<\/span><\/p>\n<p>&nbsp;<\/p>\n<p><b><span lang=\"ES\">12:00 h. Fin de la sesi\u00f3n.<\/span><\/b><\/p>\n<p>&nbsp;<\/p>\n<p><strong>Con la colaboraci\u00f3n de:<\/strong><\/p>\n<p><a href=\"https:\/\/www.foment.com\/wp-content\/uploads\/2024\/01\/logos-LaCaixa-Endesa.png\"><img loading=\"lazy\" class=\"alignnone size-medium wp-image-176482\" src=\"https:\/\/www.foment.com\/wp-content\/uploads\/2024\/01\/logos-LaCaixa-Endesa-300x53.png\" alt=\"\" width=\"300\" height=\"53\" srcset=\"https:\/\/www.foment.com\/wp-content\/uploads\/2024\/01\/logos-LaCaixa-Endesa-300x53.png 300w, https:\/\/www.foment.com\/wp-content\/uploads\/2024\/01\/logos-LaCaixa-Endesa.png 451w\" sizes=\"(max-width: 300px) 100vw, 300px\" \/><\/a>[\/vc_column_text][\/vc_column][\/vc_row]<\/p>\n<\/section>","protected":false},"author":7,"featured_media":176447,"menu_order":0,"comment_status":"closed","ping_status":"closed","template":"","meta":{"_links_to":"","_links_to_target":""},"tags":[8198,2046,863,7271],"event_type":[1434],"event_type_2":[],"acf":[],"_links":{"self":[{"href":"https:\/\/www.foment.com\/es\/wp-json\/wp\/v2\/ajde_events\/176464"}],"collection":[{"href":"https:\/\/www.foment.com\/es\/wp-json\/wp\/v2\/ajde_events"}],"about":[{"href":"https:\/\/www.foment.com\/es\/wp-json\/wp\/v2\/types\/ajde_events"}],"author":[{"embeddable":true,"href":"https:\/\/www.foment.com\/es\/wp-json\/wp\/v2\/users\/7"}],"replies":[{"embeddable":true,"href":"https:\/\/www.foment.com\/es\/wp-json\/wp\/v2\/comments?post=176464"}],"wp:featuredmedia":[{"embeddable":true,"href":"https:\/\/www.foment.com\/es\/wp-json\/wp\/v2\/media\/176447"}],"wp:attachment":[{"href":"https:\/\/www.foment.com\/es\/wp-json\/wp\/v2\/media?parent=176464"}],"wp:term":[{"taxonomy":"post_tag","embeddable":true,"href":"https:\/\/www.foment.com\/es\/wp-json\/wp\/v2\/tags?post=176464"},{"taxonomy":"event_type","embeddable":true,"href":"https:\/\/www.foment.com\/es\/wp-json\/wp\/v2\/event_type?post=176464"},{"taxonomy":"event_type_2","embeddable":true,"href":"https:\/\/www.foment.com\/es\/wp-json\/wp\/v2\/event_type_2?post=176464"}],"curies":[{"name":"wp","href":"https:\/\/api.w.org\/{rel}","templated":true}]}}

7º. Industrial Meeting

<section class="wpb-content-wrapper"><p>[vc_row][vc_column text_align=»center» width=»1/3&#8243;][/vc_column][vc_column width=»1/3&#8243;]<a href="https://www.foment.com/es/inscripciones-eventos/?idevento=EV-000076&#038;tipo=P&#038;evento=7%C2%BA%20Industrial%20Meeting" target="_blank" class="button color-1 medium " style="border-radius: 2px;">Inscripción gratuita </a>[/vc_column][vc_column width=»1/3&#8243;][/vc_column][/vc_row][vc_row][vc_column][vc_column_text]</p>
<p><span lang="ES">El Industrial Meeting es una sesión anual en la que se abordan temas de actualidad del ámbito industrial contando con la participación de panelistas de distinguido nivel, por lo que se trata de una excelente ocasión para que empresas y profesionales del sector puedan disponer de un análisis riguroso sobre las cuestiones estratégicas más relevantes del ámbito industrial.</span></p>
<p><span lang="ES">En este sentido, en la presente edición, abordaremos tres temas de absoluta importancia, en diferentes mesas redondas, a saber, la incertidumbre y su gestión a través del análisis de riesgos, el desarrollo de los PERTEs relacionados con la industria y las alternativas para la reducción de la emisión de carbono mediante la captura y almacenamiento de CO2.</span></p>
<p><span lang="ES">1) Análisis de riesgos: su creciente relevancia ante la mayor incertidumbre<i>.</i> </span></p>
<p><span lang="ES">2) Los PERTEs en la industria: visión y perspectivas.</span></p>
<p><span lang="ES">3) La importancia de la captura y almacenamiento del CO₂ para la industria energético-intensiva<i>.</i></span></p>
<p><span lang="ES">La presentación irá a cargo del Presidente de Foment del Treball, el Sr. Josep Sánchez Llibre, y del Presidente de la Comisión de Industria, el Sr. Ignasi Cañagueral, y del Secretario de Empresa y Competitividad, el Sr. Albert Castellanos.</span></p>
<p>&nbsp;</p>
<p><strong>PROGRAMA</strong></p>
<p>&nbsp;</p>
<p><b><span lang="ES">9:00 h.  Inauguración.</span></b></p>
<p><span lang="ES"><strong>   Sr. Josep Sánchez Llibre, </strong>Presidente de Foment del Treball </span></p>
<p><span lang="ES"><strong>   Sr. Ignasi Cañagueral</strong>, Presidente de la Comisión de Industria de Foment del Treball</span></p>
<p><span lang="ES"><strong>   Sr. Albert Castellanos Maduell</strong>, Secretario de Empresa y Competitividad de la Generalitat de Catalunya.</span></p>
<p>&nbsp;</p>
<p><b><span lang="ES">9:30 h. Análisis de riesgos: su creciente relevancia ante una mayor incertidumbre. </span></b></p>
<p><span lang="ES"><strong>   Moderador:</strong><strong> </strong></span><span lang="ES"><strong>Sr. Carles Cabrera i Massanés,</strong> Director General del Institut Cerdà</span></p>
<p><span lang="ES"><strong>   Sra. Sara de las Heras, </strong>Risk Chief Officer de SEAT</span></p>
<p><span lang="ES"><strong>   Sr. Enrique García Maestre</strong>, Director Servicios Generales de Aigües de Barcelona</span></p>
<p>&nbsp;</p>
<p><b><span lang="ES">10:15 h. Els PERTEs en la industria: visión y perspectivas.</span></b></p>
<p><span lang="ES"><strong>   Moderador: </strong><strong>Sr. Salvador Guillermo Viñeta</strong>, Director de Economía y Estudios de Foment del Treball</span></p>
<p><span lang="ES"><strong>   Sr. Jordi Carbonell</strong>, Comisionado especial para el PERTE Agroalimentario</span></p>
<p><span lang="ES"><strong>   Sra. Marta Angerri Feu,</strong> Directora  de Finançament Europeu i Afers Públics, Sostenibilitat i RSC del Grupo Ametller Origen</span></p>
<p>&nbsp;</p>
<p><b><span lang="ES">11:00 h. La importancia de la captura y almacenamiento del </span><span lang="CA">CO₂ para la industria energético-intensiva.</span></b></p>
<p><strong><span lang="ES">   Moderadora: </span></strong><span lang="ES"><strong>Sra. Neus Olea, </strong>Directora de AEMES Smart</span></p>
<p><strong><span lang="CA">   Visión internacional</span></strong></p>
<p><span lang="CA"><strong>   Sr. Alexander Engh,</strong> Director CCS, Ministerio de Petróleo y Energía de Noruega (en inglés)</span></p>
<p><strong><span lang="CA">   Visión nacional</span></strong></p>
<p><span lang="CA"><strong>   Sr. Mariano García,</strong> Director de Sostenibilidad de Holcim</span></p>
<p><span lang="ES"><strong>   Sr. Oriol Alcoba Malaspina</strong>, Director General de Industria de la Generalitat de Catalunya.</span></p>
<p>&nbsp;</p>
<p><b><span lang="ES">12:00 h. Fin de la sesión.</span></b></p>
<p>&nbsp;</p>
<p><strong>Con la colaboración de:</strong></p>
<p><a href="https://www.foment.com/wp-content/uploads/2024/01/logos-LaCaixa-Endesa.png"><img loading="lazy" class="alignnone size-medium wp-image-176482" src="https://www.foment.com/wp-content/uploads/2024/01/logos-LaCaixa-Endesa-300x53.png" alt="" width="300" height="53" srcset="https://www.foment.com/wp-content/uploads/2024/01/logos-LaCaixa-Endesa-300x53.png 300w, https://www.foment.com/wp-content/uploads/2024/01/logos-LaCaixa-Endesa.png 451w" sizes="(max-width: 300px) 100vw, 300px" /></a>[/vc_column_text][/vc_column][/vc_row]</p>
</section>
