{"id":176743,"date":"2024-01-12T11:08:20","date_gmt":"2024-01-12T10:08:20","guid":{"rendered":"https:\/\/www.foment.com\/?post_type=ajde_events&#038;p=176743"},"modified":"2024-01-31T13:39:27","modified_gmt":"2024-01-31T12:39:27","slug":"fer-metropoli-amb-antonio-balmon","status":"publish","type":"ajde_events","link":"https:\/\/www.foment.com\/es\/events\/fer-metropoli-amb-antonio-balmon\/","title":{"rendered":"Fer Metr\u00f2poli amb Antonio Balm\u00f3n"},"content":{"rendered":"<p>Me complace invitarle a la conferencia del Sr. Antoni Balm\u00f3n, alcalde de Cornell\u00e0 de Llobregat y vicepresidente ejecutivo del \u00c0rea Metropolitana de Barcelona.<\/p>\n<p>El acto ser\u00e1 presentado por el <strong>Sr. \u00c1ngel Sim\u00f3n<\/strong>, Presidente del Consejo de patrocinadores de la Sociedad Barcelonesa de Estudios Econ\u00f3micos y Sociales de Foment del Treball y Consejero Delegado de Criteria Caixa.<\/p>\n<p>que se celebrar\u00e1 el pr\u00f3ximo 13 de febrero a las 09:30 horas en la sede de Foment del Treball y se emitir\u00e1 en directo por v\u00eda streaming a trav\u00e9s de la web del RethinkBCN.<\/p>\n<p>El acto ser\u00e1 conducido por la periodista <strong>Gl\u00f2ria Mar\u00edn<\/strong>.<\/p>\n<p>Para asistir personalmente, es necesaria la <strong>inscripci\u00f3n previa<\/strong>.<\/p>\n<p><a href=\"https:\/\/www.foment.com\/inscripcions-events\/?idevento=EV-000082&amp;tipo=P&amp;evento=Fer%20metr%C3%B2poli%20amb%20Antoni%20Balm%C3%B3n_13\/2\/24\"><span style=\"color: #ff0000;\"><strong>INSCRIPCI\u00d3N<\/strong><\/span><\/a><\/p>\n<p><em><strong>La metr\u00f3polis de las respuestas<\/strong><\/em><\/p>\n<p>Por Antonio Balm\u00f3n<\/p>\n<p>Alcalde de Cornell\u00e0 de Llobregat y vicepresidente ejecutivo del \u00c1rea Metropolitana de Barcelona<\/p>\n<p><span style=\"color: #808080;\">El \u00c1rea Metropolitana de Barcelona se ha consolidado en los \u00faltimos a\u00f1os como una administraci\u00f3n s\u00f3lida y moderna con prestigio internacional. Una instituci\u00f3n que presta servicios t\u00e9cnicos de calidad a 36 ayuntamientos y 3,3 millones de ciudadanos y ciudadanas. El gobierno metropolitano encara el horizonte 2030 queriendo dar respuestas y soluciones a partir de cinco grandes ejes: equidad y cohesi\u00f3n social, movilidad sostenible, protecci\u00f3n del medio ambiente, planificaci\u00f3n del territorio, seguridad y convivencia. El AMB dispondr\u00e1 de nuevos planes e instrumentos que promover\u00e1n la solidaridad metropolitana, el progreso social y econ\u00f3mico y una mejora en la calidad de vida de las personas. Sin embargo, estos objetivos requerir\u00e1n consensos, lealtades, mayor influencia y presencia en los grandes debates del pa\u00eds y una financiaci\u00f3n justa para hacerle frente.<\/span><\/p>\n","protected":false},"author":9,"featured_media":176742,"menu_order":0,"comment_status":"closed","ping_status":"closed","template":"","meta":{"_links_to":"","_links_to_target":""},"tags":[],"event_type":[7279],"event_type_2":[],"acf":[],"_links":{"self":[{"href":"https:\/\/www.foment.com\/es\/wp-json\/wp\/v2\/ajde_events\/176743"}],"collection":[{"href":"https:\/\/www.foment.com\/es\/wp-json\/wp\/v2\/ajde_events"}],"about":[{"href":"https:\/\/www.foment.com\/es\/wp-json\/wp\/v2\/types\/ajde_events"}],"author":[{"embeddable":true,"href":"https:\/\/www.foment.com\/es\/wp-json\/wp\/v2\/users\/9"}],"replies":[{"embeddable":true,"href":"https:\/\/www.foment.com\/es\/wp-json\/wp\/v2\/comments?post=176743"}],"wp:featuredmedia":[{"embeddable":true,"href":"https:\/\/www.foment.com\/es\/wp-json\/wp\/v2\/media\/176742"}],"wp:attachment":[{"href":"https:\/\/www.foment.com\/es\/wp-json\/wp\/v2\/media?parent=176743"}],"wp:term":[{"taxonomy":"post_tag","embeddable":true,"href":"https:\/\/www.foment.com\/es\/wp-json\/wp\/v2\/tags?post=176743"},{"taxonomy":"event_type","embeddable":true,"href":"https:\/\/www.foment.com\/es\/wp-json\/wp\/v2\/event_type?post=176743"},{"taxonomy":"event_type_2","embeddable":true,"href":"https:\/\/www.foment.com\/es\/wp-json\/wp\/v2\/event_type_2?post=176743"}],"curies":[{"name":"wp","href":"https:\/\/api.w.org\/{rel}","templated":true}]}}

Fer Metròpoli amb Antonio Balmón

<p>Me complace invitarle a la conferencia del Sr. Antoni Balmón, alcalde de Cornellà de Llobregat y vicepresidente ejecutivo del Àrea Metropolitana de Barcelona.</p>
<p>El acto será presentado por el <strong>Sr. Ángel Simón</strong>, Presidente del Consejo de patrocinadores de la Sociedad Barcelonesa de Estudios Económicos y Sociales de Foment del Treball y Consejero Delegado de Criteria Caixa.</p>
<p>que se celebrará el próximo 13 de febrero a las 09:30 horas en la sede de Foment del Treball y se emitirá en directo por vía streaming a través de la web del RethinkBCN.</p>
<p>El acto será conducido por la periodista <strong>Glòria Marín</strong>.</p>
<p>Para asistir personalmente, es necesaria la <strong>inscripción previa</strong>.</p>
<p><a href="https://www.foment.com/inscripcions-events/?idevento=EV-000082&amp;tipo=P&amp;evento=Fer%20metr%C3%B2poli%20amb%20Antoni%20Balm%C3%B3n_13/2/24"><span style="color: #ff0000;"><strong>INSCRIPCIÓN</strong></span></a></p>
<p><em><strong>La metrópolis de las respuestas</strong></em></p>
<p>Por Antonio Balmón</p>
<p>Alcalde de Cornellà de Llobregat y vicepresidente ejecutivo del Área Metropolitana de Barcelona</p>
<p><span style="color: #808080;">El Área Metropolitana de Barcelona se ha consolidado en los últimos años como una administración sólida y moderna con prestigio internacional. Una institución que presta servicios técnicos de calidad a 36 ayuntamientos y 3,3 millones de ciudadanos y ciudadanas. El gobierno metropolitano encara el horizonte 2030 queriendo dar respuestas y soluciones a partir de cinco grandes ejes: equidad y cohesión social, movilidad sostenible, protección del medio ambiente, planificación del territorio, seguridad y convivencia. El AMB dispondrá de nuevos planes e instrumentos que promoverán la solidaridad metropolitana, el progreso social y económico y una mejora en la calidad de vida de las personas. Sin embargo, estos objetivos requerirán consensos, lealtades, mayor influencia y presencia en los grandes debates del país y una financiación justa para hacerle frente.</span></p>
