{"id":178950,"date":"2024-03-01T11:11:48","date_gmt":"2024-03-01T10:11:48","guid":{"rendered":"https:\/\/www.foment.com\/events\/colloqui-sobre-les-eleccions-europees-amb-jaume-duch-director-general-de-comunicacio-i-portaveu-del-parlament-europeu\/"},"modified":"2024-03-01T11:19:09","modified_gmt":"2024-03-01T10:19:09","slug":"colloqui-sobre-les-eleccions-europees-amb-jaume-duch-director-general-de-comunicacio-i-portaveu-del-parlament-europeu","status":"publish","type":"ajde_events","link":"https:\/\/www.foment.com\/es\/events\/colloqui-sobre-les-eleccions-europees-amb-jaume-duch-director-general-de-comunicacio-i-portaveu-del-parlament-europeu\/","title":{"rendered":"Coloquio sobre les elecciones europeas con Jaume Duch, director general de Comunicaci\u00f3n y portavoz del Parlamento Europeo"},"content":{"rendered":"<section class=\"wpb-content-wrapper\"><p>[vc_row][vc_column][vc_column_text]<strong>La Oficina del Parlamento Europeo en Barcelona y Foment del Treball coorganizan una conferencia para abordar el final de la presente legislatura y las elecciones europeas del 9 de junio. Josep S\u00e1nchez Llibre, presidente de Foment, dar\u00e1 la bienvenida al acto. La entrada es gratuita y el aforo limitado.<\/strong><\/p>\n<p>El 16 de abril se publicar\u00e1 el Real Decreto de Convocatoria de las elecciones europeas en Espa\u00f1a para el 9 de junio y a la medianoche del viernes 24 de mayo arrancar\u00e1 la campa\u00f1a electoral. La \u00faltima sesi\u00f3n plenaria de esta IX legislatura se celebrar\u00e1 del 22-25 de abril. Hasta entonces, los diputados todav\u00eda trabajan en m\u00e1s de un centenar de dosieres en una legislatura que ha sido marcada por la culminaci\u00f3n del Brexit, la pandemia de la\u00a0Covid-19, la invasi\u00f3n rusa de Ucrania, la crisis energ\u00e9tica, la inflaci\u00f3n y la guerra en el Pr\u00f3ximo Oriente.<\/p>\n<p>En este contexto, la Oficina del Parlamento Europeo en Barcelona y Foment del Treball coorganizan el viernes 15 de marzo un coloquio con <strong>Jaume\u00a0Duch,<\/strong> director general de Comunicaci\u00f3n y portavoz del Parlamento Europeo, para abordar la recta final del presente mandato y la preparaci\u00f3n para la campa\u00f1a y las elecciones europeas del 9 de junio. Dar\u00e1 la bienvenida al acto <strong>Josep S\u00e1nchez\u00a0Llibre<\/strong>, presidente de Foment.<\/p>\n<p>El acto tendr\u00e1 lugar el 15 de marzo de las 12:00h a las 13:30h en la sede de Fomento del Trabajo en Barcelona (V\u00eda Layetana, 32, Principal). Hay que confirmar asistencia llenando el formulario siguiente:[\/vc_column_text][vc_btn title=\u00bbInscripci\u00f3n gratuita\u00bb style=\u00bb3d\u00bb color=\u00bbdanger\u00bb size=\u00bblg\u00bb align=\u00bbcenter\u00bb button_block=\u00bbtrue\u00bb link=\u00bburl:https%3A%2F%2Fwww.foment.com%2Fes%2Finscripciones-eventos%2F%3Fidevento%3DEV-000146%26tipo%3DP%26evento%3DColoquio%2520sobre%2520las%2520elecciones%2520europeas%2520con%2520Jaume%2520Duch%2520director%2520general%2520de%2520Comunicaci%25C3%25B3n%2520y%2520portavoz%2520del%2520Parlamento%2520Europeo|target:_blank\u00bb][\/vc_column][\/vc_row]<\/p>\n<\/section>","protected":false},"author":7,"featured_media":178946,"menu_order":0,"comment_status":"closed","ping_status":"closed","template":"","meta":{"_links_to":"","_links_to_target":""},"tags":[8292,8293,2546,243],"event_type":[2382],"event_type_2":[],"acf":[],"_links":{"self":[{"href":"https:\/\/www.foment.com\/es\/wp-json\/wp\/v2\/ajde_events\/178950"}],"collection":[{"href":"https:\/\/www.foment.com\/es\/wp-json\/wp\/v2\/ajde_events"}],"about":[{"href":"https:\/\/www.foment.com\/es\/wp-json\/wp\/v2\/types\/ajde_events"}],"author":[{"embeddable":true,"href":"https:\/\/www.foment.com\/es\/wp-json\/wp\/v2\/users\/7"}],"replies":[{"embeddable":true,"href":"https:\/\/www.foment.com\/es\/wp-json\/wp\/v2\/comments?post=178950"}],"wp:featuredmedia":[{"embeddable":true,"href":"https:\/\/www.foment.com\/es\/wp-json\/wp\/v2\/media\/178946"}],"wp:attachment":[{"href":"https:\/\/www.foment.com\/es\/wp-json\/wp\/v2\/media?parent=178950"}],"wp:term":[{"taxonomy":"post_tag","embeddable":true,"href":"https:\/\/www.foment.com\/es\/wp-json\/wp\/v2\/tags?post=178950"},{"taxonomy":"event_type","embeddable":true,"href":"https:\/\/www.foment.com\/es\/wp-json\/wp\/v2\/event_type?post=178950"},{"taxonomy":"event_type_2","embeddable":true,"href":"https:\/\/www.foment.com\/es\/wp-json\/wp\/v2\/event_type_2?post=178950"}],"curies":[{"name":"wp","href":"https:\/\/api.w.org\/{rel}","templated":true}]}}

Coloquio sobre les elecciones europeas con Jaume Duch, director general de Comunicación y portavoz del Parlamento Europeo

<section class="wpb-content-wrapper"><p>[vc_row][vc_column][vc_column_text]<strong>La Oficina del Parlamento Europeo en Barcelona y Foment del Treball coorganizan una conferencia para abordar el final de la presente legislatura y las elecciones europeas del 9 de junio. Josep Sánchez Llibre, presidente de Foment, dará la bienvenida al acto. La entrada es gratuita y el aforo limitado.</strong></p>
<p>El 16 de abril se publicará el Real Decreto de Convocatoria de las elecciones europeas en España para el 9 de junio y a la medianoche del viernes 24 de mayo arrancará la campaña electoral. La última sesión plenaria de esta IX legislatura se celebrará del 22-25 de abril. Hasta entonces, los diputados todavía trabajan en más de un centenar de dosieres en una legislatura que ha sido marcada por la culminación del Brexit, la pandemia de la Covid-19, la invasión rusa de Ucrania, la crisis energética, la inflación y la guerra en el Próximo Oriente.</p>
<p>En este contexto, la Oficina del Parlamento Europeo en Barcelona y Foment del Treball coorganizan el viernes 15 de marzo un coloquio con <strong>Jaume Duch,</strong> director general de Comunicación y portavoz del Parlamento Europeo, para abordar la recta final del presente mandato y la preparación para la campaña y las elecciones europeas del 9 de junio. Dará la bienvenida al acto <strong>Josep Sánchez Llibre</strong>, presidente de Foment.</p>
<p>El acto tendrá lugar el 15 de marzo de las 12:00h a las 13:30h en la sede de Fomento del Trabajo en Barcelona (Vía Layetana, 32, Principal). Hay que confirmar asistencia llenando el formulario siguiente:[/vc_column_text][vc_btn title=»Inscripción gratuita» style=»3d» color=»danger» size=»lg» align=»center» button_block=»true» link=»url:https%3A%2F%2Fwww.foment.com%2Fes%2Finscripciones-eventos%2F%3Fidevento%3DEV-000146%26tipo%3DP%26evento%3DColoquio%2520sobre%2520las%2520elecciones%2520europeas%2520con%2520Jaume%2520Duch%2520director%2520general%2520de%2520Comunicaci%25C3%25B3n%2520y%2520portavoz%2520del%2520Parlamento%2520Europeo|target:_blank»][/vc_column][/vc_row]</p>
</section>
