{"id":179640,"date":"2024-03-14T17:27:17","date_gmt":"2024-03-14T16:27:17","guid":{"rendered":"https:\/\/www.foment.com\/?post_type=ajde_events&#038;p=179640"},"modified":"2024-03-20T16:47:27","modified_gmt":"2024-03-20T15:47:27","slug":"inauguracion-programa-jump4women","status":"publish","type":"ajde_events","link":"https:\/\/www.foment.com\/es\/events\/inauguracion-programa-jump4women\/","title":{"rendered":"Inauguraci\u00f3n Programa Jump4women"},"content":{"rendered":"<div>\n<p>Nos complace invitarle a la sesi\u00f3n inaugural de la primera edici\u00f3n del programa \u00abJump Startup for Women in Deeptech: biotech and healthtech\u00bb, una iniciativa pionera destinada a acelerar el crecimiento de startups lideradas por mujeres emprendedoras en los \u00e1mbitos de la biotecnolog\u00eda y la salud.<\/p>\n<p>Esta iniciativa, impulsada por Foment del Treball y el Consulado General de EE.UU. en Barcelona, en colaboraci\u00f3n con ACCI\u00d3 (Generalitat de Catalunya), LEVEL, el despacho de abogados RCD y Tech Barcelona, tiene como objetivo otorgar 20 becas a emprendedoras destacadas, por promover su crecimiento empresarial y conectarlas con el ecosistema de innovaci\u00f3n en Catalu\u00f1a y m\u00e1s all\u00e1.<\/p>\n<p>En esta jornada inaugural, contaremos con dos intervenciones que se centrar\u00e1n en la evoluci\u00f3n y los retos que el sector afronta junto con la exposici\u00f3n de un caso de \u00e9xito, tanto por las innovaciones que supone por la salud como por los v\u00ednculos establecidos con Estados Unidos.<\/p>\n<p><span style=\"color: #d2112d;\"><strong>PROGRAMA<\/strong><\/span><\/p>\n<p><span style=\"color: #d2112d;\">10:00 h. Bienvenida Institucional<\/span><\/p>\n<p><strong>Josep Sanchez Llibre<\/strong>, Presidente de Fomento del Trabajo<br \/>\n<strong>Katie Stana<\/strong>, C\u00f3nsul General, Consulado General de Estados Unidos en Barcelona<\/p>\n<p><span style=\"color: #d2112d;\">10:15 h. Transformaci\u00f3n digital y terapias avanzadas: motores de cambio hacia un futuro sostenible para el sector<\/span><br \/>\n<strong>Montse Daban<\/strong>, Directora de Strategic Foresight and International Relations, BIOCAT<\/p>\n<p><span style=\"color: #d2112d;\">10:35 h. La voz, la Inteligencia artificial y el mercado<\/span><br \/>\n<strong>Carla Zaldua<\/strong>, CEO Accexible<\/p>\n<p><span style=\"color: #d2112d;\">10:55 h. Nombramiento de las 20 emprendedoras seleccionadas y presentaci\u00f3n del Jump4Women<\/span><br \/>\n<strong>Maria Mora<\/strong>, Directora Innovaci\u00f3n de Fomento del Trabajo<\/p>\n<p><span style=\"color: #d2112d;\">Foto final y networking<\/span><\/p>\n<\/div>\n<p style=\"text-align: center;\"><a href=\"https:\/\/www.foment.com\/inscripcions-events\/?idevento=EV-000156&amp;tipo=P&amp;evento=Inauguraci%C3%B3%20Programa%20Jump4women\"><span style=\"color: #d2112d;\"><strong>INSCRIPCI\u00d3N<\/strong><\/span><\/a><\/p>\n","protected":false},"author":9,"featured_media":179639,"menu_order":0,"comment_status":"closed","ping_status":"closed","template":"","meta":{"_links_to":"","_links_to_target":""},"tags":[],"event_type":[203],"event_type_2":[],"acf":[],"_links":{"self":[{"href":"https:\/\/www.foment.com\/es\/wp-json\/wp\/v2\/ajde_events\/179640"}],"collection":[{"href":"https:\/\/www.foment.com\/es\/wp-json\/wp\/v2\/ajde_events"}],"about":[{"href":"https:\/\/www.foment.com\/es\/wp-json\/wp\/v2\/types\/ajde_events"}],"author":[{"embeddable":true,"href":"https:\/\/www.foment.com\/es\/wp-json\/wp\/v2\/users\/9"}],"replies":[{"embeddable":true,"href":"https:\/\/www.foment.com\/es\/wp-json\/wp\/v2\/comments?post=179640"}],"wp:featuredmedia":[{"embeddable":true,"href":"https:\/\/www.foment.com\/es\/wp-json\/wp\/v2\/media\/179639"}],"wp:attachment":[{"href":"https:\/\/www.foment.com\/es\/wp-json\/wp\/v2\/media?parent=179640"}],"wp:term":[{"taxonomy":"post_tag","embeddable":true,"href":"https:\/\/www.foment.com\/es\/wp-json\/wp\/v2\/tags?post=179640"},{"taxonomy":"event_type","embeddable":true,"href":"https:\/\/www.foment.com\/es\/wp-json\/wp\/v2\/event_type?post=179640"},{"taxonomy":"event_type_2","embeddable":true,"href":"https:\/\/www.foment.com\/es\/wp-json\/wp\/v2\/event_type_2?post=179640"}],"curies":[{"name":"wp","href":"https:\/\/api.w.org\/{rel}","templated":true}]}}

Inauguración Programa Jump4women

<div>
<p>Nos complace invitarle a la sesión inaugural de la primera edición del programa «Jump Startup for Women in Deeptech: biotech and healthtech», una iniciativa pionera destinada a acelerar el crecimiento de startups lideradas por mujeres emprendedoras en los ámbitos de la biotecnología y la salud.</p>
<p>Esta iniciativa, impulsada por Foment del Treball y el Consulado General de EE.UU. en Barcelona, en colaboración con ACCIÓ (Generalitat de Catalunya), LEVEL, el despacho de abogados RCD y Tech Barcelona, tiene como objetivo otorgar 20 becas a emprendedoras destacadas, por promover su crecimiento empresarial y conectarlas con el ecosistema de innovación en Cataluña y más allá.</p>
<p>En esta jornada inaugural, contaremos con dos intervenciones que se centrarán en la evolución y los retos que el sector afronta junto con la exposición de un caso de éxito, tanto por las innovaciones que supone por la salud como por los vínculos establecidos con Estados Unidos.</p>
<p><span style="color: #d2112d;"><strong>PROGRAMA</strong></span></p>
<p><span style="color: #d2112d;">10:00 h. Bienvenida Institucional</span></p>
<p><strong>Josep Sanchez Llibre</strong>, Presidente de Fomento del Trabajo<br />
<strong>Katie Stana</strong>, Cónsul General, Consulado General de Estados Unidos en Barcelona</p>
<p><span style="color: #d2112d;">10:15 h. Transformación digital y terapias avanzadas: motores de cambio hacia un futuro sostenible para el sector</span><br />
<strong>Montse Daban</strong>, Directora de Strategic Foresight and International Relations, BIOCAT</p>
<p><span style="color: #d2112d;">10:35 h. La voz, la Inteligencia artificial y el mercado</span><br />
<strong>Carla Zaldua</strong>, CEO Accexible</p>
<p><span style="color: #d2112d;">10:55 h. Nombramiento de las 20 emprendedoras seleccionadas y presentación del Jump4Women</span><br />
<strong>Maria Mora</strong>, Directora Innovación de Fomento del Trabajo</p>
<p><span style="color: #d2112d;">Foto final y networking</span></p>
</div>
<p style="text-align: center;"><a href="https://www.foment.com/inscripcions-events/?idevento=EV-000156&amp;tipo=P&amp;evento=Inauguraci%C3%B3%20Programa%20Jump4women"><span style="color: #d2112d;"><strong>INSCRIPCIÓN</strong></span></a></p>
