{"id":179851,"date":"2024-03-20T13:29:28","date_gmt":"2024-03-20T12:29:28","guid":{"rendered":"https:\/\/www.foment.com\/?post_type=ajde_events&#038;p=179851"},"modified":"2024-04-02T12:52:00","modified_gmt":"2024-04-02T10:52:00","slug":"sucesion-laboral-de-empresa-en-transmision-de-industrias-desmaterializadas","status":"publish","type":"ajde_events","link":"https:\/\/www.foment.com\/es\/events\/sucesion-laboral-de-empresa-en-transmision-de-industrias-desmaterializadas\/","title":{"rendered":"Sucesi\u00f3n laboral de empresa en transmisi\u00f3n de industrias desmaterializadas"},"content":{"rendered":"<section class=\"wpb-content-wrapper\"><p>[vc_row][\/vc_row][vc_column width=\u00bb1\/1&#8243;][\/vc_column]<div class=\"spacer\" style=\"height: 20px;\"><\/div>[vc_btn title=\u00bbInscripci\u00f3n gratuita, aqu\u00ed\u00bb style=\u00bbcustom\u00bb custom_background=\u00bb#dd221d\u00bb custom_text=\u00bb#ffffff\u00bb size=\u00bblg\u00bb align=\u00bbcenter\u00bb button_block=\u00bbtrue\u00bb link=\u00bburl:https%3A%2F%2Fwww.foment.com%2Fes%2Finscripciones-eventos%2F%3Fidevento%3DEV-000158%26tipo%3DP%26evento%3DSucesi%25C3%25B3n%2520laboral%2520de%2520empresa%2520en%2520transmisi%25C3%25B3n%2520de%2520industrias%2520desmaterializadas|target:_blank\u00bb][vc_column_text]En esta sesi\u00f3n analizaremos la sucesi\u00f3n empresarial del art\u00edculo 44 del Estatuto de los Trabajadores y de la Directiva 2001\/23 CE, con la mirada puesta en la evoluci\u00f3n del concepto de empresa como objeto de transmisi\u00f3n en un momento en el que la actividad empresarial puede basarse de manera exclusiva en los elementos intangibles, lo que obliga a su constante reinterpretaci\u00f3n<\/p>\n<p>Debatiremos sobre la necesaria modulaci\u00f3n del concepto de sucesi\u00f3n partiendo de los tres leading cases m\u00e1s influyentes del Tribunal de Justicia de la Uni\u00f3n Europea que tratan sobre:<\/p>\n<ul>\n<li>La relevancia de los activos intangibles y la clientela para determinar la existencia de un supuesto de transmisi\u00f3n de empresa (doctrina Dodic)<\/li>\n<li>La matizada importancia, en actividades basadas en activos f\u00edsicos, de la falta de transmisi\u00f3n de los elementos tangibles cuando se encuentran en su obsolescencia que, en determinadas circunstancias, no enerva la existencia de un supuesto transmisivo de la Directiva 2001\/23 CE y del art\u00edculo 44 ET- (doctrina Grafe\/Pohle)<\/li>\n<li>En sede de consecuencias jur\u00eddicas de la sucesi\u00f3n de empresa, la problem\u00e1tica no resuelta de los trabajadores parcialmente adscritos a la unidad productiva (doctrina ISS Facility Services)<\/li>\n<li>Aspectos pr\u00e1cticos y recomendaciones para un buen gobierno de la sucesi\u00f3n de empresa desde la \u00f3ptica de los RRHH<\/li>\n<\/ul>\n<p>Se analizar\u00e1 la cuesti\u00f3n desde los puntos de vista de RRHH y de abogac\u00eda.[\/vc_column_text][vc_row][vc_column width=\u00bb1\/2&#8243;]<div class=\"divider-title align-center\" >Ponentes:<\/div>[\/vc_column][vc_column width=\u00bb1\/2&#8243;]<div class=\"divider-title align-center\" >Moderadores:<\/div>[\/vc_column][\/vc_row][vc_row][vc_column width=\u00bb1\/4&#8243;]<div class=\"box clearfix style-1 wpb_content_element align-center \" style=\"padding: 40px 40px 40px 40px; \">\n<p style=\"text-align: center;\"><strong data-wp-editing=\"1\"><img loading=\"lazy\" class=\"aligncenter wp-image-179867 size-thumbnail\" src=\"https:\/\/www.foment.com\/wp-content\/uploads\/2024\/03\/Imagen5-150x150.jpg\" alt=\"\" width=\"150\" height=\"150\" srcset=\"https:\/\/www.foment.com\/wp-content\/uploads\/2024\/03\/Imagen5-150x150.jpg 150w, https:\/\/www.foment.com\/wp-content\/uploads\/2024\/03\/Imagen5-300x300.jpg 300w, https:\/\/www.foment.com\/wp-content\/uploads\/2024\/03\/Imagen5-80x80.jpg 80w, https:\/\/www.foment.com\/wp-content\/uploads\/2024\/03\/Imagen5-500x500.jpg 500w, https:\/\/www.foment.com\/wp-content\/uploads\/2024\/03\/Imagen5.jpg 647w\" sizes=\"(max-width: 150px) 100vw, 150px\" \/><\/strong><\/p>\n<p style=\"text-align: center;\"><strong>Jer\u00f3nimo Corral Genicio<\/strong><\/p>\n<p style=\"text-align: center;\">People Director Spain &amp; Benelux en Selecta<strong data-wp-editing=\"1\"><br \/>\n<\/strong><\/p>\n<\/div>[\/vc_column][vc_column width=\u00bb1\/4&#8243;]<div class=\"box clearfix style-1 wpb_content_element align-center \" style=\"padding: 40px 40px 40px 40px; \">\n<p style=\"text-align: center;\"><img loading=\"lazy\" class=\"aligncenter wp-image-179864 size-thumbnail\" src=\"https:\/\/www.foment.com\/wp-content\/uploads\/2024\/03\/Imagen6-150x150.jpg\" alt=\"\" width=\"150\" height=\"150\" srcset=\"https:\/\/www.foment.com\/wp-content\/uploads\/2024\/03\/Imagen6-150x150.jpg 150w, https:\/\/www.foment.com\/wp-content\/uploads\/2024\/03\/Imagen6-300x300.jpg 300w, https:\/\/www.foment.com\/wp-content\/uploads\/2024\/03\/Imagen6-80x80.jpg 80w, https:\/\/www.foment.com\/wp-content\/uploads\/2024\/03\/Imagen6-500x500.jpg 500w, https:\/\/www.foment.com\/wp-content\/uploads\/2024\/03\/Imagen6.jpg 672w\" sizes=\"(max-width: 150px) 100vw, 150px\" \/><\/p>\n<p style=\"text-align: center;\"><strong>David Mart\u00ednez Salda\u00f1a<\/strong><\/p>\n<p style=\"text-align: center;\">Abogado del grupo de coordinaci\u00f3n laboral de Ur\u00eda Men\u00e9ndez.<\/p>\n<p style=\"text-align: center;\">Doctor en Derecho. Profesor de <em>Labour Law <\/em>\u00a0en IE Law School.<\/p>\n<\/div>[\/vc_column][vc_column width=\u00bb1\/4&#8243;]<div class=\"box clearfix style-1 wpb_content_element align-center \" style=\"padding: 40px 40px 40px 40px; \">\n<p style=\"text-align: center;\"><strong><a href=\"https:\/\/www.foment.com\/wp-content\/uploads\/2024\/03\/salido-copia.jpg\"><img loading=\"lazy\" class=\"aligncenter wp-image-179858 size-thumbnail\" src=\"https:\/\/www.foment.com\/wp-content\/uploads\/2024\/03\/salido-copia-150x150.jpg\" alt=\"\" width=\"150\" height=\"150\" srcset=\"https:\/\/www.foment.com\/wp-content\/uploads\/2024\/03\/salido-copia-150x150.jpg 150w, https:\/\/www.foment.com\/wp-content\/uploads\/2024\/03\/salido-copia-300x300.jpg 300w, https:\/\/www.foment.com\/wp-content\/uploads\/2024\/03\/salido-copia-80x80.jpg 80w, https:\/\/www.foment.com\/wp-content\/uploads\/2024\/03\/salido-copia.jpg 342w\" sizes=\"(max-width: 150px) 100vw, 150px\" \/><\/a><\/strong><\/p>\n<p style=\"text-align: center;\"><strong>Dr. Jos\u00e9 Luis Salido Ban\u00fas<\/strong><\/p>\n<p style=\"text-align: center;\">Miembro de la Comisi\u00f3n Jur\u00eddica de Foment.<br \/>\nProf. Titular de Universidad y Socio de Salido Bellmunt Abogados<\/p>\n<p style=\"text-align: center;\"><strong>\u00a0<\/strong><\/p>\n<\/div>[\/vc_column][vc_column width=\u00bb1\/4&#8243;]<div class=\"box clearfix style-1 wpb_content_element align-center \" style=\"padding: 40px 40px 40px 40px; \">\n<p style=\"text-align: center;\"><strong><a href=\"https:\/\/www.foment.com\/wp-content\/uploads\/2024\/03\/ana-alos-copia.jpg\"><img loading=\"lazy\" class=\"aligncenter wp-image-179861\" src=\"https:\/\/www.foment.com\/wp-content\/uploads\/2024\/03\/ana-alos-copia.jpg\" alt=\"\" width=\"140\" height=\"130\" \/><\/a><\/strong><\/p>\n<p style=\"text-align: center;\"><strong>Ana Al\u00f3s<\/strong><\/p>\n<p style=\"text-align: center;\">Socia de Ur\u00eda Men\u00e9ndez. Especializada en Derecho del Trabajo y SS.<br \/>\nProfesora en ISDE, ESADE y el Colegio de Abogados de Barcelona<\/p>\n<p style=\"text-align: center;\"><strong>\u00a0<\/strong><\/p>\n<\/div>[\/vc_column][\/vc_row]<\/p>\n<\/section>","protected":false},"author":7,"featured_media":179855,"menu_order":0,"comment_status":"closed","ping_status":"closed","template":"","meta":{"_links_to":"","_links_to_target":""},"tags":[],"event_type":[590],"event_type_2":[],"acf":[],"_links":{"self":[{"href":"https:\/\/www.foment.com\/es\/wp-json\/wp\/v2\/ajde_events\/179851"}],"collection":[{"href":"https:\/\/www.foment.com\/es\/wp-json\/wp\/v2\/ajde_events"}],"about":[{"href":"https:\/\/www.foment.com\/es\/wp-json\/wp\/v2\/types\/ajde_events"}],"author":[{"embeddable":true,"href":"https:\/\/www.foment.com\/es\/wp-json\/wp\/v2\/users\/7"}],"replies":[{"embeddable":true,"href":"https:\/\/www.foment.com\/es\/wp-json\/wp\/v2\/comments?post=179851"}],"wp:featuredmedia":[{"embeddable":true,"href":"https:\/\/www.foment.com\/es\/wp-json\/wp\/v2\/media\/179855"}],"wp:attachment":[{"href":"https:\/\/www.foment.com\/es\/wp-json\/wp\/v2\/media?parent=179851"}],"wp:term":[{"taxonomy":"post_tag","embeddable":true,"href":"https:\/\/www.foment.com\/es\/wp-json\/wp\/v2\/tags?post=179851"},{"taxonomy":"event_type","embeddable":true,"href":"https:\/\/www.foment.com\/es\/wp-json\/wp\/v2\/event_type?post=179851"},{"taxonomy":"event_type_2","embeddable":true,"href":"https:\/\/www.foment.com\/es\/wp-json\/wp\/v2\/event_type_2?post=179851"}],"curies":[{"name":"wp","href":"https:\/\/api.w.org\/{rel}","templated":true}]}}

Sucesión laboral de empresa en transmisión de industrias desmaterializadas

<section class="wpb-content-wrapper"><p>[vc_row][/vc_row][vc_column width=»1/1&#8243;][/vc_column]<div class="spacer" style="height: 20px;"></div>[vc_btn title=»Inscripción gratuita, aquí» style=»custom» custom_background=»#dd221d» custom_text=»#ffffff» size=»lg» align=»center» button_block=»true» link=»url:https%3A%2F%2Fwww.foment.com%2Fes%2Finscripciones-eventos%2F%3Fidevento%3DEV-000158%26tipo%3DP%26evento%3DSucesi%25C3%25B3n%2520laboral%2520de%2520empresa%2520en%2520transmisi%25C3%25B3n%2520de%2520industrias%2520desmaterializadas|target:_blank»][vc_column_text]En esta sesión analizaremos la sucesión empresarial del artículo 44 del Estatuto de los Trabajadores y de la Directiva 2001/23 CE, con la mirada puesta en la evolución del concepto de empresa como objeto de transmisión en un momento en el que la actividad empresarial puede basarse de manera exclusiva en los elementos intangibles, lo que obliga a su constante reinterpretación</p>
<p>Debatiremos sobre la necesaria modulación del concepto de sucesión partiendo de los tres leading cases más influyentes del Tribunal de Justicia de la Unión Europea que tratan sobre:</p>
<ul>
<li>La relevancia de los activos intangibles y la clientela para determinar la existencia de un supuesto de transmisión de empresa (doctrina Dodic)</li>
<li>La matizada importancia, en actividades basadas en activos físicos, de la falta de transmisión de los elementos tangibles cuando se encuentran en su obsolescencia que, en determinadas circunstancias, no enerva la existencia de un supuesto transmisivo de la Directiva 2001/23 CE y del artículo 44 ET- (doctrina Grafe/Pohle)</li>
<li>En sede de consecuencias jurídicas de la sucesión de empresa, la problemática no resuelta de los trabajadores parcialmente adscritos a la unidad productiva (doctrina ISS Facility Services)</li>
<li>Aspectos prácticos y recomendaciones para un buen gobierno de la sucesión de empresa desde la óptica de los RRHH</li>
</ul>
<p>Se analizará la cuestión desde los puntos de vista de RRHH y de abogacía.[/vc_column_text][vc_row][vc_column width=»1/2&#8243;]<div class="divider-title align-center" >Ponentes:</div>[/vc_column][vc_column width=»1/2&#8243;]<div class="divider-title align-center" >Moderadores:</div>[/vc_column][/vc_row][vc_row][vc_column width=»1/4&#8243;]<div class="box clearfix style-1 wpb_content_element align-center " style="padding: 40px 40px 40px 40px; ">
<p style="text-align: center;"><strong data-wp-editing="1"><img loading="lazy" class="aligncenter wp-image-179867 size-thumbnail" src="https://www.foment.com/wp-content/uploads/2024/03/Imagen5-150x150.jpg" alt="" width="150" height="150" srcset="https://www.foment.com/wp-content/uploads/2024/03/Imagen5-150x150.jpg 150w, https://www.foment.com/wp-content/uploads/2024/03/Imagen5-300x300.jpg 300w, https://www.foment.com/wp-content/uploads/2024/03/Imagen5-80x80.jpg 80w, https://www.foment.com/wp-content/uploads/2024/03/Imagen5-500x500.jpg 500w, https://www.foment.com/wp-content/uploads/2024/03/Imagen5.jpg 647w" sizes="(max-width: 150px) 100vw, 150px" /></strong></p>
<p style="text-align: center;"><strong>Jerónimo Corral Genicio</strong></p>
<p style="text-align: center;">People Director Spain &amp; Benelux en Selecta<strong data-wp-editing="1"><br />
</strong></p>
</div>[/vc_column][vc_column width=»1/4&#8243;]<div class="box clearfix style-1 wpb_content_element align-center " style="padding: 40px 40px 40px 40px; ">
<p style="text-align: center;"><img loading="lazy" class="aligncenter wp-image-179864 size-thumbnail" src="https://www.foment.com/wp-content/uploads/2024/03/Imagen6-150x150.jpg" alt="" width="150" height="150" srcset="https://www.foment.com/wp-content/uploads/2024/03/Imagen6-150x150.jpg 150w, https://www.foment.com/wp-content/uploads/2024/03/Imagen6-300x300.jpg 300w, https://www.foment.com/wp-content/uploads/2024/03/Imagen6-80x80.jpg 80w, https://www.foment.com/wp-content/uploads/2024/03/Imagen6-500x500.jpg 500w, https://www.foment.com/wp-content/uploads/2024/03/Imagen6.jpg 672w" sizes="(max-width: 150px) 100vw, 150px" /></p>
<p style="text-align: center;"><strong>David Martínez Saldaña</strong></p>
<p style="text-align: center;">Abogado del grupo de coordinación laboral de Uría Menéndez.</p>
<p style="text-align: center;">Doctor en Derecho. Profesor de <em>Labour Law </em> en IE Law School.</p>
</div>[/vc_column][vc_column width=»1/4&#8243;]<div class="box clearfix style-1 wpb_content_element align-center " style="padding: 40px 40px 40px 40px; ">
<p style="text-align: center;"><strong><a href="https://www.foment.com/wp-content/uploads/2024/03/salido-copia.jpg"><img loading="lazy" class="aligncenter wp-image-179858 size-thumbnail" src="https://www.foment.com/wp-content/uploads/2024/03/salido-copia-150x150.jpg" alt="" width="150" height="150" srcset="https://www.foment.com/wp-content/uploads/2024/03/salido-copia-150x150.jpg 150w, https://www.foment.com/wp-content/uploads/2024/03/salido-copia-300x300.jpg 300w, https://www.foment.com/wp-content/uploads/2024/03/salido-copia-80x80.jpg 80w, https://www.foment.com/wp-content/uploads/2024/03/salido-copia.jpg 342w" sizes="(max-width: 150px) 100vw, 150px" /></a></strong></p>
<p style="text-align: center;"><strong>Dr. José Luis Salido Banús</strong></p>
<p style="text-align: center;">Miembro de la Comisión Jurídica de Foment.<br />
Prof. Titular de Universidad y Socio de Salido Bellmunt Abogados</p>
<p style="text-align: center;"><strong> </strong></p>
</div>[/vc_column][vc_column width=»1/4&#8243;]<div class="box clearfix style-1 wpb_content_element align-center " style="padding: 40px 40px 40px 40px; ">
<p style="text-align: center;"><strong><a href="https://www.foment.com/wp-content/uploads/2024/03/ana-alos-copia.jpg"><img loading="lazy" class="aligncenter wp-image-179861" src="https://www.foment.com/wp-content/uploads/2024/03/ana-alos-copia.jpg" alt="" width="140" height="130" /></a></strong></p>
<p style="text-align: center;"><strong>Ana Alós</strong></p>
<p style="text-align: center;">Socia de Uría Menéndez. Especializada en Derecho del Trabajo y SS.<br />
Profesora en ISDE, ESADE y el Colegio de Abogados de Barcelona</p>
<p style="text-align: center;"><strong> </strong></p>
</div>[/vc_column][/vc_row]</p>
</section>
