{"id":184373,"date":"2024-05-30T12:50:38","date_gmt":"2024-05-30T10:50:38","guid":{"rendered":"https:\/\/www.foment.com\/events\/debats-laborals-debats-laborals-novetats-laborals-i-aplicacio-practica-acomiadaments-nou-regim-dincapacitats-temporals-jornada-de-treball-i-permisos\/"},"modified":"2024-05-30T17:39:39","modified_gmt":"2024-05-30T15:39:39","slug":"debats-laborals-debats-laborals-novetats-laborals-i-aplicacio-practica-acomiadaments-nou-regim-dincapacitats-temporals-jornada-de-treball-i-permisos","status":"publish","type":"ajde_events","link":"https:\/\/www.foment.com\/es\/events\/debats-laborals-debats-laborals-novetats-laborals-i-aplicacio-practica-acomiadaments-nou-regim-dincapacitats-temporals-jornada-de-treball-i-permisos\/","title":{"rendered":"Debates Laborales \u2013 Novedades laborales y aplicaci\u00f3n pr\u00e1ctica: despidos, nuevo r\u00e9gimen de incapacidades temporales, jornada de trabajo y permisos"},"content":{"rendered":"<section class=\"wpb-content-wrapper\"><p>[vc_row][vc_column width=\u00bb1\/1&#8243;][vc_btn title=\u00bbInscripci\u00f3n gratuita, aqu\u00ed\u00bb style=\u00bb3d\u00bb color=\u00bbdanger\u00bb size=\u00bblg\u00bb align=\u00bbcenter\u00bb button_block=\u00bbtrue\u00bb link=\u00bburl:https%3A%2F%2Fwww.foment.com%2Fes%2Finscripciones-eventos%2F%3Fidevento%3D1BDF59DB-D61C-EF11-840A-000D3AD7720F|target:_blank\u00bb][\/vc_column][\/vc_row][vc_row][vc_column width=\u00bb1\/1&#8243;][vc_column_text]Esta sesi\u00f3n de Debates Laborales tendr\u00e1 por objeto exponer las \u00faltimas modificaciones jur\u00eddico-laborales y, en especial, sus implicaciones pr\u00e1cticas.<\/p>\n<p>En concreto, en tal sesi\u00f3n se analizar\u00e1n las siguientes cuestiones laborales relevantes:<\/p>\n<ul>\n<li>Cautelas en materia de despido individual y colectivo: indemnizaciones adicionales, preaviso e inicio del proceso colectivo, bajas voluntarias<\/li>\n<li>Declaraci\u00f3n de incapacidad permanente y su eliminaci\u00f3n como causa autom\u00e1tica de extinci\u00f3n del contrato de trabajo<\/li>\n<li>La jornada de trabajo: c\u00f3mputo, a la carta, ausencias por fuerza mayor, permiso parental y respuesta organizativa de la empresa<\/li>\n<li>Novedades legales y otras posibles reformas en 2024. Especial referencia al Real Decreto-ley 2\/2024, de 21 de mayo, incorpora relevantes novedades en materias como el desempleo, la conciliaci\u00f3n de la vida familiar y la vida profesional de los progenitores y los cuidadores, la prioridad aplicativa de los convenios colectivos auton\u00f3micos y provinciales y las aportaciones al Tesoro P\u00fablico vinculadas a despidos colectivos<\/li>\n<\/ul>\n<p>&nbsp;<\/p>\n<p style=\"text-align: center;\"><span style=\"color: #c12238;\"><strong>PROGRAMA<\/strong><\/span><\/p>\n<p><span style=\"color: #c12238;\"><strong>9:30h.\u00a0 Inauguraci\u00f3n de la jornada<\/strong>\u00a0<\/span><br \/>\n<strong>Luis P\u00e9rez, <\/strong>presidente de la Comisi\u00f3n Laboral y\u00a0 de Recursos Humanos de Foment<\/p>\n<p><strong><span style=\"color: #d2112d;\">9.40 h. Ponentes:<\/span><\/strong><br \/>\n<strong>Juan Reyes,<\/strong> abogado y socio de Ur\u00eda Men\u00e9ndez<br \/>\n<strong>In\u00e9s R\u00edos,<\/strong> abogada y counsel de Ur\u00eda Men\u00e9nedez<\/p>\n<p><strong><span style=\"color: #d2112d;\">10.30 h.Q&amp;A<\/span><\/strong><br \/>\n<strong><span style=\"color: #d2112d;\">Moderador: <span style=\"color: #000000;\">Javier\u00a0Ibars<\/span><\/span><\/strong>, director del departamento de Relaciones Laborales de Foment<\/p>\n<p><strong style=\"color: #c12238;\">11:00 h. Fin de la jornada<\/strong><\/p>\n<p><strong>\u00a0 \u00a0 \u00a0 \u00a0 \u00a0 \u00a0 \u00a0 \u00a0 \u00a0 \u00a0 \u00a0 \u00a0 \u00a0 \u00a0 \u00a0 \u00a0 \u00a0 \u00a0 \u00a0 \u00a0 \u00a0 \u00a0 \u00a0 \u00a0 \u00a0 \u00a0 \u00a0 \u00a0 \u00a0 \u00a0 \u00a0 \u00a0 \u00a0 \u00a0 \u00a0 \u00a0 \u00a0 \u00a0 \u00a0\u00a0<\/strong><\/p>\n<table style=\"border-collapse: collapse; width: 100%;\">\n<tbody>\n<tr>\n<td style=\"width: 45.5933%;\" colspan=\"3\">\n<p style=\"text-align: center;\"><strong>\u00a0 <span style=\"font-size: 14pt;\">\u00a0Patrocinadores:<\/span><\/strong><\/p>\n<\/td>\n<\/tr>\n<tr>\n<td style=\"width: 45.5933%;\"><a href=\"https:\/\/www.randstad.es\/\"><img loading=\"lazy\" class=\"alignright wp-image-61488\" src=\"https:\/\/www.foment.com\/wp-content\/uploads\/2019\/04\/RANDSTAD-1.png\" alt=\"\" width=\"300\" height=\"67\" \/><\/a><\/td>\n<td style=\"width: 6.0807%;\"><strong>\u00a0<\/strong><\/td>\n<td style=\"width: 48.3259%;\"><a href=\"https:\/\/www.uria.com\/\"><img loading=\"lazy\" class=\"alignleft wp-image-34006 size-full\" src=\"https:\/\/www.foment.com\/wp-content\/uploads\/2017\/05\/uria.png\" alt=\"\" width=\"154\" height=\"111\" \/><\/a><\/td>\n<\/tr>\n<\/tbody>\n<\/table>\n<p>[\/vc_column_text][\/vc_column][\/vc_row]<\/p>\n<\/section>","protected":false},"author":7,"featured_media":184499,"menu_order":0,"comment_status":"closed","ping_status":"closed","template":"","meta":{"_links_to":"","_links_to_target":""},"tags":[6534,8533,581,8534,8535,8536,3482],"event_type":[205],"event_type_2":[],"acf":[],"_links":{"self":[{"href":"https:\/\/www.foment.com\/es\/wp-json\/wp\/v2\/ajde_events\/184373"}],"collection":[{"href":"https:\/\/www.foment.com\/es\/wp-json\/wp\/v2\/ajde_events"}],"about":[{"href":"https:\/\/www.foment.com\/es\/wp-json\/wp\/v2\/types\/ajde_events"}],"author":[{"embeddable":true,"href":"https:\/\/www.foment.com\/es\/wp-json\/wp\/v2\/users\/7"}],"replies":[{"embeddable":true,"href":"https:\/\/www.foment.com\/es\/wp-json\/wp\/v2\/comments?post=184373"}],"wp:featuredmedia":[{"embeddable":true,"href":"https:\/\/www.foment.com\/es\/wp-json\/wp\/v2\/media\/184499"}],"wp:attachment":[{"href":"https:\/\/www.foment.com\/es\/wp-json\/wp\/v2\/media?parent=184373"}],"wp:term":[{"taxonomy":"post_tag","embeddable":true,"href":"https:\/\/www.foment.com\/es\/wp-json\/wp\/v2\/tags?post=184373"},{"taxonomy":"event_type","embeddable":true,"href":"https:\/\/www.foment.com\/es\/wp-json\/wp\/v2\/event_type?post=184373"},{"taxonomy":"event_type_2","embeddable":true,"href":"https:\/\/www.foment.com\/es\/wp-json\/wp\/v2\/event_type_2?post=184373"}],"curies":[{"name":"wp","href":"https:\/\/api.w.org\/{rel}","templated":true}]}}

Debates Laborales – Novedades laborales y aplicación práctica: despidos, nuevo régimen de incapacidades temporales, jornada de trabajo y permisos

<section class="wpb-content-wrapper"><p>[vc_row][vc_column width=»1/1&#8243;][vc_btn title=»Inscripción gratuita, aquí» style=»3d» color=»danger» size=»lg» align=»center» button_block=»true» link=»url:https%3A%2F%2Fwww.foment.com%2Fes%2Finscripciones-eventos%2F%3Fidevento%3D1BDF59DB-D61C-EF11-840A-000D3AD7720F|target:_blank»][/vc_column][/vc_row][vc_row][vc_column width=»1/1&#8243;][vc_column_text]Esta sesión de Debates Laborales tendrá por objeto exponer las últimas modificaciones jurídico-laborales y, en especial, sus implicaciones prácticas.</p>
<p>En concreto, en tal sesión se analizarán las siguientes cuestiones laborales relevantes:</p>
<ul>
<li>Cautelas en materia de despido individual y colectivo: indemnizaciones adicionales, preaviso e inicio del proceso colectivo, bajas voluntarias</li>
<li>Declaración de incapacidad permanente y su eliminación como causa automática de extinción del contrato de trabajo</li>
<li>La jornada de trabajo: cómputo, a la carta, ausencias por fuerza mayor, permiso parental y respuesta organizativa de la empresa</li>
<li>Novedades legales y otras posibles reformas en 2024. Especial referencia al Real Decreto-ley 2/2024, de 21 de mayo, incorpora relevantes novedades en materias como el desempleo, la conciliación de la vida familiar y la vida profesional de los progenitores y los cuidadores, la prioridad aplicativa de los convenios colectivos autonómicos y provinciales y las aportaciones al Tesoro Público vinculadas a despidos colectivos</li>
</ul>
<p>&nbsp;</p>
<p style="text-align: center;"><span style="color: #c12238;"><strong>PROGRAMA</strong></span></p>
<p><span style="color: #c12238;"><strong>9:30h.  Inauguración de la jornada</strong> </span><br />
<strong>Luis Pérez, </strong>presidente de la Comisión Laboral y  de Recursos Humanos de Foment</p>
<p><strong><span style="color: #d2112d;">9.40 h. Ponentes:</span></strong><br />
<strong>Juan Reyes,</strong> abogado y socio de Uría Menéndez<br />
<strong>Inés Ríos,</strong> abogada y counsel de Uría Menénedez</p>
<p><strong><span style="color: #d2112d;">10.30 h.Q&amp;A</span></strong><br />
<strong><span style="color: #d2112d;">Moderador: <span style="color: #000000;">Javier Ibars</span></span></strong>, director del departamento de Relaciones Laborales de Foment</p>
<p><strong style="color: #c12238;">11:00 h. Fin de la jornada</strong></p>
<p><strong>                                                                              </strong></p>
<table style="border-collapse: collapse; width: 100%;">
<tbody>
<tr>
<td style="width: 45.5933%;" colspan="3">
<p style="text-align: center;"><strong>  <span style="font-size: 14pt;"> Patrocinadores:</span></strong></p>
</td>
</tr>
<tr>
<td style="width: 45.5933%;"><a href="https://www.randstad.es/"><img loading="lazy" class="alignright wp-image-61488" src="https://www.foment.com/wp-content/uploads/2019/04/RANDSTAD-1.png" alt="" width="300" height="67" /></a></td>
<td style="width: 6.0807%;"><strong> </strong></td>
<td style="width: 48.3259%;"><a href="https://www.uria.com/"><img loading="lazy" class="alignleft wp-image-34006 size-full" src="https://www.foment.com/wp-content/uploads/2017/05/uria.png" alt="" width="154" height="111" /></a></td>
</tr>
</tbody>
</table>
<p>[/vc_column_text][/vc_column][/vc_row]</p>
</section>
