{"id":190687,"date":"2024-10-08T18:05:21","date_gmt":"2024-10-08T16:05:21","guid":{"rendered":"https:\/\/www.foment.com\/?post_type=ajde_events&#038;p=190687"},"modified":"2024-10-08T18:07:16","modified_gmt":"2024-10-08T16:07:16","slug":"el-impacto-del-comercio-online-en-el-crecimiento-de-las-pymes","status":"publish","type":"ajde_events","link":"https:\/\/www.foment.com\/es\/events\/el-impacto-del-comercio-online-en-el-crecimiento-de-las-pymes\/","title":{"rendered":"El impacto del comercio online en el crecimiento de las pymes"},"content":{"rendered":"<p>Os invitamos al evento \u00ab<strong>El impacto del comercio online en el crecimiento de las pymes<\/strong>\u00bb en el que trataremos c\u00f3mo el comercio electr\u00f3nico puede catalizar el crecimiento y la competitividad de las pymes. La sesi\u00f3n se realizar\u00e1 el martes <strong>15\u00a0de octubre, en formato h\u00edbrido, virtual y presencial en Foment del Treball <\/strong>(Via Laietana 32, Barcelona).<\/p>\n<p>Durante el acto, Amazon presentar\u00e1 los datos del <em>Impacto <\/em><em>de Amazon en las pymes espa\u00f1olas,\u00a0<\/em>con un enfoque especial en Catalu\u00f1a, y emprendedores de \u00e9xito contar\u00e1n su experiencia personal vendiendo online. Adem\u00e1s, contaremos con una formaci\u00f3n sobre c\u00f3mo las pymes pueden beneficiarse del comercio online como motor de expansi\u00f3n internacional.<\/p>\n<p><span style=\"color: #d2112d;\"><strong>PROGRAMA<\/strong><\/span><\/p>\n<p><strong>11:00<\/strong><strong>\u00a0 <\/strong>Bienvenida Institucional<\/p>\n<p><strong>Maria Mora<\/strong>, Directora de Innovaci\u00f3n de Foment del Treball<\/p>\n<p><strong>Eva P\u00e9rez<\/strong>, Senior Manager Public Policy de Amazon<\/p>\n<p><strong>11:10\u00a0<\/strong>ACCI\u00d3: el aliado para definir tu estrategia digital internacional<\/p>\n<p><strong>Elena Antonijuan<\/strong>, Responsable del programa International eTrade de ACCI\u00d3<\/p>\n<p><strong>11:20\u00a0<\/strong>Presentaci\u00f3n del informe sobre el impacto de Amazon en las pymes espa\u00f1olas, enfocado en Catalu\u00f1a<\/p>\n<p><strong>Coia Pons<\/strong>,<strong>\u00a0<\/strong>Responsable de oportunidades de comercio electr\u00f3nico para pymes de Amazon<\/p>\n<p><strong>11:30<\/strong>\u00a0Caso de \u00e9xito de empresas catalanas: Natulim y Unik Health<\/p>\n<p><strong>11:50\u00a0<\/strong>Formaci\u00f3n expr\u00e9s: el comercio online, el camino de las pymes hacia la internacionalizaci\u00f3n<\/p>\n<p><strong>12:30<\/strong>\u00a0\u00a0Clausura<\/p>\n<p><strong>Kilian Garc\u00eda<\/strong>, Director de Internacional de Foment del Treball<\/p>\n<p><strong><span style=\"color: #d2112d;\">Objetivos de la jornada<\/span>\u00a0<\/strong><\/p>\n<ol>\n<li><strong>Impulsar el comercio electr\u00f3nico<\/strong> como clave para el crecimiento y competitividad de las pymes.<\/li>\n<li><strong>Destacar el papel de las pymes<\/strong>en la econom\u00eda catalana y su transformaci\u00f3n digital.<\/li>\n<li><strong>Fomentar la colaboraci\u00f3n <\/strong>entre gobierno y asociaciones empresariales para apoyar la digitalizaci\u00f3n.<\/li>\n<li>Compartir datos que demuestren los <strong>beneficios del comercio electr\u00f3nico <\/strong>para las pymes.<\/li>\n<li><strong>Inspirar la adopci\u00f3n digital<\/strong> para fortalecer y hacer m\u00e1s resilientes a las PYMES.<\/li>\n<\/ol>\n<p>Para asistir al evento, es necesario formalizar la inscripci\u00f3n en <a href=\"https:\/\/forms.office.com\/e\/G7AVHAx1BS\"><strong>este enlace<\/strong><\/a><\/p>\n","protected":false},"author":9,"featured_media":-1,"menu_order":0,"comment_status":"closed","ping_status":"closed","template":"","meta":{"_links_to":"","_links_to_target":""},"tags":[],"event_type":[203],"event_type_2":[],"acf":[],"_links":{"self":[{"href":"https:\/\/www.foment.com\/es\/wp-json\/wp\/v2\/ajde_events\/190687"}],"collection":[{"href":"https:\/\/www.foment.com\/es\/wp-json\/wp\/v2\/ajde_events"}],"about":[{"href":"https:\/\/www.foment.com\/es\/wp-json\/wp\/v2\/types\/ajde_events"}],"author":[{"embeddable":true,"href":"https:\/\/www.foment.com\/es\/wp-json\/wp\/v2\/users\/9"}],"replies":[{"embeddable":true,"href":"https:\/\/www.foment.com\/es\/wp-json\/wp\/v2\/comments?post=190687"}],"wp:featuredmedia":[{"embeddable":true,"href":"https:\/\/www.foment.com\/es\/wp-json\/"}],"wp:attachment":[{"href":"https:\/\/www.foment.com\/es\/wp-json\/wp\/v2\/media?parent=190687"}],"wp:term":[{"taxonomy":"post_tag","embeddable":true,"href":"https:\/\/www.foment.com\/es\/wp-json\/wp\/v2\/tags?post=190687"},{"taxonomy":"event_type","embeddable":true,"href":"https:\/\/www.foment.com\/es\/wp-json\/wp\/v2\/event_type?post=190687"},{"taxonomy":"event_type_2","embeddable":true,"href":"https:\/\/www.foment.com\/es\/wp-json\/wp\/v2\/event_type_2?post=190687"}],"curies":[{"name":"wp","href":"https:\/\/api.w.org\/{rel}","templated":true}]}}

<p>Os invitamos al evento «<strong>El impacto del comercio online en el crecimiento de las pymes</strong>» en el que trataremos cómo el comercio electrónico puede catalizar el crecimiento y la competitividad de las pymes. La sesión se realizará el martes <strong>15 de octubre, en formato híbrido, virtual y presencial en Foment del Treball </strong>(Via Laietana 32, Barcelona).</p>
<p>Durante el acto, Amazon presentará los datos del <em>Impacto </em><em>de Amazon en las pymes españolas, </em>con un enfoque especial en Cataluña, y emprendedores de éxito contarán su experiencia personal vendiendo online. Además, contaremos con una formación sobre cómo las pymes pueden beneficiarse del comercio online como motor de expansión internacional.</p>
<p><span style="color: #d2112d;"><strong>PROGRAMA</strong></span></p>
<p><strong>11:00</strong><strong>  </strong>Bienvenida Institucional</p>
<p><strong>Maria Mora</strong>, Directora de Innovación de Foment del Treball</p>
<p><strong>Eva Pérez</strong>, Senior Manager Public Policy de Amazon</p>
<p><strong>11:10 </strong>ACCIÓ: el aliado para definir tu estrategia digital internacional</p>
<p><strong>Elena Antonijuan</strong>, Responsable del programa International eTrade de ACCIÓ</p>
<p><strong>11:20 </strong>Presentación del informe sobre el impacto de Amazon en las pymes españolas, enfocado en Cataluña</p>
<p><strong>Coia Pons</strong>,<strong> </strong>Responsable de oportunidades de comercio electrónico para pymes de Amazon</p>
<p><strong>11:30</strong> Caso de éxito de empresas catalanas: Natulim y Unik Health</p>
<p><strong>11:50 </strong>Formación exprés: el comercio online, el camino de las pymes hacia la internacionalización</p>
<p><strong>12:30</strong>  Clausura</p>
<p><strong>Kilian García</strong>, Director de Internacional de Foment del Treball</p>
<p><strong><span style="color: #d2112d;">Objetivos de la jornada</span> </strong></p>
<ol>
<li><strong>Impulsar el comercio electrónico</strong> como clave para el crecimiento y competitividad de las pymes.</li>
<li><strong>Destacar el papel de las pymes</strong>en la economía catalana y su transformación digital.</li>
<li><strong>Fomentar la colaboración </strong>entre gobierno y asociaciones empresariales para apoyar la digitalización.</li>
<li>Compartir datos que demuestren los <strong>beneficios del comercio electrónico </strong>para las pymes.</li>
<li><strong>Inspirar la adopción digital</strong> para fortalecer y hacer más resilientes a las PYMES.</li>
</ol>
<p>Para asistir al evento, es necesario formalizar la inscripción en <a href="https://forms.office.com/e/G7AVHAx1BS"><strong>este enlace</strong></a></p>
