{"id":191728,"date":"2024-10-25T09:46:42","date_gmt":"2024-10-25T07:46:42","guid":{"rendered":"https:\/\/www.foment.com\/?post_type=ajde_events&#038;p=191728"},"modified":"2024-11-22T10:18:26","modified_gmt":"2024-11-22T09:18:26","slug":"asia-central-y-caucaso-analisis-de-la-situacion-actual-y-oportunidades","status":"publish","type":"ajde_events","link":"https:\/\/www.foment.com\/es\/events\/asia-central-y-caucaso-analisis-de-la-situacion-actual-y-oportunidades\/","title":{"rendered":"ASIA CENTRAL Y C\u00c1UCASO: AN\u00c1LISIS DE LA SITUACI\u00d3N ACTUAL Y OPORTUNIDADES"},"content":{"rendered":"<section class=\"wpb-content-wrapper\"><p>[vc_row][vc_column][vc_btn title=\u00bbINSCRIPCI\u00d3N GRATUITA\u00bb style=\u00bb3d\u00bb color=\u00bbdanger\u00bb size=\u00bblg\u00bb align=\u00bbcenter\u00bb button_block=\u00bbtrue\u00bb link=\u00bburl:https%3A%2F%2Fwww.foment.com%2Fes%2Finscripciones-eventos%2F%3Fidevento%3D2A515D20-FA91-EF11-8A6A-002248A42DCF%20%20|target:_blank\u00bb][vc_column_text]<\/p>\n<p style=\"text-align: justify;\"><span style=\"font-family: arial, helvetica, sans-serif;\">La<span style=\"font-size: 10pt;\"> complicada situaci\u00f3n que Ucrania lleva experimentando durante los \u00faltimos a\u00f1os, ha repercutido en el orden econ\u00f3mico mundial desde diferentes prismas. La consecuencia m\u00e1s evidente ha sido el movimiento del flujo de las mercanc\u00edas y las cadenas de suministros, que anteriormente ten\u00edan como epicentro al gigante euroasi\u00e1tico (Rusia), dando un giro exponencial hacia C\u00e1ucaso y Asia Central. En este marco geopol\u00edtico y econ\u00f3mico, tanto es sector privado como las Instituciones Financieras Internacionales concentran todos sus esfuerzos en fortalecer los lazos con estos mercados, implementando medidas para reducir las barreras arancelarias, apostando por nuevas rutas de transporte (Middle Corridor) o invirtiendo en la implantaci\u00f3n comercial o productiva en pa\u00edses como Azerbaiy\u00e1n, Georgia, Kazajist\u00e1n o Uzbekist\u00e1n.<\/span><\/span><\/p>\n<p style=\"text-align: justify;\"><span style=\"font-family: arial, helvetica, sans-serif; font-size: 10pt;\">Estas rep\u00fablicas, anteriormente en un segundo plano, est\u00e1n protagonizando en el presente un papel crucial en este equilibrio comercial entre Europa y Asia, y est\u00e1n destinados a protagonizar el desarrollo regional en la pr\u00f3xima d\u00e9cada, con crecimientos en 2023 superiores al 5.5% de media. Los dos pa\u00edses m\u00e1s importantes del bloque, Kazajst\u00e1n y Uzbekist\u00e1n, crecieron concretamente al 5.1% y 5.8% respectivamente.<\/span><\/p>\n<p style=\"text-align: justify;\"><span style=\"font-family: arial, helvetica, sans-serif; font-size: 10pt;\">Sectores como los bienes de equipo, agricultura, construcci\u00f3n, automoci\u00f3n, TIC, energ\u00edas renovables, miner\u00eda o el multilateral, arrojan oportunidades en todos los mercados de C\u00e1ucaso y Asia Central.<\/span><\/p>\n<p style=\"text-align: justify;\"><span style=\"font-family: arial, helvetica, sans-serif; font-size: 10pt;\">La sesi\u00f3n tiene como objetivo analizar la situaci\u00f3n de esta regi\u00f3n explicando d\u00f3nde est\u00e1n las oportunidades en los 8 pa\u00edses que componen ambos bloques, y poniendo el foco en Georgia y Azerbaiy\u00e1n (C\u00e1ucaso) y Kazajst\u00e1n y Uzbekist\u00e1n (Asia Central), como principales actores.\u00a0<\/span><\/p>\n<p>&nbsp;<\/p>\n<p style=\"text-align: justify;\"><span style=\"font-family: arial, helvetica, sans-serif; font-size: 10pt; color: #c12238;\"><strong>PROGRAMA<\/strong><\/span><\/p>\n<p style=\"text-align: justify;\"><span style=\"font-family: arial, helvetica, sans-serif; font-size: 10pt; color: #c12238;\">09:30 h.\u00a0Bienvenida<\/span><\/p>\n<p style=\"text-align: justify; padding-left: 40px;\"><span style=\"font-family: arial, helvetica, sans-serif; font-size: 10pt; color: #000000;\">Representante, <strong>Foment del Treball<\/strong><\/span><\/p>\n<p style=\"text-align: justify;\"><span style=\"font-family: arial, helvetica, sans-serif; font-size: 10pt; color: #c12238;\">09:40 h. Asia Central y C\u00e1ucaso: An\u00e1lisis de la situaci\u00f3n actual y oportunidades<\/span><\/p>\n<p style=\"text-align: justify; padding-left: 40px;\"><span style=\"font-family: arial, helvetica, sans-serif; font-size: 10pt; color: #000000;\">Adolfo Romero de Marcelo, director de <strong>ESKZ Global Eurasia<\/strong><\/span><\/p>\n<p style=\"text-align: justify;\"><span style=\"font-family: arial, helvetica, sans-serif; font-size: 10pt; color: #c12238;\">10:40 h. Experiencia empresarial (tbc)<\/span><\/p>\n<p style=\"text-align: justify;\"><span style=\"font-family: arial, helvetica, sans-serif; font-size: 10pt; color: #c12238;\">10:50 h. Q&amp;A<br \/>\n11:00 h. Fin de la sesi\u00f3n<\/span>[\/vc_column_text][\/vc_column][\/vc_row][vc_row][vc_column width=\u00bb1\/1&#8243;][vc_column_text]<span style=\"font-size: 10pt; font-family: arial, helvetica, sans-serif;\">Amb la col\u00b7laboraci\u00f3 de:\u00a0<\/span>[\/vc_column_text]<div class=\"single_image wpb_content_element align-left    \" data-animation=\"none\" data-delay=\"0\"><a href=\"http:\/\/www.accio.gencat.cat\" target=\"_self\"><img width=\"300\" height=\"68\" src=\"https:\/\/www.foment.com\/wp-content\/uploads\/2021\/04\/ACCIO-integrat-Horitzontal-CAT-color-300x68.png\" class=\"attachment-medium\" alt=\"\" loading=\"lazy\" title=\"ACCI\u00d3 integrat Horitzontal CAT color\" srcset=\"https:\/\/www.foment.com\/wp-content\/uploads\/2021\/04\/ACCIO-integrat-Horitzontal-CAT-color-300x68.png 300w, https:\/\/www.foment.com\/wp-content\/uploads\/2021\/04\/ACCIO-integrat-Horitzontal-CAT-color.png 559w\" sizes=\"(max-width: 300px) 100vw, 300px\" \/><\/a><\/div>[\/vc_column][\/vc_row]<\/p>\n<\/section>","protected":false},"author":13,"featured_media":193233,"menu_order":0,"comment_status":"closed","ping_status":"closed","template":"","meta":{"_links_to":"","_links_to_target":""},"tags":[3233,8681],"event_type":[],"event_type_2":[],"acf":[],"_links":{"self":[{"href":"https:\/\/www.foment.com\/es\/wp-json\/wp\/v2\/ajde_events\/191728"}],"collection":[{"href":"https:\/\/www.foment.com\/es\/wp-json\/wp\/v2\/ajde_events"}],"about":[{"href":"https:\/\/www.foment.com\/es\/wp-json\/wp\/v2\/types\/ajde_events"}],"author":[{"embeddable":true,"href":"https:\/\/www.foment.com\/es\/wp-json\/wp\/v2\/users\/13"}],"replies":[{"embeddable":true,"href":"https:\/\/www.foment.com\/es\/wp-json\/wp\/v2\/comments?post=191728"}],"wp:featuredmedia":[{"embeddable":true,"href":"https:\/\/www.foment.com\/es\/wp-json\/wp\/v2\/media\/193233"}],"wp:attachment":[{"href":"https:\/\/www.foment.com\/es\/wp-json\/wp\/v2\/media?parent=191728"}],"wp:term":[{"taxonomy":"post_tag","embeddable":true,"href":"https:\/\/www.foment.com\/es\/wp-json\/wp\/v2\/tags?post=191728"},{"taxonomy":"event_type","embeddable":true,"href":"https:\/\/www.foment.com\/es\/wp-json\/wp\/v2\/event_type?post=191728"},{"taxonomy":"event_type_2","embeddable":true,"href":"https:\/\/www.foment.com\/es\/wp-json\/wp\/v2\/event_type_2?post=191728"}],"curies":[{"name":"wp","href":"https:\/\/api.w.org\/{rel}","templated":true}]}}

ASIA CENTRAL Y CÁUCASO: ANÁLISIS DE LA SITUACIÓN ACTUAL Y OPORTUNIDADES

<section class="wpb-content-wrapper"><p>[vc_row][vc_column][vc_btn title=»INSCRIPCIÓN GRATUITA» style=»3d» color=»danger» size=»lg» align=»center» button_block=»true» link=»url:https%3A%2F%2Fwww.foment.com%2Fes%2Finscripciones-eventos%2F%3Fidevento%3D2A515D20-FA91-EF11-8A6A-002248A42DCF%20%20|target:_blank»][vc_column_text]</p>
<p style="text-align: justify;"><span style="font-family: arial, helvetica, sans-serif;">La<span style="font-size: 10pt;"> complicada situación que Ucrania lleva experimentando durante los últimos años, ha repercutido en el orden económico mundial desde diferentes prismas. La consecuencia más evidente ha sido el movimiento del flujo de las mercancías y las cadenas de suministros, que anteriormente tenían como epicentro al gigante euroasiático (Rusia), dando un giro exponencial hacia Cáucaso y Asia Central. En este marco geopolítico y económico, tanto es sector privado como las Instituciones Financieras Internacionales concentran todos sus esfuerzos en fortalecer los lazos con estos mercados, implementando medidas para reducir las barreras arancelarias, apostando por nuevas rutas de transporte (Middle Corridor) o invirtiendo en la implantación comercial o productiva en países como Azerbaiyán, Georgia, Kazajistán o Uzbekistán.</span></span></p>
<p style="text-align: justify;"><span style="font-family: arial, helvetica, sans-serif; font-size: 10pt;">Estas repúblicas, anteriormente en un segundo plano, están protagonizando en el presente un papel crucial en este equilibrio comercial entre Europa y Asia, y están destinados a protagonizar el desarrollo regional en la próxima década, con crecimientos en 2023 superiores al 5.5% de media. Los dos países más importantes del bloque, Kazajstán y Uzbekistán, crecieron concretamente al 5.1% y 5.8% respectivamente.</span></p>
<p style="text-align: justify;"><span style="font-family: arial, helvetica, sans-serif; font-size: 10pt;">Sectores como los bienes de equipo, agricultura, construcción, automoción, TIC, energías renovables, minería o el multilateral, arrojan oportunidades en todos los mercados de Cáucaso y Asia Central.</span></p>
<p style="text-align: justify;"><span style="font-family: arial, helvetica, sans-serif; font-size: 10pt;">La sesión tiene como objetivo analizar la situación de esta región explicando dónde están las oportunidades en los 8 países que componen ambos bloques, y poniendo el foco en Georgia y Azerbaiyán (Cáucaso) y Kazajstán y Uzbekistán (Asia Central), como principales actores. </span></p>
<p>&nbsp;</p>
<p style="text-align: justify;"><span style="font-family: arial, helvetica, sans-serif; font-size: 10pt; color: #c12238;"><strong>PROGRAMA</strong></span></p>
<p style="text-align: justify;"><span style="font-family: arial, helvetica, sans-serif; font-size: 10pt; color: #c12238;">09:30 h. Bienvenida</span></p>
<p style="text-align: justify; padding-left: 40px;"><span style="font-family: arial, helvetica, sans-serif; font-size: 10pt; color: #000000;">Representante, <strong>Foment del Treball</strong></span></p>
<p style="text-align: justify;"><span style="font-family: arial, helvetica, sans-serif; font-size: 10pt; color: #c12238;">09:40 h. Asia Central y Cáucaso: Análisis de la situación actual y oportunidades</span></p>
<p style="text-align: justify; padding-left: 40px;"><span style="font-family: arial, helvetica, sans-serif; font-size: 10pt; color: #000000;">Adolfo Romero de Marcelo, director de <strong>ESKZ Global Eurasia</strong></span></p>
<p style="text-align: justify;"><span style="font-family: arial, helvetica, sans-serif; font-size: 10pt; color: #c12238;">10:40 h. Experiencia empresarial (tbc)</span></p>
<p style="text-align: justify;"><span style="font-family: arial, helvetica, sans-serif; font-size: 10pt; color: #c12238;">10:50 h. Q&amp;A<br />
11:00 h. Fin de la sesión</span>[/vc_column_text][/vc_column][/vc_row][vc_row][vc_column width=»1/1&#8243;][vc_column_text]<span style="font-size: 10pt; font-family: arial, helvetica, sans-serif;">Amb la col·laboració de: </span>[/vc_column_text]<div class="single_image wpb_content_element align-left    " data-animation="none" data-delay="0"><a href="http://www.accio.gencat.cat" target="_self"><img width="300" height="68" src="https://www.foment.com/wp-content/uploads/2021/04/ACCIO-integrat-Horitzontal-CAT-color-300x68.png" class="attachment-medium" alt="" loading="lazy" title="ACCIÓ integrat Horitzontal CAT color" srcset="https://www.foment.com/wp-content/uploads/2021/04/ACCIO-integrat-Horitzontal-CAT-color-300x68.png 300w, https://www.foment.com/wp-content/uploads/2021/04/ACCIO-integrat-Horitzontal-CAT-color.png 559w" sizes="(max-width: 300px) 100vw, 300px" /></a></div>[/vc_column][/vc_row]</p>
</section>
