{"id":193285,"date":"2024-11-25T16:47:26","date_gmt":"2024-11-25T15:47:26","guid":{"rendered":"https:\/\/www.foment.com\/?post_type=ajde_events&#038;p=193285"},"modified":"2024-12-23T10:17:28","modified_gmt":"2024-12-23T09:17:28","slug":"evaluacion-de-riesgos-psicosociales-e-inteligencia-artificial-innovacion-en-la-prevencion-y-gestion-del-bienestar-laboral","status":"publish","type":"ajde_events","link":"https:\/\/www.foment.com\/es\/events\/evaluacion-de-riesgos-psicosociales-e-inteligencia-artificial-innovacion-en-la-prevencion-y-gestion-del-bienestar-laboral\/","title":{"rendered":"Evaluaci\u00f3n de Riesgos Psicosociales e Inteligencia Artificial. Innovaci\u00f3n en la prevenci\u00f3n y gesti\u00f3n del bienestar laboral"},"content":{"rendered":"<section class=\"wpb-content-wrapper\"><p>[vc_row][vc_column][vc_column_text]<\/p>\n<p>&nbsp;<\/p>\n<p style=\"text-align: center;\"><span style=\"color: #a60f0f; font-family: verdana, geneva, sans-serif;\"><span style=\"font-size: 24px;\">Evaluaci\u00f3n de Riegos Psicosociales e Inteligencia Artificial. Innovaci\u00f3n en la prevenci\u00f3n y gesti\u00f3n del bienestar laboral<\/span><\/span><\/p>\n<p style=\"text-align: justify;\"><strong><span style=\"font-family: verdana, geneva, sans-serif; font-size: 12pt;\">\u00bfC\u00f3mo podemos identificar y evaluar eficazmente los riesgos psicosociales en el entorno laboral? \u00bfQu\u00e9 papel desempe\u00f1a la inteligencia artificial en la mejora de estas evaluaciones y en la implementaci\u00f3n de medidas preventivas m\u00e1s efectivas? \u00bfC\u00f3mo podemos cumplir con las obligaciones legales y, al mismo tiempo, promover una cultura organizacional que priorice la salud mental de los empleados?<\/span><\/strong><\/p>\n<p style=\"text-align: justify;\"><span style=\"font-family: verdana, geneva, sans-serif; font-size: 12pt;\">La relaci\u00f3n entre los riesgos psicosociales y la salud mental es evidente. Factores como el estr\u00e9s laboral, la carga de trabajo excesiva y la falta de apoyo social en el trabajo pueden derivar en trastornos mentales. Este v\u00ednculo se refleja en el incremento de las bajas laborales por motivos de salud mental en Espa\u00f1a. Seg\u00fan datos del Ministerio de Inclusi\u00f3n, Seguridad Social y Migraciones, en 2023 se registraron alrededor de 600.000 incapacidades temporales relacionadas con trastornos mentales y de comportamiento, duplicando las cifras de a\u00f1os anteriores, lo que pone de manifiesto la importancia de los riesgos psicosociales en las empresas.<\/span><\/p>\n<p style=\"text-align: justify;\"><span style=\"font-family: verdana, geneva, sans-serif; font-size: 12pt;\">En este contexto, la Inteligencia Artificial (IA) emerge como una herramienta innovadora para mejorar la evaluaci\u00f3n y gesti\u00f3n de estos riesgos. La IA permite analizar grandes vol\u00famenes de datos, identificar patrones y predecir situaciones de riego, facilitando la implementaci\u00f3n de medidas preventivas m\u00e1s efectivas.<\/span><\/p>\n<p><span style=\"font-family: verdana, geneva, sans-serif; font-size: 12pt;\">Esta jornada tiene como objetivo <strong>explorar c\u00f3mo la IA puede integrarse en la evaluaci\u00f3n de los riesgos psicosociales, cumpliendo con las obligaciones legales y contribuyendo a la reducci\u00f3n de las bajas laborales por motivos de salud mental<\/strong>. A trav\u00e9s de experiencias pr\u00e1cticas y casos de \u00e9xito, se presentar\u00e1n estrategias para implementar soluciones tecnol\u00f3gicas que promuevan el bienestar laboral y una cultura organizacional saludable<\/span><\/p>\n<p>[\/vc_column_text][\/vc_column][\/vc_row][vc_row][vc_column width=\u00bb1\/2&#8243;][vc_btn title=\u00bbDescargar programa\u00bb style=\u00bboutline-custom\u00bb outline_custom_color=\u00bb#dd3333&#8243; outline_custom_hover_background=\u00bb#000000&#8243; outline_custom_hover_text=\u00bb#ffffff\u00bb align=\u00bbcenter\u00bb link=\u00bburl:https%3A%2F%2Ffomentdeltreball.sharepoint.com%2F%3Ab%3A%2Fg%2FESM-kMcydGVPuHsVVpuXWI4BUgbgWQIxl8QUki3HFUPRhw%3Fe%3DZHIDHY|target:_blank\u00bb css=\u00bb.vc_custom_1734945040701{background-color: #ffffff !important;}\u00bb][\/vc_column][vc_column width=\u00bb1\/2&#8243;][vc_btn title=\u00bbInscripci\u00f3n\u00bb style=\u00bboutline-custom\u00bb outline_custom_color=\u00bb#dd3333&#8243; outline_custom_hover_background=\u00bb#000000&#8243; outline_custom_hover_text=\u00bb#ffffff\u00bb align=\u00bbcenter\u00bb link=\u00bburl:https%3A%2F%2Fwww.foment.com%2Fes%2Finscripciones-eventos%2F%3Fidevento%3DEDCD18EB-60BC-EF11-A72F-7C1E528822D4|target:_blank\u00bb css=\u00bb.vc_custom_1734945122838{background-color: #ffffff !important;}\u00bb][\/vc_column][\/vc_row][vc_row][vc_column][vc_single_image image=\u00bb180397&#8243; img_size=\u00bblarge\u00bb][\/vc_column][\/vc_row]<\/p>\n<\/section>","protected":false},"author":12,"featured_media":43963,"menu_order":0,"comment_status":"closed","ping_status":"closed","template":"","meta":{"_links_to":"","_links_to_target":""},"tags":[7181,416,417,513],"event_type":[202],"event_type_2":[],"acf":[],"_links":{"self":[{"href":"https:\/\/www.foment.com\/es\/wp-json\/wp\/v2\/ajde_events\/193285"}],"collection":[{"href":"https:\/\/www.foment.com\/es\/wp-json\/wp\/v2\/ajde_events"}],"about":[{"href":"https:\/\/www.foment.com\/es\/wp-json\/wp\/v2\/types\/ajde_events"}],"author":[{"embeddable":true,"href":"https:\/\/www.foment.com\/es\/wp-json\/wp\/v2\/users\/12"}],"replies":[{"embeddable":true,"href":"https:\/\/www.foment.com\/es\/wp-json\/wp\/v2\/comments?post=193285"}],"wp:featuredmedia":[{"embeddable":true,"href":"https:\/\/www.foment.com\/es\/wp-json\/wp\/v2\/media\/43963"}],"wp:attachment":[{"href":"https:\/\/www.foment.com\/es\/wp-json\/wp\/v2\/media?parent=193285"}],"wp:term":[{"taxonomy":"post_tag","embeddable":true,"href":"https:\/\/www.foment.com\/es\/wp-json\/wp\/v2\/tags?post=193285"},{"taxonomy":"event_type","embeddable":true,"href":"https:\/\/www.foment.com\/es\/wp-json\/wp\/v2\/event_type?post=193285"},{"taxonomy":"event_type_2","embeddable":true,"href":"https:\/\/www.foment.com\/es\/wp-json\/wp\/v2\/event_type_2?post=193285"}],"curies":[{"name":"wp","href":"https:\/\/api.w.org\/{rel}","templated":true}]}}

Evaluación de Riesgos Psicosociales e Inteligencia Artificial. Innovación en la prevención y gestión del bienestar laboral

<section class="wpb-content-wrapper"><p>[vc_row][vc_column][vc_column_text]</p>
<p>&nbsp;</p>
<p style="text-align: center;"><span style="color: #a60f0f; font-family: verdana, geneva, sans-serif;"><span style="font-size: 24px;">Evaluación de Riegos Psicosociales e Inteligencia Artificial. Innovación en la prevención y gestión del bienestar laboral</span></span></p>
<p style="text-align: justify;"><strong><span style="font-family: verdana, geneva, sans-serif; font-size: 12pt;">¿Cómo podemos identificar y evaluar eficazmente los riesgos psicosociales en el entorno laboral? ¿Qué papel desempeña la inteligencia artificial en la mejora de estas evaluaciones y en la implementación de medidas preventivas más efectivas? ¿Cómo podemos cumplir con las obligaciones legales y, al mismo tiempo, promover una cultura organizacional que priorice la salud mental de los empleados?</span></strong></p>
<p style="text-align: justify;"><span style="font-family: verdana, geneva, sans-serif; font-size: 12pt;">La relación entre los riesgos psicosociales y la salud mental es evidente. Factores como el estrés laboral, la carga de trabajo excesiva y la falta de apoyo social en el trabajo pueden derivar en trastornos mentales. Este vínculo se refleja en el incremento de las bajas laborales por motivos de salud mental en España. Según datos del Ministerio de Inclusión, Seguridad Social y Migraciones, en 2023 se registraron alrededor de 600.000 incapacidades temporales relacionadas con trastornos mentales y de comportamiento, duplicando las cifras de años anteriores, lo que pone de manifiesto la importancia de los riesgos psicosociales en las empresas.</span></p>
<p style="text-align: justify;"><span style="font-family: verdana, geneva, sans-serif; font-size: 12pt;">En este contexto, la Inteligencia Artificial (IA) emerge como una herramienta innovadora para mejorar la evaluación y gestión de estos riesgos. La IA permite analizar grandes volúmenes de datos, identificar patrones y predecir situaciones de riego, facilitando la implementación de medidas preventivas más efectivas.</span></p>
<p><span style="font-family: verdana, geneva, sans-serif; font-size: 12pt;">Esta jornada tiene como objetivo <strong>explorar cómo la IA puede integrarse en la evaluación de los riesgos psicosociales, cumpliendo con las obligaciones legales y contribuyendo a la reducción de las bajas laborales por motivos de salud mental</strong>. A través de experiencias prácticas y casos de éxito, se presentarán estrategias para implementar soluciones tecnológicas que promuevan el bienestar laboral y una cultura organizacional saludable</span></p>
<p>[/vc_column_text][/vc_column][/vc_row][vc_row][vc_column width=»1/2&#8243;][vc_btn title=»Descargar programa» style=»outline-custom» outline_custom_color=»#dd3333&#8243; outline_custom_hover_background=»#000000&#8243; outline_custom_hover_text=»#ffffff» align=»center» link=»url:https%3A%2F%2Ffomentdeltreball.sharepoint.com%2F%3Ab%3A%2Fg%2FESM-kMcydGVPuHsVVpuXWI4BUgbgWQIxl8QUki3HFUPRhw%3Fe%3DZHIDHY|target:_blank» css=».vc_custom_1734945040701{background-color: #ffffff !important;}»][/vc_column][vc_column width=»1/2&#8243;][vc_btn title=»Inscripción» style=»outline-custom» outline_custom_color=»#dd3333&#8243; outline_custom_hover_background=»#000000&#8243; outline_custom_hover_text=»#ffffff» align=»center» link=»url:https%3A%2F%2Fwww.foment.com%2Fes%2Finscripciones-eventos%2F%3Fidevento%3DEDCD18EB-60BC-EF11-A72F-7C1E528822D4|target:_blank» css=».vc_custom_1734945122838{background-color: #ffffff !important;}»][/vc_column][/vc_row][vc_row][vc_column][vc_single_image image=»180397&#8243; img_size=»large»][/vc_column][/vc_row]</p>
</section>
