{"id":197159,"date":"2025-02-13T16:12:29","date_gmt":"2025-02-13T15:12:29","guid":{"rendered":"https:\/\/www.foment.com\/es\/events\/la-gestion-de-la-digitalizacion-en-las-relaciones-laborales\/"},"modified":"2025-03-10T10:31:33","modified_gmt":"2025-03-10T09:31:33","slug":"la-gestion-de-la-digitalizacion-en-las-relaciones-laborales","status":"publish","type":"ajde_events","link":"https:\/\/www.foment.com\/es\/events\/la-gestion-de-la-digitalizacion-en-las-relaciones-laborales\/","title":{"rendered":"La gesti\u00f3n de la digitalizaci\u00f3n en las relaciones laborales"},"content":{"rendered":"<section class=\"wpb-content-wrapper\"><p>[vc_column width=\u00bb1\/4&#8243;][\/vc_column][vc_column width=\u00bb1\/4&#8243;][\/vc_column][vc_column width=\u00bb1\/4&#8243;][\/vc_column][vc_column width=\u00bb1\/4&#8243;][\/vc_column][vc_row full_height=\u00bbtrue\u00bb content_placement=\u00bbtop\u00bb][vc_column width=\u00bb1\/1&#8243;][vc_column_text]La digitalizaci\u00f3n est\u00e1 transformando profundamente el mundo del trabajo, afectando tanto a la organizaci\u00f3n interna de las empresas como a las condiciones laborales de los trabajadores. Tecnolog\u00edas como la inteligencia artificial, el big data, la automatizaci\u00f3n, las plataformas digitales, los algoritmos y el teletrabajo redefinen las din\u00e1micas laborales tradicionales, ofreciendo nuevas oportunidades, pero tambi\u00e9n planteando retos significativos en t\u00e9rminos de derechos laborales, seguridad y adaptaci\u00f3n a estos cambios.<\/p>\n<p>Este ciclo tiene como objetivo explorar el papel de las relaciones laborales en general, y la negociaci\u00f3n colectiva en particular, sobre las nuevas din\u00e1micas laborales digitales, abordando cuestiones clave como:<\/p>\n<ul>\n<li>Automatizaci\u00f3n y robotizaci\u00f3n<\/li>\n<li>Teletrabajo y flexibilidad laboral<\/li>\n<li>Trabajo en plataformas digitales<\/li>\n<li>Protecci\u00f3n de datos y privacidad<\/li>\n<li>Prevenci\u00f3n de riesgos laborales en entornos digitalizados<\/li>\n<\/ul>\n<p>En este contexto, la negociaci\u00f3n colectiva se presenta como una herramienta estrat\u00e9gica para la gesti\u00f3n de estos cambios, teniendo en cuenta, adem\u00e1s, las recomendaciones contenidas en el V Acuerdo de Empleo y Negociaci\u00f3n Colectiva (V AENC). A trav\u00e9s de los convenios colectivos y los acuerdos de empresa, es posible establecer mecanismos para adaptar las condiciones laborales a la realidad tecnol\u00f3gica, asegurando el equilibrio entre la innovaci\u00f3n y el respeto a los derechos fundamentales de los trabajadores.<\/p>\n<p><strong><span style=\"color: #d2112d;\">Duraci\u00f3n:<\/span><\/strong> 10 sesiones de 2 horas (de 10 a 12 h)<br \/>\n<span style=\"color: #d2112d;\"><strong>Modalidad:<\/strong><\/span> Online<\/p>\n<p>Al finalizar el ciclo se entregar\u00e1 un certificado acreditativo si se asiste, como m\u00ednimo, a un 75% del ciclo.<\/p>\n<p><strong><span style=\"color: #d2112d;\">Ponente<\/span>: Jordi Garc\u00eda Vi\u00f1a<\/strong>, catedr\u00e1tico de Derecho del Trabajo y de la Seguridad Social de la Universidad de Barcelona. Consejero en Augusta Abogados<\/p>\n<p>Estas jornadas forman parte de los Planes de Formaci\u00f3n del \u00e1mbito de Catalu\u00f1a, dirigidos a la capacitaci\u00f3n para el desarrollo de las funciones relacionadas con el di\u00e1logo social y la negociaci\u00f3n colectiva. Expediente n\u00fam. STC074\/24\/000001.<\/p>\n<table style=\"border-collapse: collapse; width: 100%;\">\n<tbody>\n<tr>\n<td style=\"width: 33.3333%; text-align: center;\"><\/td>\n<td style=\"width: 33.3333%; text-align: left;\"><strong style=\"text-align: center;\">\u00a0 \u00a0 \u00a0 \u00a0 \u00a0 \u00a0 \u00a0 \u00a0 \u00a0 \u00a0 \u00a0 \u00a0 \u00a0 \u00a0 \u00a0 \u00a0Con el apoyo de:<\/strong><\/td>\n<td style=\"width: 33.3333%;\"><\/td>\n<\/tr>\n<tr>\n<td style=\"width: 33.3333%;\"><\/td>\n<td style=\"width: 33.3333%;\">\u00a0 \u00a0 <img loading=\"lazy\" class=\"aligncenter wp-image-179766 size-medium\" src=\"https:\/\/www.foment.com\/wp-content\/uploads\/2024\/03\/generalitat-300x76.jpg\" alt=\"\" width=\"300\" height=\"76\" srcset=\"https:\/\/www.foment.com\/wp-content\/uploads\/2024\/03\/generalitat-300x76.jpg 300w, https:\/\/www.foment.com\/wp-content\/uploads\/2024\/03\/generalitat.jpg 451w\" sizes=\"(max-width: 300px) 100vw, 300px\" \/><\/td>\n<td style=\"width: 33.3333%;\"><\/td>\n<\/tr>\n<\/tbody>\n<\/table>\n<p>[\/vc_column_text][\/vc_column][\/vc_row][vc_row][vc_column width=\u00bb1\/3&#8243;][vc_btn title=\u00bbInscripci\u00f3n gratuita\u00bb style=\u00bb3d\u00bb shape=\u00bbround\u00bb color=\u00bbdanger\u00bb size=\u00bbsm\u00bb align=\u00bbcenter\u00bb i_icon_fontawesome=\u00bbfar fa-hand-point-right\u00bb button_block=\u00bbtrue\u00bb add_icon=\u00bbtrue\u00bb link=\u00bburl:https%3A%2F%2Fforms.office.com%2Fpages%2Fresponsepage.aspx%3Fid%3DjZN882U4iUq5m7AAx2p0v9yoqS89_shLl7psLcCmA0ZUQzQ1UEJSU0U3SzBKSFNRMzlMTFVGSFZNVy4u%26origin%3DlprLink%26route%3Dshorturl|target:_blank\u00bb][\/vc_column][vc_column width=\u00bb1\/3&#8243;][\/vc_column][vc_column width=\u00bb1\/3&#8243;][vc_btn title=\u00bbDescargar Programa\u00bb style=\u00bb3d\u00bb shape=\u00bbround\u00bb color=\u00bbdanger\u00bb size=\u00bbsm\u00bb align=\u00bbcenter\u00bb i_icon_fontawesome=\u00bbfar fa-hand-point-right\u00bb button_block=\u00bbtrue\u00bb add_icon=\u00bbtrue\u00bb link=\u00bburl:https%3A%2F%2Fwww.foment.com%2Fwp-content%2Fuploads%2F2025%2F02%2F2025.03.18_-Programa-gestion-de-la-digitalizacion-en-las-relaciones-laborales.pdf|target:_blank\u00bb][\/vc_column][\/vc_row]<\/p>\n<\/section>","protected":false},"author":7,"featured_media":198341,"menu_order":0,"comment_status":"closed","ping_status":"closed","template":"","meta":{"_links_to":"","_links_to_target":""},"tags":[311,3885,8742],"event_type":[2251],"event_type_2":[],"acf":[],"_links":{"self":[{"href":"https:\/\/www.foment.com\/es\/wp-json\/wp\/v2\/ajde_events\/197159"}],"collection":[{"href":"https:\/\/www.foment.com\/es\/wp-json\/wp\/v2\/ajde_events"}],"about":[{"href":"https:\/\/www.foment.com\/es\/wp-json\/wp\/v2\/types\/ajde_events"}],"author":[{"embeddable":true,"href":"https:\/\/www.foment.com\/es\/wp-json\/wp\/v2\/users\/7"}],"replies":[{"embeddable":true,"href":"https:\/\/www.foment.com\/es\/wp-json\/wp\/v2\/comments?post=197159"}],"wp:featuredmedia":[{"embeddable":true,"href":"https:\/\/www.foment.com\/es\/wp-json\/wp\/v2\/media\/198341"}],"wp:attachment":[{"href":"https:\/\/www.foment.com\/es\/wp-json\/wp\/v2\/media?parent=197159"}],"wp:term":[{"taxonomy":"post_tag","embeddable":true,"href":"https:\/\/www.foment.com\/es\/wp-json\/wp\/v2\/tags?post=197159"},{"taxonomy":"event_type","embeddable":true,"href":"https:\/\/www.foment.com\/es\/wp-json\/wp\/v2\/event_type?post=197159"},{"taxonomy":"event_type_2","embeddable":true,"href":"https:\/\/www.foment.com\/es\/wp-json\/wp\/v2\/event_type_2?post=197159"}],"curies":[{"name":"wp","href":"https:\/\/api.w.org\/{rel}","templated":true}]}}

La gestión de la digitalización en las relaciones laborales

<section class="wpb-content-wrapper"><p>[vc_column width=»1/4&#8243;][/vc_column][vc_column width=»1/4&#8243;][/vc_column][vc_column width=»1/4&#8243;][/vc_column][vc_column width=»1/4&#8243;][/vc_column][vc_row full_height=»true» content_placement=»top»][vc_column width=»1/1&#8243;][vc_column_text]La digitalización está transformando profundamente el mundo del trabajo, afectando tanto a la organización interna de las empresas como a las condiciones laborales de los trabajadores. Tecnologías como la inteligencia artificial, el big data, la automatización, las plataformas digitales, los algoritmos y el teletrabajo redefinen las dinámicas laborales tradicionales, ofreciendo nuevas oportunidades, pero también planteando retos significativos en términos de derechos laborales, seguridad y adaptación a estos cambios.</p>
<p>Este ciclo tiene como objetivo explorar el papel de las relaciones laborales en general, y la negociación colectiva en particular, sobre las nuevas dinámicas laborales digitales, abordando cuestiones clave como:</p>
<ul>
<li>Automatización y robotización</li>
<li>Teletrabajo y flexibilidad laboral</li>
<li>Trabajo en plataformas digitales</li>
<li>Protección de datos y privacidad</li>
<li>Prevención de riesgos laborales en entornos digitalizados</li>
</ul>
<p>En este contexto, la negociación colectiva se presenta como una herramienta estratégica para la gestión de estos cambios, teniendo en cuenta, además, las recomendaciones contenidas en el V Acuerdo de Empleo y Negociación Colectiva (V AENC). A través de los convenios colectivos y los acuerdos de empresa, es posible establecer mecanismos para adaptar las condiciones laborales a la realidad tecnológica, asegurando el equilibrio entre la innovación y el respeto a los derechos fundamentales de los trabajadores.</p>
<p><strong><span style="color: #d2112d;">Duración:</span></strong> 10 sesiones de 2 horas (de 10 a 12 h)<br />
<span style="color: #d2112d;"><strong>Modalidad:</strong></span> Online</p>
<p>Al finalizar el ciclo se entregará un certificado acreditativo si se asiste, como mínimo, a un 75% del ciclo.</p>
<p><strong><span style="color: #d2112d;">Ponente</span>: Jordi García Viña</strong>, catedrático de Derecho del Trabajo y de la Seguridad Social de la Universidad de Barcelona. Consejero en Augusta Abogados</p>
<p>Estas jornadas forman parte de los Planes de Formación del ámbito de Cataluña, dirigidos a la capacitación para el desarrollo de las funciones relacionadas con el diálogo social y la negociación colectiva. Expediente núm. STC074/24/000001.</p>
<table style="border-collapse: collapse; width: 100%;">
<tbody>
<tr>
<td style="width: 33.3333%; text-align: center;"></td>
<td style="width: 33.3333%; text-align: left;"><strong style="text-align: center;">                               Con el apoyo de:</strong></td>
<td style="width: 33.3333%;"></td>
</tr>
<tr>
<td style="width: 33.3333%;"></td>
<td style="width: 33.3333%;">    <img loading="lazy" class="aligncenter wp-image-179766 size-medium" src="https://www.foment.com/wp-content/uploads/2024/03/generalitat-300x76.jpg" alt="" width="300" height="76" srcset="https://www.foment.com/wp-content/uploads/2024/03/generalitat-300x76.jpg 300w, https://www.foment.com/wp-content/uploads/2024/03/generalitat.jpg 451w" sizes="(max-width: 300px) 100vw, 300px" /></td>
<td style="width: 33.3333%;"></td>
</tr>
</tbody>
</table>
<p>[/vc_column_text][/vc_column][/vc_row][vc_row][vc_column width=»1/3&#8243;][vc_btn title=»Inscripción gratuita» style=»3d» shape=»round» color=»danger» size=»sm» align=»center» i_icon_fontawesome=»far fa-hand-point-right» button_block=»true» add_icon=»true» link=»url:https%3A%2F%2Fforms.office.com%2Fpages%2Fresponsepage.aspx%3Fid%3DjZN882U4iUq5m7AAx2p0v9yoqS89_shLl7psLcCmA0ZUQzQ1UEJSU0U3SzBKSFNRMzlMTFVGSFZNVy4u%26origin%3DlprLink%26route%3Dshorturl|target:_blank»][/vc_column][vc_column width=»1/3&#8243;][/vc_column][vc_column width=»1/3&#8243;][vc_btn title=»Descargar Programa» style=»3d» shape=»round» color=»danger» size=»sm» align=»center» i_icon_fontawesome=»far fa-hand-point-right» button_block=»true» add_icon=»true» link=»url:https%3A%2F%2Fwww.foment.com%2Fwp-content%2Fuploads%2F2025%2F02%2F2025.03.18_-Programa-gestion-de-la-digitalizacion-en-las-relaciones-laborales.pdf|target:_blank»][/vc_column][/vc_row]</p>
</section>
