{"id":197675,"date":"2025-02-25T12:18:33","date_gmt":"2025-02-25T11:18:33","guid":{"rendered":"https:\/\/www.foment.com\/events\/financament-alternatiu-mes-enlla-de-la-banca\/"},"modified":"2025-02-28T12:27:25","modified_gmt":"2025-02-28T11:27:25","slug":"financament-alternatiu-mes-enlla-de-la-banca","status":"publish","type":"ajde_events","link":"https:\/\/www.foment.com\/es\/events\/financament-alternatiu-mes-enlla-de-la-banca\/","title":{"rendered":"Financiaci\u00f3n alternativa: m\u00e1s all\u00e1 de la banca."},"content":{"rendered":"<section class=\"wpb-content-wrapper\"><p>[vc_row][vc_column width=\u00bb1\/3&#8243;]<div class=\"spacer\" style=\"height: 30px;\"><\/div>[vc_btn title=\u00bbInscr\u00edbete aqu\u00ed\u00bb style=\u00bb3d\u00bb shape=\u00bbround\u00bb color=\u00bbdanger\u00bb size=\u00bblg\u00bb align=\u00bbcenter\u00bb button_block=\u00bbtrue\u00bb link=\u00bburl:https%3A%2F%2Fwww.foment.com%2Fes%2Finscripciones-eventos%2F%3Fidevento%3D5D1756D9-64F3-EF11-BE1F-000D3A66AB4B|target:_blank\u00bb][\/vc_column][vc_column width=\u00bb1\/3&#8243;][\/vc_column][vc_column width=\u00bb1\/3&#8243;][\/vc_column][\/vc_row][vc_row][vc_column][vc_column_text]Las financiaciones y refinanciaciones son parte del ciclo de vida de las empresas. Una correcta gesti\u00f3n empresarial necesariamente implica la diversificaci\u00f3n de los proveedores financieros para promover un modelo sostenible que contribuya a hacer crecer la empresa de forma estable.<\/p>\n<p>La financiaci\u00f3n no bancaria tambi\u00e9n forma parte de su pool financiero y es un complemento a otras fuentes de financiaci\u00f3n a su disposici\u00f3n, como la bancaria. Una empresa refinancia continuamente su deuda, por eso es diferente de una reestructuraci\u00f3n, que tampoco es ajena a los ciclos empresariales.<\/p>\n<p>En esta jornada veremos ejemplos de refinanciaciones, reestructuraciones y sus consecuencias, comentando aspectos tan relevantes como los siguientes: \u00bfc\u00f3mo negociar?, \u00bfcu\u00e1ndo?, \u00bfimplicaciones?, \u00bfapalancamiento?, \u00bfexigencias?<\/p>\n<p>Vehicular este conocimiento a trav\u00e9s de ponentes con s\u00f3lidas trayectorias en la gesti\u00f3n de fondos financieros alternativos es el objetivo del <strong>ciclo de jornadas Finance for growth de Foment.<\/strong> Durante esta nueva sesi\u00f3n se expondr\u00e1n distintos instrumentos de financiaci\u00f3n alternativos y complementarios disponibles para las empresas y la financiaci\u00f3n de sus proyectos.<\/p>\n<p>La apertura ir\u00e1 a cargo del Presidente de la Comisi\u00f3n de Financiaci\u00f3n, el Sr. David Cortacans. Despu\u00e9s de las intervenciones de representantes de Findango Finance y Baker Tilly se abrir\u00e1 un turno de preguntas y, al finalizar, se ofrecer\u00e1 un caf\u00e9 networking donde tendremos la oportunidad de intercambiar nuestras impresiones.<\/p>\n<p>La jornada se celebrar\u00e1 el pr\u00f3ximo 19 de marzo de 9.30h a 11.30h en la sede de Fomento del Trabajo, V\u00eda Laietana 32, de Barcelona<\/p>\n<p style=\"text-align: center;\"><strong><span style=\"color: #d2112d;\">Programa<\/span><\/strong><\/p>\n<p style=\"text-align: left;\"><strong><span style=\"color: #d2112d;\">09:00h \u2013 Recepci\u00f3n.<\/span><\/strong><\/p>\n<p style=\"text-align: left;\"><strong><span style=\"color: #d2112d;\">09.30h \u2013 Bienvenida y presentaci\u00f3n.<\/span> <\/strong><br \/>\n<strong>David Cortacans<\/strong>, presidente de la Comisi\u00f3n de Financiaci\u00f3n de Foment del Treball Nacional<\/p>\n<p style=\"text-align: left;\"><span style=\"color: #d2112d;\"><strong>09.45h \u2013 Soluciones a largo plazo. Baker Tilly<\/strong><\/span><br \/>\n<strong>Alex Wendt<\/strong>, socio, Finances Corporatives<br \/>\n<strong>Toni Carn\u00e9<\/strong>, socio, director de Corporate Finance<\/p>\n<p style=\"text-align: left;\"><strong><span style=\"color: #d2112d;\">10:15h \u2013 Financiaciones y refinanciaciones, soluciones de financiaci\u00f3n en capital circulante complementarias a la banca. Findango<\/span><\/strong><br \/>\n<strong>Mar Turrado<\/strong>, CEO<br \/>\n<strong>Ana Caparr\u00f3s Fern\u00e1ndez,\u00a0<\/strong>Directora Financiaci\u00f3n Corporativa<\/p>\n<p style=\"text-align: left;\"><strong><span style=\"color: #d2112d;\">11:00\u202fh \u2013 Caf\u00e9 <em>networking<\/em>.<\/span><\/strong><\/p>\n<p>[\/vc_column_text][\/vc_column][\/vc_row]<\/p>\n<\/section>","protected":false},"author":7,"featured_media":197673,"menu_order":0,"comment_status":"closed","ping_status":"closed","template":"","meta":{"_links_to":"","_links_to_target":""},"tags":[8759,1866,8760,1467],"event_type":[1434],"event_type_2":[],"acf":[],"_links":{"self":[{"href":"https:\/\/www.foment.com\/es\/wp-json\/wp\/v2\/ajde_events\/197675"}],"collection":[{"href":"https:\/\/www.foment.com\/es\/wp-json\/wp\/v2\/ajde_events"}],"about":[{"href":"https:\/\/www.foment.com\/es\/wp-json\/wp\/v2\/types\/ajde_events"}],"author":[{"embeddable":true,"href":"https:\/\/www.foment.com\/es\/wp-json\/wp\/v2\/users\/7"}],"replies":[{"embeddable":true,"href":"https:\/\/www.foment.com\/es\/wp-json\/wp\/v2\/comments?post=197675"}],"wp:featuredmedia":[{"embeddable":true,"href":"https:\/\/www.foment.com\/es\/wp-json\/wp\/v2\/media\/197673"}],"wp:attachment":[{"href":"https:\/\/www.foment.com\/es\/wp-json\/wp\/v2\/media?parent=197675"}],"wp:term":[{"taxonomy":"post_tag","embeddable":true,"href":"https:\/\/www.foment.com\/es\/wp-json\/wp\/v2\/tags?post=197675"},{"taxonomy":"event_type","embeddable":true,"href":"https:\/\/www.foment.com\/es\/wp-json\/wp\/v2\/event_type?post=197675"},{"taxonomy":"event_type_2","embeddable":true,"href":"https:\/\/www.foment.com\/es\/wp-json\/wp\/v2\/event_type_2?post=197675"}],"curies":[{"name":"wp","href":"https:\/\/api.w.org\/{rel}","templated":true}]}}

Financiación alternativa: más allá de la banca.

<section class="wpb-content-wrapper"><p>[vc_row][vc_column width=»1/3&#8243;]<div class="spacer" style="height: 30px;"></div>[vc_btn title=»Inscríbete aquí» style=»3d» shape=»round» color=»danger» size=»lg» align=»center» button_block=»true» link=»url:https%3A%2F%2Fwww.foment.com%2Fes%2Finscripciones-eventos%2F%3Fidevento%3D5D1756D9-64F3-EF11-BE1F-000D3A66AB4B|target:_blank»][/vc_column][vc_column width=»1/3&#8243;][/vc_column][vc_column width=»1/3&#8243;][/vc_column][/vc_row][vc_row][vc_column][vc_column_text]Las financiaciones y refinanciaciones son parte del ciclo de vida de las empresas. Una correcta gestión empresarial necesariamente implica la diversificación de los proveedores financieros para promover un modelo sostenible que contribuya a hacer crecer la empresa de forma estable.</p>
<p>La financiación no bancaria también forma parte de su pool financiero y es un complemento a otras fuentes de financiación a su disposición, como la bancaria. Una empresa refinancia continuamente su deuda, por eso es diferente de una reestructuración, que tampoco es ajena a los ciclos empresariales.</p>
<p>En esta jornada veremos ejemplos de refinanciaciones, reestructuraciones y sus consecuencias, comentando aspectos tan relevantes como los siguientes: ¿cómo negociar?, ¿cuándo?, ¿implicaciones?, ¿apalancamiento?, ¿exigencias?</p>
<p>Vehicular este conocimiento a través de ponentes con sólidas trayectorias en la gestión de fondos financieros alternativos es el objetivo del <strong>ciclo de jornadas Finance for growth de Foment.</strong> Durante esta nueva sesión se expondrán distintos instrumentos de financiación alternativos y complementarios disponibles para las empresas y la financiación de sus proyectos.</p>
<p>La apertura irá a cargo del Presidente de la Comisión de Financiación, el Sr. David Cortacans. Después de las intervenciones de representantes de Findango Finance y Baker Tilly se abrirá un turno de preguntas y, al finalizar, se ofrecerá un café networking donde tendremos la oportunidad de intercambiar nuestras impresiones.</p>
<p>La jornada se celebrará el próximo 19 de marzo de 9.30h a 11.30h en la sede de Fomento del Trabajo, Vía Laietana 32, de Barcelona</p>
<p style="text-align: center;"><strong><span style="color: #d2112d;">Programa</span></strong></p>
<p style="text-align: left;"><strong><span style="color: #d2112d;">09:00h – Recepción.</span></strong></p>
<p style="text-align: left;"><strong><span style="color: #d2112d;">09.30h – Bienvenida y presentación.</span> </strong><br />
<strong>David Cortacans</strong>, presidente de la Comisión de Financiación de Foment del Treball Nacional</p>
<p style="text-align: left;"><span style="color: #d2112d;"><strong>09.45h – Soluciones a largo plazo. Baker Tilly</strong></span><br />
<strong>Alex Wendt</strong>, socio, Finances Corporatives<br />
<strong>Toni Carné</strong>, socio, director de Corporate Finance</p>
<p style="text-align: left;"><strong><span style="color: #d2112d;">10:15h – Financiaciones y refinanciaciones, soluciones de financiación en capital circulante complementarias a la banca. Findango</span></strong><br />
<strong>Mar Turrado</strong>, CEO<br />
<strong>Ana Caparrós Fernández, </strong>Directora Financiación Corporativa</p>
<p style="text-align: left;"><strong><span style="color: #d2112d;">11:00 h – Café <em>networking</em>.</span></strong></p>
<p>[/vc_column_text][/vc_column][/vc_row]</p>
</section>
