{"id":197819,"date":"2025-02-27T17:19:18","date_gmt":"2025-02-27T16:19:18","guid":{"rendered":"https:\/\/www.foment.com\/es\/events\/prevencion-y-control-del-consumo-de-alcohol-y-sustancias-en-el-ambito-laboral\/"},"modified":"2025-04-07T10:22:40","modified_gmt":"2025-04-07T08:22:40","slug":"prevencion-y-control-del-consumo-de-alcohol-y-sustancias-en-el-ambito-laboral","status":"publish","type":"ajde_events","link":"https:\/\/www.foment.com\/es\/events\/prevencion-y-control-del-consumo-de-alcohol-y-sustancias-en-el-ambito-laboral\/","title":{"rendered":"Prevenci\u00f3n y control del consumo de alcohol y sustancias en el \u00e1mbito laboral"},"content":{"rendered":"<section class=\"wpb-content-wrapper\"><p>[vc_row][vc_column][vc_column_text]<\/p>\n<p>&nbsp;<\/p>\n<p style=\"text-align: center;\"><span style=\"color: #a60f0f; font-family: verdana, geneva, sans-serif;\"><span style=\"font-size: 24px;\">Prevenci\u00f3n y control del consumo de alcohol y sustancias en el \u00e1mbito laboral<br \/>\n<\/span><\/span><\/p>\n<p>&nbsp;<\/p>\n<p style=\"text-align: justify;\">Garantizar un entorno de trabajo seguro y saludable es una obligaci\u00f3n para cualquier organizaci\u00f3n. La presencia de alcohol y sustancias en el \u00e1mbito laboral no solo puede comprometer la seguridad y la productividad, sino que tambi\u00e9n supone un riesgo para la integridad de los trabajadores y el cumplimiento normativo de la empresa.<\/p>\n<p style=\"text-align: justify;\">En esta jornada, exploraremos c\u00f3mo las empresas pueden implementar estrategias efectivas para la prevenci\u00f3n y control del consumo de alcohol y sustancias, desde un enfoque integral que abarca cumplimiento legal, soluciones tecnol\u00f3gicas y experiencias reales de \u00e9xito.<\/p>\n<p style=\"text-align: justify;\">A lo largo de la sesi\u00f3n, expertos en prevenci\u00f3n de riesgos laborales, normativa laboral y tecnolog\u00edas de detecci\u00f3n abordar\u00e1n los principales desaf\u00edos que enfrentan las empresas en la gesti\u00f3n de este tema, ofreciendo herramientas pr\u00e1cticas para desarrollar pol\u00edticas internas eficaces, respetuosas y alineadas con la cultura organizacional. Adem\u00e1s, conoceremos casos reales de empresas que han integrado con \u00e9xito programas de prevenci\u00f3n y detecci\u00f3n, logrando entornos laborales m\u00e1s seguros y responsables.<\/p>\n<p>[\/vc_column_text][vc_column_text]<\/p>\n<h3 style=\"text-align: center;\">La jornada se realizar\u00e1 exclusivamente en formato presencial<\/h3>\n<p>[\/vc_column_text][\/vc_column][\/vc_row][vc_row][vc_column width=\u00bb1\/2&#8243;][vc_btn title=\u00bbDescargar programa\u00bb style=\u00bboutline-custom\u00bb outline_custom_color=\u00bb#dd3333&#8243; outline_custom_hover_background=\u00bb#000000&#8243; outline_custom_hover_text=\u00bb#ffffff\u00bb align=\u00bbcenter\u00bb link=\u00bburl:https%3A%2F%2Ffomentdeltreball.sharepoint.com%2F%3Ab%3A%2Fg%2FES_O-IsSL_BDk39ZF4yHnbMBJdBi0S1136PKmNXUECPwFA%3Fe%3D4kvekw|target:_blank\u00bb css=\u00bb.vc_custom_1744014147405{background-color: #ffffff !important;}\u00bb][\/vc_column][vc_column width=\u00bb1\/2&#8243;][vc_btn title=\u00bbInscripci\u00f3n\u00bb style=\u00bboutline-custom\u00bb outline_custom_color=\u00bb#dd3333&#8243; outline_custom_hover_background=\u00bb#000000&#8243; outline_custom_hover_text=\u00bb#ffffff\u00bb align=\u00bbcenter\u00bb link=\u00bburl:https%3A%2F%2Fwww.foment.com%2Fes%2Finscripciones-eventos%2F%3Fidevento%3D32D21F07-DAF8-EF11-BAE2-000D3A66AB4B|target:_blank\u00bb css=\u00bb.vc_custom_1741784305750{background-color: #ffffff !important;}\u00bb][\/vc_column][\/vc_row][vc_row][vc_column][vc_column_text]<br \/>\n[\/vc_column_text][vc_single_image image=\u00bb180397&#8243; img_size=\u00bblarge\u00bb][\/vc_column][\/vc_row]<\/p>\n<\/section>","protected":false},"author":15,"featured_media":197820,"menu_order":0,"comment_status":"closed","ping_status":"closed","template":"","meta":{"_links_to":"","_links_to_target":""},"tags":[416,417,513],"event_type":[202],"event_type_2":[],"acf":[],"_links":{"self":[{"href":"https:\/\/www.foment.com\/es\/wp-json\/wp\/v2\/ajde_events\/197819"}],"collection":[{"href":"https:\/\/www.foment.com\/es\/wp-json\/wp\/v2\/ajde_events"}],"about":[{"href":"https:\/\/www.foment.com\/es\/wp-json\/wp\/v2\/types\/ajde_events"}],"author":[{"embeddable":true,"href":"https:\/\/www.foment.com\/es\/wp-json\/wp\/v2\/users\/15"}],"replies":[{"embeddable":true,"href":"https:\/\/www.foment.com\/es\/wp-json\/wp\/v2\/comments?post=197819"}],"wp:featuredmedia":[{"embeddable":true,"href":"https:\/\/www.foment.com\/es\/wp-json\/wp\/v2\/media\/197820"}],"wp:attachment":[{"href":"https:\/\/www.foment.com\/es\/wp-json\/wp\/v2\/media?parent=197819"}],"wp:term":[{"taxonomy":"post_tag","embeddable":true,"href":"https:\/\/www.foment.com\/es\/wp-json\/wp\/v2\/tags?post=197819"},{"taxonomy":"event_type","embeddable":true,"href":"https:\/\/www.foment.com\/es\/wp-json\/wp\/v2\/event_type?post=197819"},{"taxonomy":"event_type_2","embeddable":true,"href":"https:\/\/www.foment.com\/es\/wp-json\/wp\/v2\/event_type_2?post=197819"}],"curies":[{"name":"wp","href":"https:\/\/api.w.org\/{rel}","templated":true}]}}

Prevención y control del consumo de alcohol y sustancias en el ámbito laboral

<section class="wpb-content-wrapper"><p>[vc_row][vc_column][vc_column_text]</p>
<p>&nbsp;</p>
<p style="text-align: center;"><span style="color: #a60f0f; font-family: verdana, geneva, sans-serif;"><span style="font-size: 24px;">Prevención y control del consumo de alcohol y sustancias en el ámbito laboral<br />
</span></span></p>
<p>&nbsp;</p>
<p style="text-align: justify;">Garantizar un entorno de trabajo seguro y saludable es una obligación para cualquier organización. La presencia de alcohol y sustancias en el ámbito laboral no solo puede comprometer la seguridad y la productividad, sino que también supone un riesgo para la integridad de los trabajadores y el cumplimiento normativo de la empresa.</p>
<p style="text-align: justify;">En esta jornada, exploraremos cómo las empresas pueden implementar estrategias efectivas para la prevención y control del consumo de alcohol y sustancias, desde un enfoque integral que abarca cumplimiento legal, soluciones tecnológicas y experiencias reales de éxito.</p>
<p style="text-align: justify;">A lo largo de la sesión, expertos en prevención de riesgos laborales, normativa laboral y tecnologías de detección abordarán los principales desafíos que enfrentan las empresas en la gestión de este tema, ofreciendo herramientas prácticas para desarrollar políticas internas eficaces, respetuosas y alineadas con la cultura organizacional. Además, conoceremos casos reales de empresas que han integrado con éxito programas de prevención y detección, logrando entornos laborales más seguros y responsables.</p>
<p>[/vc_column_text][vc_column_text]</p>
<h3 style="text-align: center;">La jornada se realizará exclusivamente en formato presencial</h3>
<p>[/vc_column_text][/vc_column][/vc_row][vc_row][vc_column width=»1/2&#8243;][vc_btn title=»Descargar programa» style=»outline-custom» outline_custom_color=»#dd3333&#8243; outline_custom_hover_background=»#000000&#8243; outline_custom_hover_text=»#ffffff» align=»center» link=»url:https%3A%2F%2Ffomentdeltreball.sharepoint.com%2F%3Ab%3A%2Fg%2FES_O-IsSL_BDk39ZF4yHnbMBJdBi0S1136PKmNXUECPwFA%3Fe%3D4kvekw|target:_blank» css=».vc_custom_1744014147405{background-color: #ffffff !important;}»][/vc_column][vc_column width=»1/2&#8243;][vc_btn title=»Inscripción» style=»outline-custom» outline_custom_color=»#dd3333&#8243; outline_custom_hover_background=»#000000&#8243; outline_custom_hover_text=»#ffffff» align=»center» link=»url:https%3A%2F%2Fwww.foment.com%2Fes%2Finscripciones-eventos%2F%3Fidevento%3D32D21F07-DAF8-EF11-BAE2-000D3A66AB4B|target:_blank» css=».vc_custom_1741784305750{background-color: #ffffff !important;}»][/vc_column][/vc_row][vc_row][vc_column][vc_column_text]<br />
[/vc_column_text][vc_single_image image=»180397&#8243; img_size=»large»][/vc_column][/vc_row]</p>
</section>
