{"id":199130,"date":"2025-03-25T09:46:55","date_gmt":"2025-03-25T08:46:55","guid":{"rendered":"https:\/\/www.foment.com\/?post_type=ajde_events&#038;p=199130"},"modified":"2025-03-31T09:55:04","modified_gmt":"2025-03-31T07:55:04","slug":"encuentro-empresarial-con-el-embajador-de-panama-escm-sr-hector-infante","status":"publish","type":"ajde_events","link":"https:\/\/www.foment.com\/es\/events\/encuentro-empresarial-con-el-embajador-de-panama-escm-sr-hector-infante\/","title":{"rendered":"ENCUENTRO EMPRESARIAL CON EL EMBAJADOR DE PANAM\u00c1, Excmo. SR. H\u00c9CTOR INFANTE"},"content":{"rendered":"<section class=\"wpb-content-wrapper\"><p>[vc_row][vc_column][vc_btn title=\u00bbINSCRIPCI\u00d3N GRATUITA\u00bb style=\u00bb3d\u00bb color=\u00bbdanger\u00bb size=\u00bblg\u00bb align=\u00bbcenter\u00bb button_block=\u00bbtrue\u00bb][vc_column_text]<span style=\"font-family: verdana, geneva, sans-serif; font-size: 10pt;\">\u00danete a nosotros\u00a0 en esta sesi\u00f3n, organizada por Foment del Treball, la Embajada de Panam\u00e1 en Espa\u00f1a y la C\u00e1mara de Comercio de Barcelona, para conocer c\u00f3mo Panam\u00e1 puede abrir nuevas oportunidades para tu negocio y explorar los beneficios de realizar inversiones.<\/span><\/p>\n<p>&nbsp;<\/p>\n<p>\ud83d\udcc5<span style=\"font-family: verdana, geneva, sans-serif; font-size: 10pt;\"> Fecha | 01\/04\/2025<\/span><br \/>\n<span style=\"font-family: verdana, geneva, sans-serif; font-size: 10pt;\">\ud83d\udd53 Hora | 16:00 h<\/span><br \/>\n<span style=\"font-family: verdana, geneva, sans-serif; font-size: 10pt;\">\ud83d\udccdLugar| Cambra de Comer\u00e7 de Barcelona (Avda. Diagonal 452, 08006 Barcelona)<\/span><br \/>\n<span style=\"font-family: verdana, geneva, sans-serif; font-size: 10pt;\">\ud83d\udcb0Inscripci\u00f3n gratuita<\/span><\/p>\n<p>&nbsp;<\/p>\n<p><span style=\"font-family: verdana, geneva, sans-serif; font-size: 10pt;\"><strong>Per qu\u00e9 Panam\u00e1?<\/strong><\/span><\/p>\n<p><span style=\"font-family: verdana, geneva, sans-serif; font-size: 10pt;\">Panam\u00e1 se presenta como destino estrat\u00e9gico de inversi\u00f3n para empresarios, gracias a su privilegiada posici\u00f3n geogr\u00e1fica como puerta de entrada a Am\u00e9rica Latina, un entorno econ\u00f3mico estable y regulaciones favorables que facilitan el comercio internacional. Adem\u00e1s, cuenta con una infraestructura moderna incluyendo el Canal de Panam\u00e1, puertos y zonas francas que optimizan la log\u00edstica, lo que se a\u00f1ade a un clima de negocios orientado a la innovaci\u00f3n y al crecimiento.<\/span><\/p>\n<p><span style=\"font-family: verdana, geneva, sans-serif; font-size: 10pt;\">Esta combinaci\u00f3n de factores crea sinergias ideales para que los empresarios ampl\u00eden sus horizontes, accediendo a mercados emergentes y fortaleciendo alianzas internacionales en un contexto de creciente conectividad global.<\/span><\/p>\n<p>&nbsp;<\/p>\n<p><strong><span style=\"color: #d2112d; font-family: verdana, geneva, sans-serif; font-size: 10pt;\">Programa<\/span><\/strong><\/p>\n<p><span style=\"font-family: verdana, geneva, sans-serif; font-size: 10pt;\">16:00 h. Bienvenida<\/span><\/p>\n<p><span style=\"font-family: verdana, geneva, sans-serif; font-size: 10pt;\">16:05 h. Oportunidades comerciales que ofrece Panam\u00e1<\/span><\/p>\n<p style=\"padding-left: 40px;\"><strong><span style=\"font-family: verdana, geneva, sans-serif; font-size: 10pt;\">Excmo. Sr. H\u00e9ctor Infante, Embajador de Panam\u00e1 en Espa\u00f1a<\/span><\/strong><\/p>\n<p><span style=\"font-family: verdana, geneva, sans-serif; font-size: 10pt;\">16:25 h. Coloquio y turno abierto de preguntas<\/span><\/p>\n<p><span style=\"font-family: verdana, geneva, sans-serif; font-size: 10pt;\">16:55 h. Clausura<\/span>[\/vc_column_text][\/vc_column][\/vc_row][vc_row][vc_column width=\u00bb1\/1&#8243;][vc_column_text]<span style=\"font-size: 8pt;\"><strong>Amb el suport de:<\/strong><\/span>[\/vc_column_text]<div class=\"single_image wpb_content_element align-left    \" data-animation=\"none\" data-delay=\"0\"><a href=\"http:\/\/www.accio.gencat.cat\" target=\"_self\"><img width=\"300\" height=\"68\" src=\"https:\/\/www.foment.com\/wp-content\/uploads\/2023\/09\/ACCIO-integrat-Horitzontal-CAT-color-300x68.png\" class=\"attachment-medium\" alt=\"\" loading=\"lazy\" title=\"ACCI\u00d3 integrat Horitzontal CAT color\" srcset=\"https:\/\/www.foment.com\/wp-content\/uploads\/2023\/09\/ACCIO-integrat-Horitzontal-CAT-color-300x68.png 300w, https:\/\/www.foment.com\/wp-content\/uploads\/2023\/09\/ACCIO-integrat-Horitzontal-CAT-color.png 559w\" sizes=\"(max-width: 300px) 100vw, 300px\" \/><\/a><\/div>[\/vc_column][\/vc_row]<\/p>\n<\/section>","protected":false},"author":13,"featured_media":199137,"menu_order":0,"comment_status":"closed","ping_status":"closed","template":"","meta":{"_links_to":"","_links_to_target":""},"tags":[8801,8802,8800,690],"event_type":[],"event_type_2":[],"acf":[],"_links":{"self":[{"href":"https:\/\/www.foment.com\/es\/wp-json\/wp\/v2\/ajde_events\/199130"}],"collection":[{"href":"https:\/\/www.foment.com\/es\/wp-json\/wp\/v2\/ajde_events"}],"about":[{"href":"https:\/\/www.foment.com\/es\/wp-json\/wp\/v2\/types\/ajde_events"}],"author":[{"embeddable":true,"href":"https:\/\/www.foment.com\/es\/wp-json\/wp\/v2\/users\/13"}],"replies":[{"embeddable":true,"href":"https:\/\/www.foment.com\/es\/wp-json\/wp\/v2\/comments?post=199130"}],"wp:featuredmedia":[{"embeddable":true,"href":"https:\/\/www.foment.com\/es\/wp-json\/wp\/v2\/media\/199137"}],"wp:attachment":[{"href":"https:\/\/www.foment.com\/es\/wp-json\/wp\/v2\/media?parent=199130"}],"wp:term":[{"taxonomy":"post_tag","embeddable":true,"href":"https:\/\/www.foment.com\/es\/wp-json\/wp\/v2\/tags?post=199130"},{"taxonomy":"event_type","embeddable":true,"href":"https:\/\/www.foment.com\/es\/wp-json\/wp\/v2\/event_type?post=199130"},{"taxonomy":"event_type_2","embeddable":true,"href":"https:\/\/www.foment.com\/es\/wp-json\/wp\/v2\/event_type_2?post=199130"}],"curies":[{"name":"wp","href":"https:\/\/api.w.org\/{rel}","templated":true}]}}

ENCUENTRO EMPRESARIAL CON EL EMBAJADOR DE PANAMÁ, Excmo. SR. HÉCTOR INFANTE

<section class="wpb-content-wrapper"><p>[vc_row][vc_column][vc_btn title=»INSCRIPCIÓN GRATUITA» style=»3d» color=»danger» size=»lg» align=»center» button_block=»true»][vc_column_text]<span style="font-family: verdana, geneva, sans-serif; font-size: 10pt;">Únete a nosotros  en esta sesión, organizada por Foment del Treball, la Embajada de Panamá en España y la Cámara de Comercio de Barcelona, para conocer cómo Panamá puede abrir nuevas oportunidades para tu negocio y explorar los beneficios de realizar inversiones.</span></p>
<p>&nbsp;</p>
<p>📅<span style="font-family: verdana, geneva, sans-serif; font-size: 10pt;"> Fecha | 01/04/2025</span><br />
<span style="font-family: verdana, geneva, sans-serif; font-size: 10pt;">🕓 Hora | 16:00 h</span><br />
<span style="font-family: verdana, geneva, sans-serif; font-size: 10pt;">📍Lugar| Cambra de Comerç de Barcelona (Avda. Diagonal 452, 08006 Barcelona)</span><br />
<span style="font-family: verdana, geneva, sans-serif; font-size: 10pt;">💰Inscripción gratuita</span></p>
<p>&nbsp;</p>
<p><span style="font-family: verdana, geneva, sans-serif; font-size: 10pt;"><strong>Per qué Panamá?</strong></span></p>
<p><span style="font-family: verdana, geneva, sans-serif; font-size: 10pt;">Panamá se presenta como destino estratégico de inversión para empresarios, gracias a su privilegiada posición geográfica como puerta de entrada a América Latina, un entorno económico estable y regulaciones favorables que facilitan el comercio internacional. Además, cuenta con una infraestructura moderna incluyendo el Canal de Panamá, puertos y zonas francas que optimizan la logística, lo que se añade a un clima de negocios orientado a la innovación y al crecimiento.</span></p>
<p><span style="font-family: verdana, geneva, sans-serif; font-size: 10pt;">Esta combinación de factores crea sinergias ideales para que los empresarios amplíen sus horizontes, accediendo a mercados emergentes y fortaleciendo alianzas internacionales en un contexto de creciente conectividad global.</span></p>
<p>&nbsp;</p>
<p><strong><span style="color: #d2112d; font-family: verdana, geneva, sans-serif; font-size: 10pt;">Programa</span></strong></p>
<p><span style="font-family: verdana, geneva, sans-serif; font-size: 10pt;">16:00 h. Bienvenida</span></p>
<p><span style="font-family: verdana, geneva, sans-serif; font-size: 10pt;">16:05 h. Oportunidades comerciales que ofrece Panamá</span></p>
<p style="padding-left: 40px;"><strong><span style="font-family: verdana, geneva, sans-serif; font-size: 10pt;">Excmo. Sr. Héctor Infante, Embajador de Panamá en España</span></strong></p>
<p><span style="font-family: verdana, geneva, sans-serif; font-size: 10pt;">16:25 h. Coloquio y turno abierto de preguntas</span></p>
<p><span style="font-family: verdana, geneva, sans-serif; font-size: 10pt;">16:55 h. Clausura</span>[/vc_column_text][/vc_column][/vc_row][vc_row][vc_column width=»1/1&#8243;][vc_column_text]<span style="font-size: 8pt;"><strong>Amb el suport de:</strong></span>[/vc_column_text]<div class="single_image wpb_content_element align-left    " data-animation="none" data-delay="0"><a href="http://www.accio.gencat.cat" target="_self"><img width="300" height="68" src="https://www.foment.com/wp-content/uploads/2023/09/ACCIO-integrat-Horitzontal-CAT-color-300x68.png" class="attachment-medium" alt="" loading="lazy" title="ACCIÓ integrat Horitzontal CAT color" srcset="https://www.foment.com/wp-content/uploads/2023/09/ACCIO-integrat-Horitzontal-CAT-color-300x68.png 300w, https://www.foment.com/wp-content/uploads/2023/09/ACCIO-integrat-Horitzontal-CAT-color.png 559w" sizes="(max-width: 300px) 100vw, 300px" /></a></div>[/vc_column][/vc_row]</p>
</section>
