{"id":201183,"date":"2025-05-07T15:35:49","date_gmt":"2025-05-07T13:35:49","guid":{"rendered":"https:\/\/www.foment.com\/?post_type=ajde_events&#038;p=201183"},"modified":"2025-09-15T13:21:45","modified_gmt":"2025-09-15T11:21:45","slug":"foro-de-ciberseguridad-italia-espana","status":"publish","type":"ajde_events","link":"https:\/\/www.foment.com\/es\/events\/foro-de-ciberseguridad-italia-espana\/","title":{"rendered":"Foro de Ciberseguridad Italia \u2013 Espa\u00f1a"},"content":{"rendered":"<p style=\"text-align: center;\"><span style=\"color: #d2112d;\"><strong>I Seminario Internacional \u201cEcosistema empresarial en ciberseguridad e industria tecnol\u00f3gica de seguridad\u201d<\/strong><\/span><\/p>\n<p>El <strong>Instituto Nacional de Ciberseguridad de Espa\u00f1a (<\/strong><a href=\"https:\/\/www.incibe.es\/\">INCIBE<\/a><strong>)<\/strong> y la <strong>Agenzia per la Cybersicurezza Nazionale<\/strong> (<a href=\"https:\/\/www.acn.gov.it\/portale\/en\/home\">ACN<\/a>) y Foment del Treball en colaboraci\u00f3n con la <a href=\"https:\/\/ciberseguretat.gencat.cat\/ca\/inici\/\">Ag\u00e8ncia de Ciberseguretat Catalana<\/a>, organizan el\u00a0 I Seminario Internacional <strong>\u201cEcosistema empresarial en ciberseguridad e industria tecnol\u00f3gica de seguridad\u201d <\/strong>en el marco del Foro de Ciberseguridad Italia-Espa\u00f1a, que tendr\u00e1 lugar en la ciudad de Barcelona, Espa\u00f1a, el 16 de Septiembre de 2025.<\/p>\n<p>Con el objetivo de reforzar la cooperaci\u00f3n en el \u00e1mbito de la ciberseguridad, fomentando el desarrollo de un ecosistema europeo fortalecido, INCIBE y ACN han organizado un encuentro estrat\u00e9gico entre representantes empresariales del sector de la ciberseguridad de ambos pa\u00edses, en el que se abordar\u00e1n aspectos clave para la cooperaci\u00f3n en el \u00e1mbito de la industria de la ciberseguridad y capacidades de uso-dual.<\/p>\n<p>Este Foro bilateral, compuesto por delegaciones de empresas espa\u00f1olas e italianas del sector de la ciberseguridad busca promover el intercambio de conocimientos y experiencias, la cooperaci\u00f3n empresarial y la formaci\u00f3n, fortalecer las pol\u00edticas de ciberdefensa dentro del marco de la Uni\u00f3n Europea y facilitar la creaci\u00f3n de un ecosistema empresarial robusto en el sector de la ciberseguridad entre ambos pa\u00edses.<\/p>\n<p>El encuentro se celebrar\u00e1 en la sede de Foment del Treball, como entidad organizadora del seminario.<\/p>\n<table style=\"border-collapse: collapse; width: 100%; height: 24px;\">\n<tbody>\n<tr style=\"height: 24px;\">\n<td style=\"width: 50%; text-align: center; height: 24px;\"><a href=\"https:\/\/fomentdeltreball.sharepoint.com\/:b:\/g\/ESNDkKU_yCdMvBTcB0EZkaQBrHfulPrlh5ywiwrMM6kkSg?e=fWpUis\"><span style=\"color: #d2112d;\"><strong>PROGRAMA<\/strong><\/span><\/a><\/td>\n<td style=\"width: 50%; text-align: center; height: 24px;\"><a style=\"text-align: center;\" href=\"https:\/\/www.foment.com\/es\/inscripciones-eventos\/?idevento=09B0B173-3736-F011-8C4D-000D3AB90991\"><span style=\"color: #d2112d;\"><strong>INSCRIPCI\u00d3N<\/strong><\/span><\/a><\/td>\n<\/tr>\n<\/tbody>\n<\/table>\n","protected":false},"author":9,"featured_media":-1,"menu_order":0,"comment_status":"closed","ping_status":"closed","template":"","meta":{"_links_to":"","_links_to_target":""},"tags":[],"event_type":[8857,7986],"event_type_2":[],"acf":[],"_links":{"self":[{"href":"https:\/\/www.foment.com\/es\/wp-json\/wp\/v2\/ajde_events\/201183"}],"collection":[{"href":"https:\/\/www.foment.com\/es\/wp-json\/wp\/v2\/ajde_events"}],"about":[{"href":"https:\/\/www.foment.com\/es\/wp-json\/wp\/v2\/types\/ajde_events"}],"author":[{"embeddable":true,"href":"https:\/\/www.foment.com\/es\/wp-json\/wp\/v2\/users\/9"}],"replies":[{"embeddable":true,"href":"https:\/\/www.foment.com\/es\/wp-json\/wp\/v2\/comments?post=201183"}],"wp:featuredmedia":[{"embeddable":true,"href":"https:\/\/www.foment.com\/es\/wp-json\/"}],"wp:attachment":[{"href":"https:\/\/www.foment.com\/es\/wp-json\/wp\/v2\/media?parent=201183"}],"wp:term":[{"taxonomy":"post_tag","embeddable":true,"href":"https:\/\/www.foment.com\/es\/wp-json\/wp\/v2\/tags?post=201183"},{"taxonomy":"event_type","embeddable":true,"href":"https:\/\/www.foment.com\/es\/wp-json\/wp\/v2\/event_type?post=201183"},{"taxonomy":"event_type_2","embeddable":true,"href":"https:\/\/www.foment.com\/es\/wp-json\/wp\/v2\/event_type_2?post=201183"}],"curies":[{"name":"wp","href":"https:\/\/api.w.org\/{rel}","templated":true}]}}

Foro de Ciberseguridad Italia – España

<p style="text-align: center;"><span style="color: #d2112d;"><strong>I Seminario Internacional “Ecosistema empresarial en ciberseguridad e industria tecnológica de seguridad”</strong></span></p>
<p>El <strong>Instituto Nacional de Ciberseguridad de España (</strong><a href="https://www.incibe.es/">INCIBE</a><strong>)</strong> y la <strong>Agenzia per la Cybersicurezza Nazionale</strong> (<a href="https://www.acn.gov.it/portale/en/home">ACN</a>) y Foment del Treball en colaboración con la <a href="https://ciberseguretat.gencat.cat/ca/inici/">Agència de Ciberseguretat Catalana</a>, organizan el  I Seminario Internacional <strong>“Ecosistema empresarial en ciberseguridad e industria tecnológica de seguridad” </strong>en el marco del Foro de Ciberseguridad Italia-España, que tendrá lugar en la ciudad de Barcelona, España, el 16 de Septiembre de 2025.</p>
<p>Con el objetivo de reforzar la cooperación en el ámbito de la ciberseguridad, fomentando el desarrollo de un ecosistema europeo fortalecido, INCIBE y ACN han organizado un encuentro estratégico entre representantes empresariales del sector de la ciberseguridad de ambos países, en el que se abordarán aspectos clave para la cooperación en el ámbito de la industria de la ciberseguridad y capacidades de uso-dual.</p>
<p>Este Foro bilateral, compuesto por delegaciones de empresas españolas e italianas del sector de la ciberseguridad busca promover el intercambio de conocimientos y experiencias, la cooperación empresarial y la formación, fortalecer las políticas de ciberdefensa dentro del marco de la Unión Europea y facilitar la creación de un ecosistema empresarial robusto en el sector de la ciberseguridad entre ambos países.</p>
<p>El encuentro se celebrará en la sede de Foment del Treball, como entidad organizadora del seminario.</p>
<table style="border-collapse: collapse; width: 100%; height: 24px;">
<tbody>
<tr style="height: 24px;">
<td style="width: 50%; text-align: center; height: 24px;"><a href="https://fomentdeltreball.sharepoint.com/:b:/g/ESNDkKU_yCdMvBTcB0EZkaQBrHfulPrlh5ywiwrMM6kkSg?e=fWpUis"><span style="color: #d2112d;"><strong>PROGRAMA</strong></span></a></td>
<td style="width: 50%; text-align: center; height: 24px;"><a style="text-align: center;" href="https://www.foment.com/es/inscripciones-eventos/?idevento=09B0B173-3736-F011-8C4D-000D3AB90991"><span style="color: #d2112d;"><strong>INSCRIPCIÓN</strong></span></a></td>
</tr>
</tbody>
</table>
