{"id":203588,"date":"2025-07-10T11:00:49","date_gmt":"2025-07-10T09:00:49","guid":{"rendered":"https:\/\/www.foment.com\/?post_type=ajde_events&#038;p=203588"},"modified":"2025-07-10T13:54:41","modified_gmt":"2025-07-10T11:54:41","slug":"presentacion-en-cataluna-de-democrata","status":"publish","type":"ajde_events","link":"https:\/\/www.foment.com\/es\/events\/presentacion-en-cataluna-de-democrata\/","title":{"rendered":"Presentaci\u00f3n en Catalu\u00f1a de Dem\u00f3crata"},"content":{"rendered":"<section class=\"wpb-content-wrapper\"><p>[vc_row][vc_column width=\u00bb1\/1&#8243;][vc_column_text]<span style=\"font-size: 9.0pt; font-family: 'Verdana',sans-serif; color: black;\">El pr\u00f3ximo <b>lunes 14 de julio a las 11:00 horas, <\/b>la sede de <b>Foment del Treball<\/b> (Via Laietana, 32 \u2013 Barcelona) acoger\u00e1 la <b>presentaci\u00f3n en Catalu\u00f1a de Dem\u00f3crata<\/b>, un medio digital especializado en informaci\u00f3n parlamentaria y tratamiento en profundidad de la actualidad pol\u00edtica y social.<\/span><\/p>\n<p><span style=\"font-size: 10.5pt; font-family: 'Verdana',sans-serif; color: black;\">\u00a0<\/span><span style=\"font-size: 9.0pt; font-family: 'Verdana',sans-serif; color: black;\">El acto contar\u00e1 con la participaci\u00f3n de <b>Josep S\u00e1nchez Llibre<\/b>, presidente de Foment del Treball, y\u00a0<b>David C\u00f3rdova,<\/b> editor de Dem\u00f3crata. La sesi\u00f3n ser\u00e1 presentada por <b>Pilar Velasco,<\/b> directora del medio.<\/span><\/p>\n<p><span style=\"font-size: 10.5pt; font-family: 'Verdana',sans-serif; color: black;\">\u00a0<\/span><span style=\"font-size: 9.0pt; font-family: 'Verdana',sans-serif; color: black;\">Te invitamos a asistir a esta jornada donde se\u00a0explicar\u00e1 el enfoque del proyecto editorial y se abordar\u00e1n algunas claves sobre la actividad legislativa.<\/span>[\/vc_column_text][\/vc_column][\/vc_row][vc_row][vc_column width=\u00bb1\/3&#8243;][\/vc_column][vc_column width=\u00bb1\/3&#8243;][vc_btn title=\u00bbInscripci\u00f3n\u00bb style=\u00bb3d\u00bb color=\u00bbdanger\u00bb align=\u00bbcenter\u00bb button_block=\u00bbtrue\u00bb link=\u00bburl:https%3A%2F%2Fwww.foment.com%2Fes%2Finscripciones-eventos%2F%3Fidevento%3D101216BE-0A31-442C-B764-12CD36A810F3|target:_blank\u00bb][\/vc_column][vc_column width=\u00bb1\/3&#8243;][\/vc_column][\/vc_row]<\/p>\n<\/section>","protected":false},"author":284,"featured_media":204121,"menu_order":0,"comment_status":"closed","ping_status":"closed","template":"","meta":{"_links_to":"","_links_to_target":""},"tags":[],"event_type":[590],"event_type_2":[],"acf":[],"_links":{"self":[{"href":"https:\/\/www.foment.com\/es\/wp-json\/wp\/v2\/ajde_events\/203588"}],"collection":[{"href":"https:\/\/www.foment.com\/es\/wp-json\/wp\/v2\/ajde_events"}],"about":[{"href":"https:\/\/www.foment.com\/es\/wp-json\/wp\/v2\/types\/ajde_events"}],"author":[{"embeddable":true,"href":"https:\/\/www.foment.com\/es\/wp-json\/wp\/v2\/users\/284"}],"replies":[{"embeddable":true,"href":"https:\/\/www.foment.com\/es\/wp-json\/wp\/v2\/comments?post=203588"}],"wp:featuredmedia":[{"embeddable":true,"href":"https:\/\/www.foment.com\/es\/wp-json\/wp\/v2\/media\/204121"}],"wp:attachment":[{"href":"https:\/\/www.foment.com\/es\/wp-json\/wp\/v2\/media?parent=203588"}],"wp:term":[{"taxonomy":"post_tag","embeddable":true,"href":"https:\/\/www.foment.com\/es\/wp-json\/wp\/v2\/tags?post=203588"},{"taxonomy":"event_type","embeddable":true,"href":"https:\/\/www.foment.com\/es\/wp-json\/wp\/v2\/event_type?post=203588"},{"taxonomy":"event_type_2","embeddable":true,"href":"https:\/\/www.foment.com\/es\/wp-json\/wp\/v2\/event_type_2?post=203588"}],"curies":[{"name":"wp","href":"https:\/\/api.w.org\/{rel}","templated":true}]}}

Presentación en Cataluña de Demócrata

<section class="wpb-content-wrapper"><p>[vc_row][vc_column width=»1/1&#8243;][vc_column_text]<span style="font-size: 9.0pt; font-family: 'Verdana',sans-serif; color: black;">El próximo <b>lunes 14 de julio a las 11:00 horas, </b>la sede de <b>Foment del Treball</b> (Via Laietana, 32 – Barcelona) acogerá la <b>presentación en Cataluña de Demócrata</b>, un medio digital especializado en información parlamentaria y tratamiento en profundidad de la actualidad política y social.</span></p>
<p><span style="font-size: 10.5pt; font-family: 'Verdana',sans-serif; color: black;"> </span><span style="font-size: 9.0pt; font-family: 'Verdana',sans-serif; color: black;">El acto contará con la participación de <b>Josep Sánchez Llibre</b>, presidente de Foment del Treball, y <b>David Córdova,</b> editor de Demócrata. La sesión será presentada por <b>Pilar Velasco,</b> directora del medio.</span></p>
<p><span style="font-size: 10.5pt; font-family: 'Verdana',sans-serif; color: black;"> </span><span style="font-size: 9.0pt; font-family: 'Verdana',sans-serif; color: black;">Te invitamos a asistir a esta jornada donde se explicará el enfoque del proyecto editorial y se abordarán algunas claves sobre la actividad legislativa.</span>[/vc_column_text][/vc_column][/vc_row][vc_row][vc_column width=»1/3&#8243;][/vc_column][vc_column width=»1/3&#8243;][vc_btn title=»Inscripción» style=»3d» color=»danger» align=»center» button_block=»true» link=»url:https%3A%2F%2Fwww.foment.com%2Fes%2Finscripciones-eventos%2F%3Fidevento%3D101216BE-0A31-442C-B764-12CD36A810F3|target:_blank»][/vc_column][vc_column width=»1/3&#8243;][/vc_column][/vc_row]</p>
</section>
