{"id":206451,"date":"2025-09-23T17:26:33","date_gmt":"2025-09-23T15:26:33","guid":{"rendered":"https:\/\/www.foment.com\/?post_type=ajde_events&#038;p=206451"},"modified":"2025-10-31T10:55:33","modified_gmt":"2025-10-31T09:55:33","slug":"se-lo-que-debo-hacer-en-caso-de-emergencia","status":"publish","type":"ajde_events","link":"https:\/\/www.foment.com\/es\/events\/se-lo-que-debo-hacer-en-caso-de-emergencia\/","title":{"rendered":"\u00bfS\u00e9 lo que debo hacer en caso de emergencia?"},"content":{"rendered":"<section class=\"wpb-content-wrapper\"><p>[vc_row][vc_column][vc_column_text]<\/p>\n<p>&nbsp;<\/p>\n<p style=\"text-align: center;\"><span style=\"color: #a60f0f; font-family: verdana, geneva, sans-serif;\"><span style=\"font-size: 24px;\">\u00bfS\u00e9 lo que debo hacer en caso de emergencia?<\/span><\/span><\/p>\n<p style=\"text-align: justify;\"><span style=\"font-family: verdana, geneva, sans-serif; font-size: 12pt;\">El pasado 18 de abril sufrimos un corte de fluido el\u00e9ctrico que afect\u00f3, tanto a nuestras actividades diarias, como al mantenimiento de unas condiciones m\u00ednimas de autoprotecci\u00f3n en la actividad laboral. \u00bfPodemos considerar esta circunstancia como una emergencia? Ante esta situaci\u00f3n, \u00bfestaban operativas las medidas de autoprotecci\u00f3n en nuestros centros?, \u00bften\u00edamos prevista alguna alternativa viable?<\/span><\/p>\n<p style=\"text-align: justify;\"><span style=\"font-family: verdana, geneva, sans-serif; font-size: 12pt;\">Desde la publicaci\u00f3n de la Ley 31\/1995 de Prevenci\u00f3n de Riesgos Laborales, el 10 de noviembre de 1995, la aplicaci\u00f3n de su art\u00edculo 20 relativo a Medidas de Emergencia debe ser motivo de reflexi\u00f3n. De mero cumplimiento formal como documentaci\u00f3n exigible por la autoridad competente, se convierte en una herramienta imprescindible para acometer aquellas circunstancias no previstas en nuestros centros de trabajo.<\/span><\/p>\n<p style=\"text-align: justify;\"><span style=\"font-family: verdana, geneva, sans-serif; font-size: 12pt;\">Se define como emergencia cualquier situaci\u00f3n acaecida en el desarrollo de nuestra actividad y que impide el normal funcionamiento de la misma, bien sea comercial, productiva o de cualquier \u00edndole.<\/span><\/p>\n<p style=\"text-align: justify;\"><span style=\"font-family: verdana, geneva, sans-serif; font-size: 12pt;\">Mediante la celebraci\u00f3n de esta jornada se pretende avanzar respecto a la detecci\u00f3n y an\u00e1lisis de las posibles emergencias que pueden materializarse en nuestros centros de trabajo, con una visi\u00f3n m\u00e1s amplia de la contemplada hasta ahora como son el incendio o evacuaci\u00f3n. Un accidente laboral, el corte de suministro el\u00e9ctrico, o un aviso de confinamiento bien pueden ser m\u00e1s probables que una amenaza de bomba.<\/span><\/p>\n<p>[\/vc_column_text][\/vc_column][\/vc_row][vc_row][vc_column width=\u00bb1\/2&#8243;][vc_btn title=\u00bbDescargar programa\u00bb style=\u00bboutline-custom\u00bb outline_custom_color=\u00bb#dd3333&#8243; outline_custom_hover_background=\u00bb#000000&#8243; outline_custom_hover_text=\u00bb#ffffff\u00bb align=\u00bbcenter\u00bb link=\u00bburl:https%3A%2F%2Ffomentdeltreball.sharepoint.com%2F%3Ab%3A%2Fg%2FEcaed1ZdkApPnfMECn-pZ2IBXY5mnvVqJqJ547RtPNDeNg%3Fe%3DgwCU4H|target:_blank\u00bb css=\u00bb.vc_custom_1761904531740{background-color: #ffffff !important;}\u00bb][\/vc_column][vc_column width=\u00bb1\/2&#8243;][vc_btn title=\u00bbInscripci\u00f3n\u00bb style=\u00bboutline-custom\u00bb outline_custom_color=\u00bb#dd3333&#8243; outline_custom_hover_background=\u00bb#000000&#8243; outline_custom_hover_text=\u00bb#ffffff\u00bb align=\u00bbcenter\u00bb link=\u00bburl:https%3A%2F%2Fwww.foment.com%2Fes%2Finscripciones-eventos%2F%3Fidevento%3DE234DC49-659F-F011-BBD3-7C1E52FB113D|target:_blank\u00bb css=\u00bb.vc_custom_1759392912061{background-color: #ffffff !important;}\u00bb][\/vc_column][\/vc_row][vc_row][vc_column width=\u00bb1\/4&#8243;][vc_single_image image=\u00bb189967&#8243; img_size=\u00bbmedium\u00bb][\/vc_column][vc_column width=\u00bb3\/4&#8243;][vc_column_text]<\/p>\n<p style=\"text-align: justify;\"><span style=\"font-family: verdana, geneva, sans-serif; font-size: 10pt;\">Esta jornada forma parte de las actividades organizadas por el F\u00f3rum de Prevenci\u00f3n de Riesgos Laborales. Actividad incluida en el Proyecto de incentivo y promoci\u00f3n de la Seguridad y Salud Laboral como estrategia de competitividad de las empresas catalanas.<\/span><\/p>\n<p>[\/vc_column_text][\/vc_column][\/vc_row][vc_row][vc_column][vc_single_image image=\u00bb180397&#8243; img_size=\u00bblarge\u00bb][\/vc_column][\/vc_row]<\/p>\n<\/section>","protected":false},"author":12,"featured_media":206452,"menu_order":0,"comment_status":"closed","ping_status":"closed","template":"","meta":{"_links_to":"","_links_to_target":""},"tags":[416,417,513],"event_type":[202],"event_type_2":[],"acf":[],"_links":{"self":[{"href":"https:\/\/www.foment.com\/es\/wp-json\/wp\/v2\/ajde_events\/206451"}],"collection":[{"href":"https:\/\/www.foment.com\/es\/wp-json\/wp\/v2\/ajde_events"}],"about":[{"href":"https:\/\/www.foment.com\/es\/wp-json\/wp\/v2\/types\/ajde_events"}],"author":[{"embeddable":true,"href":"https:\/\/www.foment.com\/es\/wp-json\/wp\/v2\/users\/12"}],"replies":[{"embeddable":true,"href":"https:\/\/www.foment.com\/es\/wp-json\/wp\/v2\/comments?post=206451"}],"wp:featuredmedia":[{"embeddable":true,"href":"https:\/\/www.foment.com\/es\/wp-json\/wp\/v2\/media\/206452"}],"wp:attachment":[{"href":"https:\/\/www.foment.com\/es\/wp-json\/wp\/v2\/media?parent=206451"}],"wp:term":[{"taxonomy":"post_tag","embeddable":true,"href":"https:\/\/www.foment.com\/es\/wp-json\/wp\/v2\/tags?post=206451"},{"taxonomy":"event_type","embeddable":true,"href":"https:\/\/www.foment.com\/es\/wp-json\/wp\/v2\/event_type?post=206451"},{"taxonomy":"event_type_2","embeddable":true,"href":"https:\/\/www.foment.com\/es\/wp-json\/wp\/v2\/event_type_2?post=206451"}],"curies":[{"name":"wp","href":"https:\/\/api.w.org\/{rel}","templated":true}]}}

¿Sé lo que debo hacer en caso de emergencia?

<section class="wpb-content-wrapper"><p>[vc_row][vc_column][vc_column_text]</p>
<p>&nbsp;</p>
<p style="text-align: center;"><span style="color: #a60f0f; font-family: verdana, geneva, sans-serif;"><span style="font-size: 24px;">¿Sé lo que debo hacer en caso de emergencia?</span></span></p>
<p style="text-align: justify;"><span style="font-family: verdana, geneva, sans-serif; font-size: 12pt;">El pasado 18 de abril sufrimos un corte de fluido eléctrico que afectó, tanto a nuestras actividades diarias, como al mantenimiento de unas condiciones mínimas de autoprotección en la actividad laboral. ¿Podemos considerar esta circunstancia como una emergencia? Ante esta situación, ¿estaban operativas las medidas de autoprotección en nuestros centros?, ¿teníamos prevista alguna alternativa viable?</span></p>
<p style="text-align: justify;"><span style="font-family: verdana, geneva, sans-serif; font-size: 12pt;">Desde la publicación de la Ley 31/1995 de Prevención de Riesgos Laborales, el 10 de noviembre de 1995, la aplicación de su artículo 20 relativo a Medidas de Emergencia debe ser motivo de reflexión. De mero cumplimiento formal como documentación exigible por la autoridad competente, se convierte en una herramienta imprescindible para acometer aquellas circunstancias no previstas en nuestros centros de trabajo.</span></p>
<p style="text-align: justify;"><span style="font-family: verdana, geneva, sans-serif; font-size: 12pt;">Se define como emergencia cualquier situación acaecida en el desarrollo de nuestra actividad y que impide el normal funcionamiento de la misma, bien sea comercial, productiva o de cualquier índole.</span></p>
<p style="text-align: justify;"><span style="font-family: verdana, geneva, sans-serif; font-size: 12pt;">Mediante la celebración de esta jornada se pretende avanzar respecto a la detección y análisis de las posibles emergencias que pueden materializarse en nuestros centros de trabajo, con una visión más amplia de la contemplada hasta ahora como son el incendio o evacuación. Un accidente laboral, el corte de suministro eléctrico, o un aviso de confinamiento bien pueden ser más probables que una amenaza de bomba.</span></p>
<p>[/vc_column_text][/vc_column][/vc_row][vc_row][vc_column width=»1/2&#8243;][vc_btn title=»Descargar programa» style=»outline-custom» outline_custom_color=»#dd3333&#8243; outline_custom_hover_background=»#000000&#8243; outline_custom_hover_text=»#ffffff» align=»center» link=»url:https%3A%2F%2Ffomentdeltreball.sharepoint.com%2F%3Ab%3A%2Fg%2FEcaed1ZdkApPnfMECn-pZ2IBXY5mnvVqJqJ547RtPNDeNg%3Fe%3DgwCU4H|target:_blank» css=».vc_custom_1761904531740{background-color: #ffffff !important;}»][/vc_column][vc_column width=»1/2&#8243;][vc_btn title=»Inscripción» style=»outline-custom» outline_custom_color=»#dd3333&#8243; outline_custom_hover_background=»#000000&#8243; outline_custom_hover_text=»#ffffff» align=»center» link=»url:https%3A%2F%2Fwww.foment.com%2Fes%2Finscripciones-eventos%2F%3Fidevento%3DE234DC49-659F-F011-BBD3-7C1E52FB113D|target:_blank» css=».vc_custom_1759392912061{background-color: #ffffff !important;}»][/vc_column][/vc_row][vc_row][vc_column width=»1/4&#8243;][vc_single_image image=»189967&#8243; img_size=»medium»][/vc_column][vc_column width=»3/4&#8243;][vc_column_text]</p>
<p style="text-align: justify;"><span style="font-family: verdana, geneva, sans-serif; font-size: 10pt;">Esta jornada forma parte de las actividades organizadas por el Fórum de Prevención de Riesgos Laborales. Actividad incluida en el Proyecto de incentivo y promoción de la Seguridad y Salud Laboral como estrategia de competitividad de las empresas catalanas.</span></p>
<p>[/vc_column_text][/vc_column][/vc_row][vc_row][vc_column][vc_single_image image=»180397&#8243; img_size=»large»][/vc_column][/vc_row]</p>
</section>
