{"id":208891,"date":"2025-11-05T10:48:41","date_gmt":"2025-11-05T09:48:41","guid":{"rendered":"https:\/\/www.foment.com\/?post_type=ajde_events&#038;p=208891"},"modified":"2025-11-06T16:21:41","modified_gmt":"2025-11-06T15:21:41","slug":"xii-edicion-premios-atlante-invitacion-acto-de-entrega","status":"publish","type":"ajde_events","link":"https:\/\/www.foment.com\/es\/events\/xii-edicion-premios-atlante-invitacion-acto-de-entrega\/","title":{"rendered":"XII Edici\u00f3n Premios Atlante. Invitaci\u00f3n acto de entrega"},"content":{"rendered":"<section class=\"wpb-content-wrapper\"><p>[vc_row][vc_column]<div class=\"single_image wpb_content_element align-left    \" data-animation=\"none\" data-delay=\"0\"><img width=\"955\" height=\"119\" src=\"https:\/\/www.foment.com\/wp-content\/uploads\/2024\/04\/Banner_Organitza_24_color.png\" class=\"attachment-large\" alt=\"\" loading=\"lazy\" title=\"Banner_Organitza_24_color\" srcset=\"https:\/\/www.foment.com\/wp-content\/uploads\/2024\/04\/Banner_Organitza_24_color.png 955w, https:\/\/www.foment.com\/wp-content\/uploads\/2024\/04\/Banner_Organitza_24_color-300x37.png 300w, https:\/\/www.foment.com\/wp-content\/uploads\/2024\/04\/Banner_Organitza_24_color-768x96.png 768w\" sizes=\"(max-width: 955px) 100vw, 955px\" \/><\/div>[vc_column_text]<\/p>\n<h2 style=\"text-align: center;\"><span style=\"color: #ab192d; font-family: verdana, geneva, sans-serif;\"><strong>XII Edici\u00f3n Premios Atlante<\/strong><\/span><\/h2>\n<h3 style=\"text-align: center;\"><span style=\"color: #656565; font-family: verdana, geneva, sans-serif;\"><strong>Invitaci\u00f3n al acto de entrega<\/strong><\/span><\/h3>\n<p>&nbsp;<\/p>\n<p><span style=\"font-family: verdana, geneva, sans-serif; font-size: 14px;\">Los Premios Atlante se convocan con la finalidad de estimular, impulsar e incentivar positivamente la labor efectuada por las empresas en la implantaci\u00f3n efectiva de la prevenci\u00f3n de riesgos laborales.<\/span><\/p>\n<p style=\"text-align: justify;\"><span style=\"font-family: verdana, geneva, sans-serif; font-size: 14px;\">La Oficina de Prevenci\u00f3n de Riesgos Laborales de Foment del Treball, se complace en invitarle al acto de celebraci\u00f3n de la 12\u00aa Edici\u00f3n de los Premios Atlante.<\/span><\/p>\n<p style=\"text-align: justify;\"><span style=\"font-family: verdana, geneva, sans-serif; font-size: 14px;\">El acto de reconocimiento de los galardonados tendr\u00e1 lugar, el pr\u00f3ximo d\u00eda <strong>27 de noviembre de 2025, a las 12.00 horas<\/strong>, en el Sal\u00f3n de Actos de Foment del Treball (V\u00eda Layetana, 32, 08003 &#8211; Barcelona).<\/span><\/p>\n<p>[\/vc_column_text][\/vc_column][\/vc_row][vc_row][vc_column width=\u00bb1\/1&#8243;][vc_btn title=\u00bbInscripci\u00f3n\u00bb style=\u00bb3d\u00bb color=\u00bbdanger\u00bb size=\u00bblg\u00bb align=\u00bbcenter\u00bb link=\u00bburl:https%3A%2F%2Fwww.foment.com%2Fes%2Finscripciones-eventos%2F%3Fidevento%3D29A53CB1-30BA-F011-BBD3-000D3AB452E7&#8243;][\/vc_column][\/vc_row]<\/p>\n<\/section>","protected":false},"author":12,"featured_media":208892,"menu_order":0,"comment_status":"closed","ping_status":"closed","template":"","meta":{"_links_to":"","_links_to_target":""},"tags":[416,417,513],"event_type":[202],"event_type_2":[],"acf":[],"_links":{"self":[{"href":"https:\/\/www.foment.com\/es\/wp-json\/wp\/v2\/ajde_events\/208891"}],"collection":[{"href":"https:\/\/www.foment.com\/es\/wp-json\/wp\/v2\/ajde_events"}],"about":[{"href":"https:\/\/www.foment.com\/es\/wp-json\/wp\/v2\/types\/ajde_events"}],"author":[{"embeddable":true,"href":"https:\/\/www.foment.com\/es\/wp-json\/wp\/v2\/users\/12"}],"replies":[{"embeddable":true,"href":"https:\/\/www.foment.com\/es\/wp-json\/wp\/v2\/comments?post=208891"}],"wp:featuredmedia":[{"embeddable":true,"href":"https:\/\/www.foment.com\/es\/wp-json\/wp\/v2\/media\/208892"}],"wp:attachment":[{"href":"https:\/\/www.foment.com\/es\/wp-json\/wp\/v2\/media?parent=208891"}],"wp:term":[{"taxonomy":"post_tag","embeddable":true,"href":"https:\/\/www.foment.com\/es\/wp-json\/wp\/v2\/tags?post=208891"},{"taxonomy":"event_type","embeddable":true,"href":"https:\/\/www.foment.com\/es\/wp-json\/wp\/v2\/event_type?post=208891"},{"taxonomy":"event_type_2","embeddable":true,"href":"https:\/\/www.foment.com\/es\/wp-json\/wp\/v2\/event_type_2?post=208891"}],"curies":[{"name":"wp","href":"https:\/\/api.w.org\/{rel}","templated":true}]}}

XII Edición Premios Atlante. Invitación acto de entrega

<section class="wpb-content-wrapper"><p>[vc_row][vc_column]<div class="single_image wpb_content_element align-left    " data-animation="none" data-delay="0"><img width="955" height="119" src="https://www.foment.com/wp-content/uploads/2024/04/Banner_Organitza_24_color.png" class="attachment-large" alt="" loading="lazy" title="Banner_Organitza_24_color" srcset="https://www.foment.com/wp-content/uploads/2024/04/Banner_Organitza_24_color.png 955w, https://www.foment.com/wp-content/uploads/2024/04/Banner_Organitza_24_color-300x37.png 300w, https://www.foment.com/wp-content/uploads/2024/04/Banner_Organitza_24_color-768x96.png 768w" sizes="(max-width: 955px) 100vw, 955px" /></div>[vc_column_text]</p>
<h2 style="text-align: center;"><span style="color: #ab192d; font-family: verdana, geneva, sans-serif;"><strong>XII Edición Premios Atlante</strong></span></h2>
<h3 style="text-align: center;"><span style="color: #656565; font-family: verdana, geneva, sans-serif;"><strong>Invitación al acto de entrega</strong></span></h3>
<p>&nbsp;</p>
<p><span style="font-family: verdana, geneva, sans-serif; font-size: 14px;">Los Premios Atlante se convocan con la finalidad de estimular, impulsar e incentivar positivamente la labor efectuada por las empresas en la implantación efectiva de la prevención de riesgos laborales.</span></p>
<p style="text-align: justify;"><span style="font-family: verdana, geneva, sans-serif; font-size: 14px;">La Oficina de Prevención de Riesgos Laborales de Foment del Treball, se complace en invitarle al acto de celebración de la 12ª Edición de los Premios Atlante.</span></p>
<p style="text-align: justify;"><span style="font-family: verdana, geneva, sans-serif; font-size: 14px;">El acto de reconocimiento de los galardonados tendrá lugar, el próximo día <strong>27 de noviembre de 2025, a las 12.00 horas</strong>, en el Salón de Actos de Foment del Treball (Vía Layetana, 32, 08003 &#8211; Barcelona).</span></p>
<p>[/vc_column_text][/vc_column][/vc_row][vc_row][vc_column width=»1/1&#8243;][vc_btn title=»Inscripción» style=»3d» color=»danger» size=»lg» align=»center» link=»url:https%3A%2F%2Fwww.foment.com%2Fes%2Finscripciones-eventos%2F%3Fidevento%3D29A53CB1-30BA-F011-BBD3-000D3AB452E7&#8243;][/vc_column][/vc_row]</p>
</section>
