{"id":209072,"date":"2025-11-07T11:52:38","date_gmt":"2025-11-07T10:52:38","guid":{"rendered":"https:\/\/www.foment.com\/events\/esmorzars-de-turisme-leconomia-blava-i-el-turisme-a-catalunya\/"},"modified":"2025-11-10T10:47:24","modified_gmt":"2025-11-10T09:47:24","slug":"esmorzars-de-turisme-leconomia-blava-i-el-turisme-a-catalunya","status":"publish","type":"ajde_events","link":"https:\/\/www.foment.com\/es\/events\/esmorzars-de-turisme-leconomia-blava-i-el-turisme-a-catalunya\/","title":{"rendered":"Esmorzars de Turisme \u2013 La Econom\u00eda Azul y el Turismo en Catalunya"},"content":{"rendered":"<section class=\"wpb-content-wrapper\"><p>[vc_row][vc_column width=\u00bb1\/1&#8243;]<div class=\"spacer\" style=\"height: 15px;\"><\/div>[vc_btn title=\u00bbInscripci\u00f3n\u00bb shape=\u00bbsquare\u00bb color=\u00bbwarning\u00bb align=\u00bbcenter\u00bb button_block=\u00bbtrue\u00bb link=\u00bburl:https%3A%2F%2Fwww.foment.com%2Fes%2Finscripciones-eventos%2F%3Fidevento%3DB197F99E-EEB3-F011-BBD3-000D3AB455A6&#8243;][vc_column_text]<span style=\"font-size: 13px;\"><span style=\"font-family: verdana, geneva, sans-serif;\">Los<\/span><span style=\"font-family: verdana, geneva, sans-serif;\"><strong>\u00a0Esmorzars de Turisme<\/strong> son encuentros en los que se abordan temas ligados al<strong> desarrollo del turismo<\/strong>, la <strong>hoteler\u00eda<\/strong> y la <strong>gastronom\u00eda<\/strong>. Su objetivo es la generaci\u00f3n de un espacio id\u00f3neo que fomente el <strong>networking<\/strong>, el <strong>intercambio de experiencias<\/strong> y la <strong>promoci\u00f3n de l\u00edneas de actuaci\u00f3n <\/strong>que beneficien el sector.<\/span><\/span><\/p>\n<p><span style=\"font-family: verdana, geneva, sans-serif; font-size: 13px;\">Esta jornada, con el t\u00edtulo \u201c<em>La Econom\u00eda Azul y el Turismo en Catalu\u00f1a<\/em>\u201d, se centrar\u00e1 en uno de los ejes estrat\u00e9gicos de futuro para el sector: el potencial de la econom\u00eda azul y su relaci\u00f3n con el turismo en Catalu\u00f1a.<\/span><\/p>\n<p><span style=\"font-family: verdana, geneva, sans-serif; font-size: 13px;\">Reflexionaremos sobre c\u00f3mo el litoral catal\u00e1n, los puertos, las actividades n\u00e1uticas y la biodiversidad marina pueden convertirse en motores de atracci\u00f3n tur\u00edstica y a la vez vectores de sostenibilidad e innovaci\u00f3n. Se debatir\u00e1n las posibilidades de diversificar la oferta tur\u00edstica mediante experiencias vinculadas al mar, favoreciendo tanto el patrimonio natural como el cultural mar\u00edtimo. Adem\u00e1s, se har\u00e1 hincapi\u00e9 en c\u00f3mo la econom\u00eda azul puede generar nuevos modelos de cooperaci\u00f3n entre sectores y contribuir a un turismo m\u00e1s responsable, equilibrado y alineado con los Objetivos de Desarrollo Sostenible.<\/span><\/p>\n<p>&nbsp;<\/p>\n<p style=\"text-align: center;\"><span style=\"font-size: 13px; font-family: verdana, geneva, sans-serif;\"><strong>PROGRAMA<\/strong><\/span><\/p>\n<p><span style=\"font-family: verdana, geneva, sans-serif; font-size: 13px;\">9.00\u202fh <span style=\"font-family: verdana, geneva, sans-serif;\">Bienvenida a cargo del <strong>Dr. Eugeni Os\u00e1car<\/strong>, director de la C\u00e1tedra UB de Turismo, Hoteler\u00eda y Gastronom\u00eda CETT.<\/span><\/span><\/p>\n<p><span style=\"font-family: verdana, geneva, sans-serif; font-size: 13px;\">9.05\u202fh <span style=\"font-family: verdana, geneva, sans-serif;\">Mesa redonda \u201c<em>La Econom\u00eda Azul y el Turismo en Catalu\u00f1a<\/em>\u201d moderada por el <strong>Dr. Eugeni Os\u00e1car<\/strong>, con:<\/span><\/span><\/p>\n<ul>\n<li><span style=\"font-family: verdana, geneva, sans-serif; font-size: 13px;\"><strong>Sr. Pablo Bou<\/strong>, director general de BlueNetCat.<strong><br \/>\n<\/strong><\/span><\/li>\n<li><span style=\"font-family: verdana, geneva, sans-serif; font-size: 13px;\"><strong>Sra. S\u00edlvia Romero<\/strong>, jefa del \u00c1rea de Promoci\u00f3n Econ\u00f3mica y Turismo, Ayuntamiento de Palam\u00f3s.<\/span><\/li>\n<li><span style=\"font-family: verdana, geneva, sans-serif; font-size: 13px;\"><strong>Sra. Cristina Caparr\u00f3s<\/strong>, CEO y fundadora de Cap a Mar.\u00a0<\/span><\/li>\n<\/ul>\n<p><span style=\"font-size: 13px;\"><span style=\"font-family: verdana, geneva, sans-serif;\">10:35\u202fh <span style=\"font-family: verdana, geneva, sans-serif;\">Clausura por parte del <strong>Sr. Miquel Gotanegra<\/strong><\/span><\/span><span style=\"font-family: verdana, geneva, sans-serif;\">, presidente de la Comisi\u00f3n de Turismo y Servicios de Foment del Treball.<\/span><\/span><\/p>\n<p><span style=\"font-family: verdana, geneva, sans-serif; font-size: 13px;\">10:40\u202fh Caf\u00e9 <em>networking<\/em>.<\/span>[\/vc_column_text][\/vc_column][\/vc_row][vc_row][vc_column width=\u00bb1\/1&#8243;][vc_column_text]<span style=\"font-size: 12pt;\"><strong><span style=\"font-family: verdana, geneva, sans-serif;\">Organitza:<\/span><\/strong><\/span>[\/vc_column_text][vc_column_text]<a href=\"https:\/\/www.foment.com\/wp-content\/uploads\/2023\/05\/LOGO_FOMENT-01-1.png\"><img loading=\"lazy\" class=\"alignnone wp-image-164611\" src=\"https:\/\/www.foment.com\/wp-content\/uploads\/2023\/05\/LOGO_FOMENT-01-1-300x150.png\" alt=\"\" width=\"262\" height=\"131\" \/><\/a><a href=\"https:\/\/www.foment.com\/wp-content\/uploads\/2022\/09\/cett-1.png\"><img loading=\"lazy\" class=\"alignnone wp-image-151027\" src=\"https:\/\/www.foment.com\/wp-content\/uploads\/2022\/09\/cett-1-300x200.png\" alt=\"\" width=\"194\" height=\"129\" srcset=\"https:\/\/www.foment.com\/wp-content\/uploads\/2022\/09\/cett-1-300x200.png 300w, https:\/\/www.foment.com\/wp-content\/uploads\/2022\/09\/cett-1.png 600w\" sizes=\"(max-width: 194px) 100vw, 194px\" \/><\/a>[\/vc_column_text][\/vc_column][\/vc_row][vc_column width=\u00bb1\/4&#8243;][\/vc_column][vc_column width=\u00bb1\/4&#8243;][\/vc_column][vc_column width=\u00bb1\/4&#8243;][\/vc_column][vc_column width=\u00bb1\/4&#8243;][\/vc_column]<\/p>\n<\/section>","protected":false},"author":25,"featured_media":209090,"menu_order":0,"comment_status":"closed","ping_status":"closed","template":"","meta":{"_links_to":"","_links_to_target":""},"tags":[1751,6766,1297],"event_type":[6678],"event_type_2":[],"acf":[],"_links":{"self":[{"href":"https:\/\/www.foment.com\/es\/wp-json\/wp\/v2\/ajde_events\/209072"}],"collection":[{"href":"https:\/\/www.foment.com\/es\/wp-json\/wp\/v2\/ajde_events"}],"about":[{"href":"https:\/\/www.foment.com\/es\/wp-json\/wp\/v2\/types\/ajde_events"}],"author":[{"embeddable":true,"href":"https:\/\/www.foment.com\/es\/wp-json\/wp\/v2\/users\/25"}],"replies":[{"embeddable":true,"href":"https:\/\/www.foment.com\/es\/wp-json\/wp\/v2\/comments?post=209072"}],"wp:featuredmedia":[{"embeddable":true,"href":"https:\/\/www.foment.com\/es\/wp-json\/wp\/v2\/media\/209090"}],"wp:attachment":[{"href":"https:\/\/www.foment.com\/es\/wp-json\/wp\/v2\/media?parent=209072"}],"wp:term":[{"taxonomy":"post_tag","embeddable":true,"href":"https:\/\/www.foment.com\/es\/wp-json\/wp\/v2\/tags?post=209072"},{"taxonomy":"event_type","embeddable":true,"href":"https:\/\/www.foment.com\/es\/wp-json\/wp\/v2\/event_type?post=209072"},{"taxonomy":"event_type_2","embeddable":true,"href":"https:\/\/www.foment.com\/es\/wp-json\/wp\/v2\/event_type_2?post=209072"}],"curies":[{"name":"wp","href":"https:\/\/api.w.org\/{rel}","templated":true}]}}

Esmorzars de Turisme – La Economía Azul y el Turismo en Catalunya

<section class="wpb-content-wrapper"><p>[vc_row][vc_column width=»1/1&#8243;]<div class="spacer" style="height: 15px;"></div>[vc_btn title=»Inscripción» shape=»square» color=»warning» align=»center» button_block=»true» link=»url:https%3A%2F%2Fwww.foment.com%2Fes%2Finscripciones-eventos%2F%3Fidevento%3DB197F99E-EEB3-F011-BBD3-000D3AB455A6&#8243;][vc_column_text]<span style="font-size: 13px;"><span style="font-family: verdana, geneva, sans-serif;">Los</span><span style="font-family: verdana, geneva, sans-serif;"><strong> Esmorzars de Turisme</strong> son encuentros en los que se abordan temas ligados al<strong> desarrollo del turismo</strong>, la <strong>hotelería</strong> y la <strong>gastronomía</strong>. Su objetivo es la generación de un espacio idóneo que fomente el <strong>networking</strong>, el <strong>intercambio de experiencias</strong> y la <strong>promoción de líneas de actuación </strong>que beneficien el sector.</span></span></p>
<p><span style="font-family: verdana, geneva, sans-serif; font-size: 13px;">Esta jornada, con el título “<em>La Economía Azul y el Turismo en Cataluña</em>”, se centrará en uno de los ejes estratégicos de futuro para el sector: el potencial de la economía azul y su relación con el turismo en Cataluña.</span></p>
<p><span style="font-family: verdana, geneva, sans-serif; font-size: 13px;">Reflexionaremos sobre cómo el litoral catalán, los puertos, las actividades náuticas y la biodiversidad marina pueden convertirse en motores de atracción turística y a la vez vectores de sostenibilidad e innovación. Se debatirán las posibilidades de diversificar la oferta turística mediante experiencias vinculadas al mar, favoreciendo tanto el patrimonio natural como el cultural marítimo. Además, se hará hincapié en cómo la economía azul puede generar nuevos modelos de cooperación entre sectores y contribuir a un turismo más responsable, equilibrado y alineado con los Objetivos de Desarrollo Sostenible.</span></p>
<p>&nbsp;</p>
<p style="text-align: center;"><span style="font-size: 13px; font-family: verdana, geneva, sans-serif;"><strong>PROGRAMA</strong></span></p>
<p><span style="font-family: verdana, geneva, sans-serif; font-size: 13px;">9.00 h <span style="font-family: verdana, geneva, sans-serif;">Bienvenida a cargo del <strong>Dr. Eugeni Osácar</strong>, director de la Cátedra UB de Turismo, Hotelería y Gastronomía CETT.</span></span></p>
<p><span style="font-family: verdana, geneva, sans-serif; font-size: 13px;">9.05 h <span style="font-family: verdana, geneva, sans-serif;">Mesa redonda “<em>La Economía Azul y el Turismo en Cataluña</em>” moderada por el <strong>Dr. Eugeni Osácar</strong>, con:</span></span></p>
<ul>
<li><span style="font-family: verdana, geneva, sans-serif; font-size: 13px;"><strong>Sr. Pablo Bou</strong>, director general de BlueNetCat.<strong><br />
</strong></span></li>
<li><span style="font-family: verdana, geneva, sans-serif; font-size: 13px;"><strong>Sra. Sílvia Romero</strong>, jefa del Área de Promoción Económica y Turismo, Ayuntamiento de Palamós.</span></li>
<li><span style="font-family: verdana, geneva, sans-serif; font-size: 13px;"><strong>Sra. Cristina Caparrós</strong>, CEO y fundadora de Cap a Mar. </span></li>
</ul>
<p><span style="font-size: 13px;"><span style="font-family: verdana, geneva, sans-serif;">10:35 h <span style="font-family: verdana, geneva, sans-serif;">Clausura por parte del <strong>Sr. Miquel Gotanegra</strong></span></span><span style="font-family: verdana, geneva, sans-serif;">, presidente de la Comisión de Turismo y Servicios de Foment del Treball.</span></span></p>
<p><span style="font-family: verdana, geneva, sans-serif; font-size: 13px;">10:40 h Café <em>networking</em>.</span>[/vc_column_text][/vc_column][/vc_row][vc_row][vc_column width=»1/1&#8243;][vc_column_text]<span style="font-size: 12pt;"><strong><span style="font-family: verdana, geneva, sans-serif;">Organitza:</span></strong></span>[/vc_column_text][vc_column_text]<a href="https://www.foment.com/wp-content/uploads/2023/05/LOGO_FOMENT-01-1.png"><img loading="lazy" class="alignnone wp-image-164611" src="https://www.foment.com/wp-content/uploads/2023/05/LOGO_FOMENT-01-1-300x150.png" alt="" width="262" height="131" /></a><a href="https://www.foment.com/wp-content/uploads/2022/09/cett-1.png"><img loading="lazy" class="alignnone wp-image-151027" src="https://www.foment.com/wp-content/uploads/2022/09/cett-1-300x200.png" alt="" width="194" height="129" srcset="https://www.foment.com/wp-content/uploads/2022/09/cett-1-300x200.png 300w, https://www.foment.com/wp-content/uploads/2022/09/cett-1.png 600w" sizes="(max-width: 194px) 100vw, 194px" /></a>[/vc_column_text][/vc_column][/vc_row][vc_column width=»1/4&#8243;][/vc_column][vc_column width=»1/4&#8243;][/vc_column][vc_column width=»1/4&#8243;][/vc_column][vc_column width=»1/4&#8243;][/vc_column]</p>
</section>
