{"id":209441,"date":"2025-11-19T11:43:44","date_gmt":"2025-11-19T10:43:44","guid":{"rendered":"https:\/\/www.foment.com\/?post_type=ajde_events&#038;p=209441"},"modified":"2025-12-01T17:47:26","modified_gmt":"2025-12-01T16:47:26","slug":"microcredenciales-y-dualizacion-del-sistema-universitario","status":"publish","type":"ajde_events","link":"https:\/\/www.foment.com\/es\/events\/microcredenciales-y-dualizacion-del-sistema-universitario\/","title":{"rendered":"Microcredenciales y dualizaci\u00f3n del sistema universitario"},"content":{"rendered":"<p>La dualizaci\u00f3n del sistema de la Formaci\u00f3n Profesional planteada en el nuevo marco normativo marca el reto de potenciar de forma efectiva la colaboraci\u00f3n entre los actores del sistema para garantizar un modelo de formaci\u00f3n que d\u00e9 respuesta a las necesidades de las personas, las empresas y los centros.<\/p>\n<p>Para Fomento del Trabajo la participaci\u00f3n de las empresas en la FP siempre ha estado clave como m\u00e9todo de captaci\u00f3n y generaci\u00f3n de talento, generaci\u00f3n de una cultura de la formaci\u00f3n dentro de la empresa y tambi\u00e9n como muestra de compromiso y responsabilidad social.<\/p>\n<p>Conscientes de la necesidad de transmitir un mensaje aclaratorio y alentador para fomentar la participaci\u00f3n de las empresas en la FP, organizamos el Ciclo de Jornadas DUAL para resolver las dudas que este nuevo escenario plantea a las empresas y favorecer las relaciones con los Centros de Formaci\u00f3n.<\/p>\n<p><strong>Estas jornadas forman parte de los Planes de Formaci\u00f3n del \u00e1mbito de Catalu\u00f1a, dirigidos a la capacitaci\u00f3n para el desarrollo de las funciones relacionadas con el di\u00e1logo social y la negociaci\u00f3n colectiva. Expediente n.\u00ba STC074\/24\/000001.<\/strong><\/p>\n<p>&nbsp;<\/p>\n<p style=\"text-align: center;\"><span style=\"color: #d2112d; font-size: 18px;\"><strong>PROGRAMA<\/strong><\/span><\/p>\n<p><strong><span style=\"color: #d2112d;\">9:30 h.<\/span><\/strong> <strong>Recepci\u00f3n y acreditaci\u00f3n<\/strong><\/p>\n<p><span style=\"color: #d2112d;\"><strong>9:45 h.<\/strong><\/span><strong> Almuerzo y\u00a0networking<\/strong><\/p>\n<p><span style=\"color: #d2112d;\"><strong>10:00 h.<\/strong><\/span> <strong>Bienvenida institucional<\/strong><\/p>\n<p><strong>Sr. Manuel Rosillo<\/strong>, Presidente de la Comisi\u00f3n de Formaci\u00f3n de Fomento del Trabajo<br \/>\n<strong>Sr. Miquel Soriano<\/strong>, Director General de Universidades<\/p>\n<p><strong><span style=\"color: #d2112d;\">10:15 h.<\/span><\/strong> <strong>Microcredenciales y\u00a0dualitzaci\u00f3\u00a0del sistema universitario: exposici\u00f3n del modelo universitario<\/strong><\/p>\n<p><strong>Sra. Lourdes\u00a0Puigbarraca Sol<\/strong>, Subdirectora de Transferencia y Sociedad del Conocimiento<\/p>\n<p><strong>Sra. Cristina Escobar<\/strong>, Directora del Plan de Acci\u00f3n del Desarrollo de Microcredenciales Universitarias<\/p>\n<p><strong>Sra. Margarida Molt\u00f3<\/strong>, Coordinadora Grupo de Trabajo para la promoci\u00f3n y el desarrollo de la formaci\u00f3n dual del Sistema Universitario en Catalu\u00f1a.<\/p>\n<p><span style=\"color: #d2112d;\"><strong>11:00 h.<\/strong><\/span> <strong>Espacio de debate<\/strong><br \/>\n<strong>Mesa 1: C\u00f3mo se han desarrollado y puesto en marcha las Microcredenciales del sistema universitario?<\/strong><\/p>\n<p><strong>Sra. Victoria Alsina<\/strong>, Directora de estrategia y operaciones del Instituto de Formaci\u00f3n Continua IL3 de la Universidad de Barcelona<br \/>\n<strong>Sra. Marta Borr\u00e0s<\/strong>, Manager de programa a la Unidad de Innovaci\u00f3n de Producto (Vicegerencia de Docencia) de la UOC.<\/p>\n<p><strong>Mesa 2: C\u00f3mo se han dualizado las Universidades catalanas?<\/strong><\/p>\n<p><strong>Sr.\u00a0Fermin\u00a0Huarte<\/strong>, Profesor Adjunto para la internacionalizaci\u00f3n en el \u00e1mbito acad\u00e9mico de la Universidad de Barcelona<br \/>\n<strong>Sra. Margarida Molt\u00f3<\/strong>, Secretaria acad\u00e9mica y Coordinadora de las relaciones escuela-empresa de la Universidad de L\u00e9rida<br \/>\n<strong>Sra. Maribel\u00a0Curad\u00f3<\/strong>, Manager de programa a la Unidad de Innovaci\u00f3n de Producto (Viceger\u00e8ncia de Docencia) de la UOC.<\/p>\n<p><span style=\"color: #d2112d;\"><strong>12:15 h.<\/strong><\/span> <strong>Conclusiones experiencias<\/strong><\/p>\n<p><span style=\"color: #d2112d;\"><strong>12:30 h.<\/strong><\/span> <strong>Clausura<\/strong><br \/>\n<strong><span style=\"color: #d2112d;\">12:40 h.<\/span><\/strong> <strong>Final de la jornada<\/strong><\/p>\n<table style=\"border-collapse: collapse; width: 100%;\">\n<tbody>\n<tr>\n<td style=\"width: 33.3333%;\"><\/td>\n<td style=\"width: 33.3333%; text-align: center;\"><a href=\"https:\/\/www.foment.com\/inscripcions-events\/?idevento=4EC92AF2-A4C0-F011-BBD3-000D3A678C1E#_msdynmkt_donottrack=0,_msdynmkt_linkid=40bcd071-4232-4d04-b52f-7ff5d0a24fab\"><span style=\"color: #d2112d; font-size: 18px;\"><strong>Inscripciones<\/strong><\/span><\/a><\/td>\n<td style=\"width: 33.3333%;\"><\/td>\n<\/tr>\n<tr>\n<td style=\"width: 33.3333%;\"><\/td>\n<td style=\"width: 33.3333%; text-align: center;\"><strong><br \/>\nAmb el suport de:<\/strong><\/td>\n<td style=\"width: 33.3333%;\"><\/td>\n<\/tr>\n<tr>\n<td style=\"width: 33.3333%;\"><\/td>\n<td style=\"width: 33.3333%; text-align: center;\"><strong><br \/>\n<img src=\"https:\/\/assets-eur.mkt.dynamics.com\/8d5eafb0-f8ac-4ccb-a7c1-a2767b978f43\/digitalassets\/images\/dc7dfea5-dbbf-f011-bbd3-000d3ab4560f?ts=638985578629028673\" \/><\/strong><\/td>\n<td style=\"width: 33.3333%;\"><\/td>\n<\/tr>\n<\/tbody>\n<\/table>\n<p>&nbsp;<\/p>\n","protected":false},"author":277,"featured_media":210868,"menu_order":0,"comment_status":"closed","ping_status":"closed","template":"","meta":{"_links_to":"","_links_to_target":""},"tags":[8808,1239,8993,8994],"event_type":[597],"event_type_2":[],"acf":[],"_links":{"self":[{"href":"https:\/\/www.foment.com\/es\/wp-json\/wp\/v2\/ajde_events\/209441"}],"collection":[{"href":"https:\/\/www.foment.com\/es\/wp-json\/wp\/v2\/ajde_events"}],"about":[{"href":"https:\/\/www.foment.com\/es\/wp-json\/wp\/v2\/types\/ajde_events"}],"author":[{"embeddable":true,"href":"https:\/\/www.foment.com\/es\/wp-json\/wp\/v2\/users\/277"}],"replies":[{"embeddable":true,"href":"https:\/\/www.foment.com\/es\/wp-json\/wp\/v2\/comments?post=209441"}],"wp:featuredmedia":[{"embeddable":true,"href":"https:\/\/www.foment.com\/es\/wp-json\/wp\/v2\/media\/210868"}],"wp:attachment":[{"href":"https:\/\/www.foment.com\/es\/wp-json\/wp\/v2\/media?parent=209441"}],"wp:term":[{"taxonomy":"post_tag","embeddable":true,"href":"https:\/\/www.foment.com\/es\/wp-json\/wp\/v2\/tags?post=209441"},{"taxonomy":"event_type","embeddable":true,"href":"https:\/\/www.foment.com\/es\/wp-json\/wp\/v2\/event_type?post=209441"},{"taxonomy":"event_type_2","embeddable":true,"href":"https:\/\/www.foment.com\/es\/wp-json\/wp\/v2\/event_type_2?post=209441"}],"curies":[{"name":"wp","href":"https:\/\/api.w.org\/{rel}","templated":true}]}}

Microcredenciales y dualización del sistema universitario

<p>La dualización del sistema de la Formación Profesional planteada en el nuevo marco normativo marca el reto de potenciar de forma efectiva la colaboración entre los actores del sistema para garantizar un modelo de formación que dé respuesta a las necesidades de las personas, las empresas y los centros.</p>
<p>Para Fomento del Trabajo la participación de las empresas en la FP siempre ha estado clave como método de captación y generación de talento, generación de una cultura de la formación dentro de la empresa y también como muestra de compromiso y responsabilidad social.</p>
<p>Conscientes de la necesidad de transmitir un mensaje aclaratorio y alentador para fomentar la participación de las empresas en la FP, organizamos el Ciclo de Jornadas DUAL para resolver las dudas que este nuevo escenario plantea a las empresas y favorecer las relaciones con los Centros de Formación.</p>
<p><strong>Estas jornadas forman parte de los Planes de Formación del ámbito de Cataluña, dirigidos a la capacitación para el desarrollo de las funciones relacionadas con el diálogo social y la negociación colectiva. Expediente n.º STC074/24/000001.</strong></p>
<p>&nbsp;</p>
<p style="text-align: center;"><span style="color: #d2112d; font-size: 18px;"><strong>PROGRAMA</strong></span></p>
<p><strong><span style="color: #d2112d;">9:30 h.</span></strong> <strong>Recepción y acreditación</strong></p>
<p><span style="color: #d2112d;"><strong>9:45 h.</strong></span><strong> Almuerzo y networking</strong></p>
<p><span style="color: #d2112d;"><strong>10:00 h.</strong></span> <strong>Bienvenida institucional</strong></p>
<p><strong>Sr. Manuel Rosillo</strong>, Presidente de la Comisión de Formación de Fomento del Trabajo<br />
<strong>Sr. Miquel Soriano</strong>, Director General de Universidades</p>
<p><strong><span style="color: #d2112d;">10:15 h.</span></strong> <strong>Microcredenciales y dualització del sistema universitario: exposición del modelo universitario</strong></p>
<p><strong>Sra. Lourdes Puigbarraca Sol</strong>, Subdirectora de Transferencia y Sociedad del Conocimiento</p>
<p><strong>Sra. Cristina Escobar</strong>, Directora del Plan de Acción del Desarrollo de Microcredenciales Universitarias</p>
<p><strong>Sra. Margarida Moltó</strong>, Coordinadora Grupo de Trabajo para la promoción y el desarrollo de la formación dual del Sistema Universitario en Cataluña.</p>
<p><span style="color: #d2112d;"><strong>11:00 h.</strong></span> <strong>Espacio de debate</strong><br />
<strong>Mesa 1: Cómo se han desarrollado y puesto en marcha las Microcredenciales del sistema universitario?</strong></p>
<p><strong>Sra. Victoria Alsina</strong>, Directora de estrategia y operaciones del Instituto de Formación Continua IL3 de la Universidad de Barcelona<br />
<strong>Sra. Marta Borràs</strong>, Manager de programa a la Unidad de Innovación de Producto (Vicegerencia de Docencia) de la UOC.</p>
<p><strong>Mesa 2: Cómo se han dualizado las Universidades catalanas?</strong></p>
<p><strong>Sr. Fermin Huarte</strong>, Profesor Adjunto para la internacionalización en el ámbito académico de la Universidad de Barcelona<br />
<strong>Sra. Margarida Moltó</strong>, Secretaria académica y Coordinadora de las relaciones escuela-empresa de la Universidad de Lérida<br />
<strong>Sra. Maribel Curadó</strong>, Manager de programa a la Unidad de Innovación de Producto (Vicegerència de Docencia) de la UOC.</p>
<p><span style="color: #d2112d;"><strong>12:15 h.</strong></span> <strong>Conclusiones experiencias</strong></p>
<p><span style="color: #d2112d;"><strong>12:30 h.</strong></span> <strong>Clausura</strong><br />
<strong><span style="color: #d2112d;">12:40 h.</span></strong> <strong>Final de la jornada</strong></p>
<table style="border-collapse: collapse; width: 100%;">
<tbody>
<tr>
<td style="width: 33.3333%;"></td>
<td style="width: 33.3333%; text-align: center;"><a href="https://www.foment.com/inscripcions-events/?idevento=4EC92AF2-A4C0-F011-BBD3-000D3A678C1E#_msdynmkt_donottrack=0,_msdynmkt_linkid=40bcd071-4232-4d04-b52f-7ff5d0a24fab"><span style="color: #d2112d; font-size: 18px;"><strong>Inscripciones</strong></span></a></td>
<td style="width: 33.3333%;"></td>
</tr>
<tr>
<td style="width: 33.3333%;"></td>
<td style="width: 33.3333%; text-align: center;"><strong><br />
Amb el suport de:</strong></td>
<td style="width: 33.3333%;"></td>
</tr>
<tr>
<td style="width: 33.3333%;"></td>
<td style="width: 33.3333%; text-align: center;"><strong><br />
<img src="https://assets-eur.mkt.dynamics.com/8d5eafb0-f8ac-4ccb-a7c1-a2767b978f43/digitalassets/images/dc7dfea5-dbbf-f011-bbd3-000d3ab4560f?ts=638985578629028673" /></strong></td>
<td style="width: 33.3333%;"></td>
</tr>
</tbody>
</table>
<p>&nbsp;</p>
