{"id":210862,"date":"2025-12-01T16:55:03","date_gmt":"2025-12-01T15:55:03","guid":{"rendered":"https:\/\/www.foment.com\/?post_type=ajde_events&#038;p=210862"},"modified":"2025-12-04T17:53:25","modified_gmt":"2025-12-04T16:53:25","slug":"empresas-y-economia-local-retos-y-oportunidades","status":"publish","type":"ajde_events","link":"https:\/\/www.foment.com\/es\/events\/empresas-y-economia-local-retos-y-oportunidades\/","title":{"rendered":"Empresas y economia local: retos y oportunidades"},"content":{"rendered":"<p>Os invitamos al acto que organiza Fomento del Trabajo, una sesi\u00f3n centrada en los retos y las oportunidades que afrontan las empresas y la econom\u00eda local. Un encuentro para poner en valor el papel tractor del tejido productivo y su impacto en la competitividad de nuestro territorio.<\/p>\n<p>Coca-Cola, presentar\u00e1 su estudio de impacto sociecon\u00f3mico, donde se destaca su impacto en el PIB, en el empleo y en el desarrollo econ\u00f3mico y social del pa\u00eds, que es una muestra clara de c\u00f3mo una marca global puede generar prosperidad local. Os animamos a conocer de primera mano esta contribuci\u00f3n.<\/p>\n<p>Despu\u00e9s, tendr\u00e1 lugar una mesa redonda con compa\u00f1\u00edas con una larga trayectoria y un fuerte arraigo en Catalu\u00f1a, como BN Group y Roca Group, que compartir\u00e1n su visi\u00f3n sobre los desaf\u00edos actuales y las nuevas oportunidades para reforzar el desarrollo econ\u00f3mico e industrial del pa\u00eds.<\/p>\n<p><span style=\"color: #d2112d;\"><strong>PROGRAMA<\/strong><\/span><\/p>\n<p><span style=\"color: #d2112d;\"><strong>9:15 h. Recepci\u00f3n<\/strong><\/span><\/p>\n<p><span style=\"color: #d2112d;\"><strong>9:30 h. Bienvenida Institucional<\/strong><\/span><\/p>\n<p><strong>Salvador Sed\u00f3, <\/strong>Director de Desarrollo Sostenible<\/p>\n<p><span style=\"color: #d2112d;\"><strong>9:35 h. Presentaci\u00f3n Estudio de Impacto Socioecon\u00f3mico Coca-Cola.<\/strong><\/span><\/p>\n<p><strong>Jose Antonio G\u00f3mez, <\/strong>director de ventas \u00e1rea este Espa\u00f1a, Coca-Cola Europac\u00edfico Partners<\/p>\n<p><span style=\"color: #d2112d;\"><strong>10:00 h. Mesa Redonda: Empresas y Econom\u00eda Local: Retos y oportunidades<\/strong><\/span><\/p>\n<ol>\n<li><strong>Pau Abell\u00f3, <\/strong>Director General Senior de Relaciones Institucionales, Grupo Roca<\/li>\n<li><strong>Adri\u00e0 Bonell, <\/strong>cofinanciador y CEO de BN Grup<\/li>\n<li><strong>Igone Bartumeu, <\/strong>Director Asociado de Asuntos P\u00fablicos y Comunicaci\u00f3n para el \u00c1rea Este, Socio Europac\u00edfico de Coca-Cola<\/li>\n<\/ol>\n<p><span style=\"color: #d2112d;\"><strong>11:30 h. Caf\u00e9 Networking<\/strong><\/span><\/p>\n<p style=\"text-align: center;\"><a href=\"https:\/\/www.foment.com\/es\/inscripciones-eventos\/?idevento=EB9D9EC3-8ACB-F011-BBD3-000D3AB45BF4\"><span style=\"color: #d2112d;\"><strong>INSCRIPCI\u00d3N AL EVENTO<\/strong><\/span><\/a><\/p>\n<div class=\"emptyContainer columns-equal-class wrap-section\" data-section=\"true\"><\/div>\n<div class=\"emptyContainer columns-equal-class wrap-section\" data-section=\"true\">\n<table class=\"outer\" role=\"presentation\" cellspacing=\"0\" cellpadding=\"0\" align=\"center\">\n<tbody>\n<tr>\n<th role=\"presentation\">\n<table class=\"containerWrapper tbContainer\" role=\"presentation\" cellspacing=\"0\" cellpadding=\"0\">\n<tbody>\n<tr>\n<th class=\"columnContainer\" role=\"presentation\" data-container=\"true\" data-container-width=\"100\">\n<table role=\"presentation\" width=\"100%\" cellspacing=\"0\" cellpadding=\"0\">\n<tbody>\n<tr>\n<th class=\"inner\" role=\"presentation\">\n<div data-editorblocktype=\"Text\">\n<p><strong>Patrocinador:\u00a0<\/strong><\/p>\n<\/div>\n<div data-editorblocktype=\"Image\" data-placeholder=\"Escriba aqu\u00ed el texto\">\n<div class=\"imageWrapper\" align=\"Center\" data-image-file-id=\"f53377b0-39cc-f011-bbd3-000d3ab45bf4\"><img loading=\"lazy\" src=\"https:\/\/assets-eur.mkt.dynamics.com\/8d5eafb0-f8ac-4ccb-a7c1-a2767b978f43\/digitalassets\/images\/f53377b0-39cc-f011-bbd3-000d3ab45bf4?ts=638999176651165284\" width=\"244\" height=\"134\" \/><\/div>\n<\/div>\n<\/th>\n<\/tr>\n<\/tbody>\n<\/table>\n<\/th>\n<\/tr>\n<\/tbody>\n<\/table>\n<\/th>\n<\/tr>\n<\/tbody>\n<\/table>\n<\/div>\n<p>&nbsp;<\/p>\n","protected":false},"author":9,"featured_media":210860,"menu_order":0,"comment_status":"closed","ping_status":"closed","template":"","meta":{"_links_to":"","_links_to_target":""},"tags":[],"event_type":[590],"event_type_2":[],"acf":[],"_links":{"self":[{"href":"https:\/\/www.foment.com\/es\/wp-json\/wp\/v2\/ajde_events\/210862"}],"collection":[{"href":"https:\/\/www.foment.com\/es\/wp-json\/wp\/v2\/ajde_events"}],"about":[{"href":"https:\/\/www.foment.com\/es\/wp-json\/wp\/v2\/types\/ajde_events"}],"author":[{"embeddable":true,"href":"https:\/\/www.foment.com\/es\/wp-json\/wp\/v2\/users\/9"}],"replies":[{"embeddable":true,"href":"https:\/\/www.foment.com\/es\/wp-json\/wp\/v2\/comments?post=210862"}],"wp:featuredmedia":[{"embeddable":true,"href":"https:\/\/www.foment.com\/es\/wp-json\/wp\/v2\/media\/210860"}],"wp:attachment":[{"href":"https:\/\/www.foment.com\/es\/wp-json\/wp\/v2\/media?parent=210862"}],"wp:term":[{"taxonomy":"post_tag","embeddable":true,"href":"https:\/\/www.foment.com\/es\/wp-json\/wp\/v2\/tags?post=210862"},{"taxonomy":"event_type","embeddable":true,"href":"https:\/\/www.foment.com\/es\/wp-json\/wp\/v2\/event_type?post=210862"},{"taxonomy":"event_type_2","embeddable":true,"href":"https:\/\/www.foment.com\/es\/wp-json\/wp\/v2\/event_type_2?post=210862"}],"curies":[{"name":"wp","href":"https:\/\/api.w.org\/{rel}","templated":true}]}}

<p>Os invitamos al acto que organiza Fomento del Trabajo, una sesión centrada en los retos y las oportunidades que afrontan las empresas y la economía local. Un encuentro para poner en valor el papel tractor del tejido productivo y su impacto en la competitividad de nuestro territorio.</p>
<p>Coca-Cola, presentará su estudio de impacto socieconómico, donde se destaca su impacto en el PIB, en el empleo y en el desarrollo económico y social del país, que es una muestra clara de cómo una marca global puede generar prosperidad local. Os animamos a conocer de primera mano esta contribución.</p>
<p>Después, tendrá lugar una mesa redonda con compañías con una larga trayectoria y un fuerte arraigo en Cataluña, como BN Group y Roca Group, que compartirán su visión sobre los desafíos actuales y las nuevas oportunidades para reforzar el desarrollo económico e industrial del país.</p>
<p><span style="color: #d2112d;"><strong>PROGRAMA</strong></span></p>
<p><span style="color: #d2112d;"><strong>9:15 h. Recepción</strong></span></p>
<p><span style="color: #d2112d;"><strong>9:30 h. Bienvenida Institucional</strong></span></p>
<p><strong>Salvador Sedó, </strong>Director de Desarrollo Sostenible</p>
<p><span style="color: #d2112d;"><strong>9:35 h. Presentación Estudio de Impacto Socioeconómico Coca-Cola.</strong></span></p>
<p><strong>Jose Antonio Gómez, </strong>director de ventas área este España, Coca-Cola Europacífico Partners</p>
<p><span style="color: #d2112d;"><strong>10:00 h. Mesa Redonda: Empresas y Economía Local: Retos y oportunidades</strong></span></p>
<ol>
<li><strong>Pau Abelló, </strong>Director General Senior de Relaciones Institucionales, Grupo Roca</li>
<li><strong>Adrià Bonell, </strong>cofinanciador y CEO de BN Grup</li>
<li><strong>Igone Bartumeu, </strong>Director Asociado de Asuntos Públicos y Comunicación para el Área Este, Socio Europacífico de Coca-Cola</li>
</ol>
<p><span style="color: #d2112d;"><strong>11:30 h. Café Networking</strong></span></p>
<p style="text-align: center;"><a href="https://www.foment.com/es/inscripciones-eventos/?idevento=EB9D9EC3-8ACB-F011-BBD3-000D3AB45BF4"><span style="color: #d2112d;"><strong>INSCRIPCIÓN AL EVENTO</strong></span></a></p>
<div class="emptyContainer columns-equal-class wrap-section" data-section="true"></div>
<div class="emptyContainer columns-equal-class wrap-section" data-section="true">
<table class="outer" role="presentation" cellspacing="0" cellpadding="0" align="center">
<tbody>
<tr>
<th role="presentation">
<table class="containerWrapper tbContainer" role="presentation" cellspacing="0" cellpadding="0">
<tbody>
<tr>
<th class="columnContainer" role="presentation" data-container="true" data-container-width="100">
<table role="presentation" width="100%" cellspacing="0" cellpadding="0">
<tbody>
<tr>
<th class="inner" role="presentation">
<div data-editorblocktype="Text">
<p><strong>Patrocinador: </strong></p>
</div>
<div data-editorblocktype="Image" data-placeholder="Escriba aquí el texto">
<div class="imageWrapper" align="Center" data-image-file-id="f53377b0-39cc-f011-bbd3-000d3ab45bf4"><img loading="lazy" src="https://assets-eur.mkt.dynamics.com/8d5eafb0-f8ac-4ccb-a7c1-a2767b978f43/digitalassets/images/f53377b0-39cc-f011-bbd3-000d3ab45bf4?ts=638999176651165284" width="244" height="134" /></div>
</div>
</th>
</tr>
</tbody>
</table>
</th>
</tr>
</tbody>
</table>
</th>
</tr>
</tbody>
</table>
</div>
<p>&nbsp;</p>
