{"id":215468,"date":"2026-03-04T10:21:44","date_gmt":"2026-03-04T09:21:44","guid":{"rendered":"https:\/\/www.foment.com\/?post_type=ajde_events&#038;p=215468"},"modified":"2026-04-23T09:52:50","modified_gmt":"2026-04-23T07:52:50","slug":"215468","status":"publish","type":"ajde_events","link":"https:\/\/www.foment.com\/es\/events\/215468\/","title":{"rendered":"Cuando los riesgos globales se convierten en riesgos locales: de la guerra de Ir\u00e1n a la prosperidad de Catalu\u00f1a"},"content":{"rendered":"<section class=\"wpb-content-wrapper\"><p>[vc_row][vc_column][vc_column_text]<span style=\"color: #d2112d;\"><strong>Empresas preparadas: claves para anticipar y gestionar riesgos<\/strong><\/span><\/p>\n<p><span style=\"font-family: verdana, geneva, sans-serif; font-size: 12px;\">En un entorno donde los riesgos evolucionan r\u00e1pido y a menudo se entrecruzan, disponer de una visi\u00f3n clara y de herramientas pr\u00e1cticas es clave para tomar decisiones con criterio. De hecho, la Uni\u00f3n Europea plante\u00f3, en marzo de 2025, una estrategia para aumentar la cultura de la preparaci\u00f3n, en la que las empresas tienen un rol determinante. Con esta visi\u00f3n, <strong>Foment del Treball<\/strong>, de la mano del <strong>Instituto Cerd\u00e0<\/strong>, organiza un <strong>ciclo de 3 sesiones<\/strong> pensadas para combinar una mirada informada sobre los principales riesgos para las empresas con una aproximaci\u00f3n pr\u00e1ctica, basada en experiencias reales de organizaciones.<\/span><\/p>\n<p><span style=\"font-family: verdana, geneva, sans-serif; font-size: 12px;\">Comenzaremos con una mirada general al panorama de riesgos 2026 a partir de los resultados del Observatorio de Riesgos para las Empresas que el Instituto Cerd\u00e0 elabora anualmente desde 2022. En la segunda sesi\u00f3n profundizaremos en los riesgos vinculados al mundo digital y, a la tercera, abordaremos los riesgos derivados del contexto geopol\u00edtico, con impacto directo en mercados, cadenas de suministro y operativa.<\/span><\/p>\n<p><span style=\"font-family: verdana, geneva, sans-serif; font-size: 12px;\">El objetivo del ciclo es <strong>compartir evidencia y tendencias y<\/strong> aterrizarlas en la realidad de la gesti\u00f3n con experiencias de empresas, <strong>herramientas y buenas pr\u00e1cticas<\/strong>, para que cada organizaci\u00f3n pueda <strong>reforzar su preparaci\u00f3n y resiliencia<\/strong>.<\/span><\/p>\n<p>&nbsp;<\/p>\n<p><span style=\"text-decoration: underline; color: #d2112d;\"><span style=\"font-family: verdana, geneva, sans-serif; font-size: 12px;\"><strong>Programa<\/strong><\/span><\/span><\/p>\n<p><span style=\"font-family: verdana, geneva, sans-serif; font-size: 12px;\"><em>1\u00aa sesi\u00f3n: 27 abril 2026<\/em><\/span><\/p>\n<p><span style=\"text-decoration: underline; font-family: verdana, geneva, sans-serif; font-size: 12px;\"><strong>Cuando los riesgos globales se convierten en riesgos locales: de la guerra de Ir\u00e1n a la prosperidad de Catalu\u00f1a<\/strong><\/span><\/p>\n<p><span style=\"font-family: verdana, geneva, sans-serif; font-size: 12px;\">La sesi\u00f3n se centra en c\u00f3mo la inestabilidad del contexto actual est\u00e1 intensificando algunos de los principales riesgos de 2026. Se complementa con una mesa redonda empresarial sobre mapas de riesgos, experiencias reales y gobernanza para reforzar la preparaci\u00f3n empresarial.<\/span><\/p>\n<p><span style=\"font-family: verdana, geneva, sans-serif; font-size: 12px;\"><em>2\u00aa sesi\u00f3n: 3 junio 2026<\/em><\/span><\/p>\n<p><span style=\"font-family: verdana, geneva, sans-serif; font-size: 12px;\"><strong><u>Riesgos digitales: ciberataques, datos, IA y terceros. Del diagn\u00f3stico a la resiliencia <\/u><\/strong><\/span><\/p>\n<p><span style=\"font-family: verdana, geneva, sans-serif; font-size: 12px;\">Sesi\u00f3n centrada en los riesgos derivados del mundo digital: ciberamenazas, dependencia de proveedores tecnol\u00f3gicos, gobernanza de los datos, continuidad y el impacto de la IA. Se presentar\u00e1 la visi\u00f3n de los principales riesgos tecnol\u00f3gicos y se contrastar\u00e1 con experiencia empresarial: qu\u00e9 funciona en prevenci\u00f3n y c\u00f3mo se act\u00faa cuando hay un incidente.<\/span><\/p>\n<p><span style=\"font-family: verdana, geneva, sans-serif; font-size: 12px;\"><em>3\u00aa sesi\u00f3n: 7 octubre 2026<\/em><\/span><\/p>\n<p><span style=\"font-family: verdana, geneva, sans-serif; font-size: 12px;\"><strong><u>Geopol\u00edtica y empresa: escenarios, cadenas de suministro y decisiones bajo incertidumbre <\/u><\/strong><\/span><\/p>\n<p><span style=\"font-family: verdana, geneva, sans-serif; font-size: 12px;\">La tercera sesi\u00f3n aborda c\u00f3mo el contexto geopol\u00edtico impacta el negocio: tensiones comerciales, conflictos armados, vulnerabilidades de la cadena log\u00edstica, regulaci\u00f3n y reputaci\u00f3n. En la sesi\u00f3n se trabajar\u00e1 como integrar la geopol\u00edtica a la toma de decisiones de inversiones, cadena de suministro y continuidad.<strong><br \/>\n<\/strong><\/span><\/p>\n<p><span style=\"font-family: verdana, geneva, sans-serif; font-size: 12px;\"><strong>\u00a0<\/strong><\/span><\/p>\n<p><span style=\"font-family: verdana, geneva, sans-serif; font-size: 12px;\"><strong>Anticipar el 2026: riesgos clave y c\u00f3mo se preparan las empresas para afrontarlos<\/strong><\/span><\/p>\n<p><span style=\"font-family: verdana, geneva, sans-serif; font-size: 12px;\">En esta primera sesi\u00f3n del ciclo se presentar\u00e1n los principales resultados del Observatorio de riesgos para las empresas en Espa\u00f1a 2026: <strong>qu\u00e9 riesgos ganan peso, cu\u00e1les se consolidan y qu\u00e9 implicaciones tienen<\/strong> para la continuidad del negocio, la reputaci\u00f3n y la competitividad. A continuaci\u00f3n, una <strong>mesa redonda con empresas<\/strong> pondr\u00e1 el foco en la pr\u00e1ctica: c\u00f3mo se dise\u00f1an y se actualizan los <strong>mapas de riesgos<\/strong>, qu\u00e9 ha funcionado cuando se ha producido una crisis o un incidente y qu\u00e9 cambia en la respuesta cuando se materializa un riesgo no previsto. La sesi\u00f3n est\u00e1 pensada para que las empresas se endurezcan <strong>ideas aplicables<\/strong>: buenas pr\u00e1cticas, mecanismos de <strong>alerta <\/strong>y palancas de <strong>gobierno del riesgo<\/strong> para pasar del diagn\u00f3stico a la acci\u00f3n.<\/span><\/p>\n<p>&nbsp;<\/p>\n<p><span style=\"color: #d2112d; font-size: 12px; font-family: verdana, geneva, sans-serif;\"><strong>Estructura de la sesi\u00f3n<\/strong><\/span><\/p>\n<p><span style=\"font-size: 12px; font-family: verdana, geneva, sans-serif;\"><b>9:00 h | Bienvenida<\/b><\/span><\/p>\n<p><span style=\"font-size: 12px; font-family: verdana, geneva, sans-serif;\"><b>Salvador Guillermo<\/b>, director de Estudios y Econom\u00eda de Fomento del Trabajo<\/span><\/p>\n<p><span style=\"font-size: 12px; font-family: verdana, geneva, sans-serif;\"><b>9:05 h |Cuando los riesgos globales se convierten en riesgos locales: panorama de riesgos 2026<\/b><\/span><\/p>\n<p><span style=\"font-size: 12px; font-family: verdana, geneva, sans-serif;\"><b>Pere Torres<\/b>, consejero del Instituto Cerd\u00e0 y director del Observatorio de Riesgos<\/span><\/p>\n<p><span style=\"font-size: 12px; font-family: verdana, geneva, sans-serif;\"><b>9:30 h | Encuesta QR<\/b><\/span><\/p>\n<p><span style=\"font-size: 12px; font-family: verdana, geneva, sans-serif;\"><b>9:35 h | Mesa redonda \u2013 C\u00f3mo se preparan las empresas para afrontarlos<\/b><\/span><\/p>\n<p><span style=\"font-size: 12px; font-family: verdana, geneva, sans-serif;\"><b>Raul Anguita<\/b>, director de operaciones territoriales de Nedgia<\/span><\/p>\n<p><span style=\"font-size: 12px; font-family: verdana, geneva, sans-serif;\"><b>Eduard Filba<\/b>, jefe de equipo de auditor\u00eda interna y control de riesgos de Celsa<\/span><\/p>\n<p><span style=\"font-size: 12px; font-family: verdana, geneva, sans-serif;\"><b>Ian Livesey<\/b>, director de la divisi\u00f3n B2B y B2C de Moventis<\/span><\/p>\n<p><span style=\"font-size: 12px; font-family: verdana, geneva, sans-serif;\"><b>Moderaci\u00f3n: Marta Ribagor\u00e7ana<\/b>, directora del \u00e1rea de riesgos, crisis y resiliencia, Instituto Cerd\u00e0<\/span><\/p>\n<p><span style=\"font-size: 12px; font-family: verdana, geneva, sans-serif;\"><b>10:25 h\u00a0| Clausura<\/b><\/span><\/p>\n<p><span style=\"font-size: 12px; font-family: verdana, geneva, sans-serif;\"><b>Miguel Hern\u00e1ndez<\/b>, director general del Instituto Cerd\u00e0<\/span><\/p>\n<p>[\/vc_column_text][vc_btn title=\u00bbINSCRIPCI\u00d3N\u00bb color=\u00bbdanger\u00bb size=\u00bblg\u00bb align=\u00bbcenter\u00bb button_block=\u00bbtrue\u00bb link=\u00bburl:https%3A%2F%2Fwww.foment.com%2Fes%2Finscripciones-eventos%2F%3Fidevento%3DB0039AE6-8532-F111-88B4-000D3ADCC77A\u00bb][\/vc_column][\/vc_row]<\/p>\n<table style=\"border-collapse: collapse; width: 100%;\">\n<tbody>\n<tr>\n<td style=\"width: 33.3333%;\"><strong>Con el soporte de:<\/strong><\/td>\n<td style=\"width: 33.3333%;\"><\/td>\n<td style=\"width: 33.3333%;\"><\/td>\n<\/tr>\n<tr>\n<td style=\"width: 33.3333%;\"><\/td>\n<td style=\"width: 33.3333%;\"><a href=\"https:\/\/www.icerda.org\/ca\/\"><img loading=\"lazy\" class=\"alignnone wp-image-217784\" src=\"https:\/\/www.foment.com\/wp-content\/uploads\/2026\/03\/Logo-Institut-Cerda.jpg\" alt=\"\" width=\"150\" height=\"109\" \/><\/a><\/td>\n<td style=\"width: 33.3333%;\"><\/td>\n<\/tr>\n<\/tbody>\n<\/table>\n<\/section>","protected":false},"author":300,"featured_media":218680,"menu_order":0,"comment_status":"closed","ping_status":"closed","template":"","meta":{"_links_to":"","_links_to_target":""},"tags":[],"event_type":[1434],"event_type_2":[],"acf":[],"_links":{"self":[{"href":"https:\/\/www.foment.com\/es\/wp-json\/wp\/v2\/ajde_events\/215468"}],"collection":[{"href":"https:\/\/www.foment.com\/es\/wp-json\/wp\/v2\/ajde_events"}],"about":[{"href":"https:\/\/www.foment.com\/es\/wp-json\/wp\/v2\/types\/ajde_events"}],"author":[{"embeddable":true,"href":"https:\/\/www.foment.com\/es\/wp-json\/wp\/v2\/users\/300"}],"replies":[{"embeddable":true,"href":"https:\/\/www.foment.com\/es\/wp-json\/wp\/v2\/comments?post=215468"}],"wp:featuredmedia":[{"embeddable":true,"href":"https:\/\/www.foment.com\/es\/wp-json\/wp\/v2\/media\/218680"}],"wp:attachment":[{"href":"https:\/\/www.foment.com\/es\/wp-json\/wp\/v2\/media?parent=215468"}],"wp:term":[{"taxonomy":"post_tag","embeddable":true,"href":"https:\/\/www.foment.com\/es\/wp-json\/wp\/v2\/tags?post=215468"},{"taxonomy":"event_type","embeddable":true,"href":"https:\/\/www.foment.com\/es\/wp-json\/wp\/v2\/event_type?post=215468"},{"taxonomy":"event_type_2","embeddable":true,"href":"https:\/\/www.foment.com\/es\/wp-json\/wp\/v2\/event_type_2?post=215468"}],"curies":[{"name":"wp","href":"https:\/\/api.w.org\/{rel}","templated":true}]}}

Cuando los riesgos globales se convierten en riesgos locales: de la guerra de Irán a la prosperidad de Cataluña

<section class="wpb-content-wrapper"><p>[vc_row][vc_column][vc_column_text]<span style="color: #d2112d;"><strong>Empresas preparadas: claves para anticipar y gestionar riesgos</strong></span></p>
<p><span style="font-family: verdana, geneva, sans-serif; font-size: 12px;">En un entorno donde los riesgos evolucionan rápido y a menudo se entrecruzan, disponer de una visión clara y de herramientas prácticas es clave para tomar decisiones con criterio. De hecho, la Unión Europea planteó, en marzo de 2025, una estrategia para aumentar la cultura de la preparación, en la que las empresas tienen un rol determinante. Con esta visión, <strong>Foment del Treball</strong>, de la mano del <strong>Instituto Cerdà</strong>, organiza un <strong>ciclo de 3 sesiones</strong> pensadas para combinar una mirada informada sobre los principales riesgos para las empresas con una aproximación práctica, basada en experiencias reales de organizaciones.</span></p>
<p><span style="font-family: verdana, geneva, sans-serif; font-size: 12px;">Comenzaremos con una mirada general al panorama de riesgos 2026 a partir de los resultados del Observatorio de Riesgos para las Empresas que el Instituto Cerdà elabora anualmente desde 2022. En la segunda sesión profundizaremos en los riesgos vinculados al mundo digital y, a la tercera, abordaremos los riesgos derivados del contexto geopolítico, con impacto directo en mercados, cadenas de suministro y operativa.</span></p>
<p><span style="font-family: verdana, geneva, sans-serif; font-size: 12px;">El objetivo del ciclo es <strong>compartir evidencia y tendencias y</strong> aterrizarlas en la realidad de la gestión con experiencias de empresas, <strong>herramientas y buenas prácticas</strong>, para que cada organización pueda <strong>reforzar su preparación y resiliencia</strong>.</span></p>
<p>&nbsp;</p>
<p><span style="text-decoration: underline; color: #d2112d;"><span style="font-family: verdana, geneva, sans-serif; font-size: 12px;"><strong>Programa</strong></span></span></p>
<p><span style="font-family: verdana, geneva, sans-serif; font-size: 12px;"><em>1ª sesión: 27 abril 2026</em></span></p>
<p><span style="text-decoration: underline; font-family: verdana, geneva, sans-serif; font-size: 12px;"><strong>Cuando los riesgos globales se convierten en riesgos locales: de la guerra de Irán a la prosperidad de Cataluña</strong></span></p>
<p><span style="font-family: verdana, geneva, sans-serif; font-size: 12px;">La sesión se centra en cómo la inestabilidad del contexto actual está intensificando algunos de los principales riesgos de 2026. Se complementa con una mesa redonda empresarial sobre mapas de riesgos, experiencias reales y gobernanza para reforzar la preparación empresarial.</span></p>
<p><span style="font-family: verdana, geneva, sans-serif; font-size: 12px;"><em>2ª sesión: 3 junio 2026</em></span></p>
<p><span style="font-family: verdana, geneva, sans-serif; font-size: 12px;"><strong><u>Riesgos digitales: ciberataques, datos, IA y terceros. Del diagnóstico a la resiliencia </u></strong></span></p>
<p><span style="font-family: verdana, geneva, sans-serif; font-size: 12px;">Sesión centrada en los riesgos derivados del mundo digital: ciberamenazas, dependencia de proveedores tecnológicos, gobernanza de los datos, continuidad y el impacto de la IA. Se presentará la visión de los principales riesgos tecnológicos y se contrastará con experiencia empresarial: qué funciona en prevención y cómo se actúa cuando hay un incidente.</span></p>
<p><span style="font-family: verdana, geneva, sans-serif; font-size: 12px;"><em>3ª sesión: 7 octubre 2026</em></span></p>
<p><span style="font-family: verdana, geneva, sans-serif; font-size: 12px;"><strong><u>Geopolítica y empresa: escenarios, cadenas de suministro y decisiones bajo incertidumbre </u></strong></span></p>
<p><span style="font-family: verdana, geneva, sans-serif; font-size: 12px;">La tercera sesión aborda cómo el contexto geopolítico impacta el negocio: tensiones comerciales, conflictos armados, vulnerabilidades de la cadena logística, regulación y reputación. En la sesión se trabajará como integrar la geopolítica a la toma de decisiones de inversiones, cadena de suministro y continuidad.<strong><br />
</strong></span></p>
<p><span style="font-family: verdana, geneva, sans-serif; font-size: 12px;"><strong> </strong></span></p>
<p><span style="font-family: verdana, geneva, sans-serif; font-size: 12px;"><strong>Anticipar el 2026: riesgos clave y cómo se preparan las empresas para afrontarlos</strong></span></p>
<p><span style="font-family: verdana, geneva, sans-serif; font-size: 12px;">En esta primera sesión del ciclo se presentarán los principales resultados del Observatorio de riesgos para las empresas en España 2026: <strong>qué riesgos ganan peso, cuáles se consolidan y qué implicaciones tienen</strong> para la continuidad del negocio, la reputación y la competitividad. A continuación, una <strong>mesa redonda con empresas</strong> pondrá el foco en la práctica: cómo se diseñan y se actualizan los <strong>mapas de riesgos</strong>, qué ha funcionado cuando se ha producido una crisis o un incidente y qué cambia en la respuesta cuando se materializa un riesgo no previsto. La sesión está pensada para que las empresas se endurezcan <strong>ideas aplicables</strong>: buenas prácticas, mecanismos de <strong>alerta </strong>y palancas de <strong>gobierno del riesgo</strong> para pasar del diagnóstico a la acción.</span></p>
<p>&nbsp;</p>
<p><span style="color: #d2112d; font-size: 12px; font-family: verdana, geneva, sans-serif;"><strong>Estructura de la sesión</strong></span></p>
<p><span style="font-size: 12px; font-family: verdana, geneva, sans-serif;"><b>9:00 h | Bienvenida</b></span></p>
<p><span style="font-size: 12px; font-family: verdana, geneva, sans-serif;"><b>Salvador Guillermo</b>, director de Estudios y Economía de Fomento del Trabajo</span></p>
<p><span style="font-size: 12px; font-family: verdana, geneva, sans-serif;"><b>9:05 h |Cuando los riesgos globales se convierten en riesgos locales: panorama de riesgos 2026</b></span></p>
<p><span style="font-size: 12px; font-family: verdana, geneva, sans-serif;"><b>Pere Torres</b>, consejero del Instituto Cerdà y director del Observatorio de Riesgos</span></p>
<p><span style="font-size: 12px; font-family: verdana, geneva, sans-serif;"><b>9:30 h | Encuesta QR</b></span></p>
<p><span style="font-size: 12px; font-family: verdana, geneva, sans-serif;"><b>9:35 h | Mesa redonda – Cómo se preparan las empresas para afrontarlos</b></span></p>
<p><span style="font-size: 12px; font-family: verdana, geneva, sans-serif;"><b>Raul Anguita</b>, director de operaciones territoriales de Nedgia</span></p>
<p><span style="font-size: 12px; font-family: verdana, geneva, sans-serif;"><b>Eduard Filba</b>, jefe de equipo de auditoría interna y control de riesgos de Celsa</span></p>
<p><span style="font-size: 12px; font-family: verdana, geneva, sans-serif;"><b>Ian Livesey</b>, director de la división B2B y B2C de Moventis</span></p>
<p><span style="font-size: 12px; font-family: verdana, geneva, sans-serif;"><b>Moderación: Marta Ribagorçana</b>, directora del área de riesgos, crisis y resiliencia, Instituto Cerdà</span></p>
<p><span style="font-size: 12px; font-family: verdana, geneva, sans-serif;"><b>10:25 h | Clausura</b></span></p>
<p><span style="font-size: 12px; font-family: verdana, geneva, sans-serif;"><b>Miguel Hernández</b>, director general del Instituto Cerdà</span></p>
<p>[/vc_column_text][vc_btn title=»INSCRIPCIÓN» color=»danger» size=»lg» align=»center» button_block=»true» link=»url:https%3A%2F%2Fwww.foment.com%2Fes%2Finscripciones-eventos%2F%3Fidevento%3DB0039AE6-8532-F111-88B4-000D3ADCC77A»][/vc_column][/vc_row]</p>
<table style="border-collapse: collapse; width: 100%;">
<tbody>
<tr>
<td style="width: 33.3333%;"><strong>Con el soporte de:</strong></td>
<td style="width: 33.3333%;"></td>
<td style="width: 33.3333%;"></td>
</tr>
<tr>
<td style="width: 33.3333%;"></td>
<td style="width: 33.3333%;"><a href="https://www.icerda.org/ca/"><img loading="lazy" class="alignnone wp-image-217784" src="https://www.foment.com/wp-content/uploads/2026/03/Logo-Institut-Cerda.jpg" alt="" width="150" height="109" /></a></td>
<td style="width: 33.3333%;"></td>
</tr>
</tbody>
</table>
</section>
