{"id":216545,"date":"2026-03-19T15:31:46","date_gmt":"2026-03-19T14:31:46","guid":{"rendered":"https:\/\/www.foment.com\/events\/presentacio-del-programa-catalunya-exporta-recursos-i-ajuts-disponibles\/"},"modified":"2026-03-25T14:02:09","modified_gmt":"2026-03-25T13:02:09","slug":"presentacio-del-programa-catalunya-exporta-recursos-i-ajuts-disponibles","status":"publish","type":"ajde_events","link":"https:\/\/www.foment.com\/es\/events\/presentacio-del-programa-catalunya-exporta-recursos-i-ajuts-disponibles\/","title":{"rendered":"Presentaci\u00f3 del Programa Catalunya Exporta: recursos i Ajuts disponibles"},"content":{"rendered":"<section class=\"wpb-content-wrapper\"><p>[vc_row][vc_column][vc_btn title=\u00bbINSCRIPCI\u00d3N GRATUITA\u00bb style=\u00bb3d\u00bb color=\u00bbdanger\u00bb size=\u00bblg\u00bb align=\u00bbcenter\u00bb button_block=\u00bbtrue\u00bb link=\u00bburl:https%3A%2F%2Fwww.foment.com%2Finscripcions-events%2F%3Fidevento%3D9EEE4AC1-8D23-F111-8342-000D3ADCC39A|target:_blank\u00bb][vc_column_text]<\/p>\n<p>El programa <span style=\"color: #000080;\"><a style=\"color: #000080;\" href=\"https:\/\/eur04.safelinks.protection.outlook.com\/?url=https%3A%2F%2Fpublic-eur.mkt.dynamics.com%2Fapi%2Forgs%2F8d5eafb0-f8ac-4ccb-a7c1-a2767b978f43%2Fr%2Fkb6X4E4luk-OdicaU0sBAAwAAAA%3Fmsdynmkt_target%3D%257B%2522TargetUrl%2522%253A%2522https%25253A%25252F%25252Feur04.safelinks.protection.outlook.com%25252F%25253Furl%25253Dhttps%2525253A%2525252F%2525252Fpublic-eur.mkt.dynamics.com%2525252Fapi%2525252Forgs%2525252F8d5eafb0-f8ac-4ccb-a7c1-a2767b978f43%2525252Fr%2525252FaITv1hKS8kSs6wB3jXECAAsAAAA%2525253Fmsdynmkt_target%2525253D%252525257B%2525252522TargetUrl%2525252522%252525253A%2525252522https%25252525253A%25252525252F%25252525252Feur04.safelinks.protection.outlook.com%25252525252F%25252525253Furl%25252525253Dhttps%2525252525253A%2525252525252F%2525252525252Fpublic-eur.mkt.dynamics.com%2525252525252Fapi%2525252525252Forgs%2525252525252F8d5eafb0-f8ac-4ccb-a7c1-a2767b978f43%2525252525252Fr%2525252525252FLn5gxxoARECGTxqFI30DAAsAAAA%2525252525253Fmsdynmkt_target%2525252525253D%252525252525257B%2525252525252522TargetUrl%2525252525252522%252525252525253A%2525252525252522https%25252525252525253A%25252525252525252F%25252525252525252Fformularis.accio.gencat.cat%25252525252525252Fweb%25252525252525252Fformularis%25252525252525252Finscripcions%25252525252525252F-%25252525252525252Finscripcio%25252525252525252F2026%25252525252525252F02%25252525252525252F03%25252525252525252FOnkrUbTR_SM9nz_z85jUAA%25252525252525252Fsollicitud-de-diagnostic-pie-foment%25252525252525252F%25252525252525253Flang%25252525252525253Dca_ES%252525252525252526portal%25252525252525253Daccio%252525252525252526_gl%25252525252525253D1%25252525252525252A9dm0zh%25252525252525252A_ga%25252525252525252AMTI0NzIzNzQyMC4xNzEyODIyOTgy%25252525252525252A_ga_6HSVZS0K1X%25252525252525252AczE3NzI3MjM4MjckbzE4OSRnMCR0MTc3MjcyMzgzMiRqNTUkbDAkaDA%2525252525252522%252525252525252C%2525252525252522RedirectOptions%2525252525252522%252525252525253A%252525252525257B%25252525252525225%2525252525252522%252525252525253Anull%252525252525252C%25252525252525221%2525252525252522%252525252525253Anull%252525252525257D%252525252525257D%25252525252526msdynmkt_digest%2525252525253DA1vZltR2b3nESlG%252525252525252BdOmS7YeZ5GTW3dinAdHW2pwAZaw%252525252525253D%25252525252526msdynmkt_secretVersion%2525252525253D7bb221762d0c46939816d3a5592b1359%252525252526data%25252525253D05%2525252525257C02%2525252525257Csramirez%25252525252540foment.com%2525252525257Cc7e7a4617105465e160408de83531847%2525252525257Cf37c938d38654a89b99bb000c76a74bf%2525252525257C1%2525252525257C0%2525252525257C639092590089463447%2525252525257CUnknown%2525252525257CTWFpbGZsb3d8eyJFbXB0eU1hcGkiOnRydWUsIlYiOiIwLjAuMDAwMCIsIlAiOiJXaW4zMiIsIkFOIjoiTWFpbCIsIldUIjoyfQ%2525252525253D%2525252525253D%2525252525257C0%2525252525257C%2525252525257C%2525252525257C%252525252526sdata%25252525253D8wWi3Z4S7N5i5VCO2QP6AvtWJylRMKEZbvPje18Pg90%2525252525253D%252525252526reserved%25252525253D0%2525252522%252525252C%2525252522RedirectOptions%2525252522%252525253A%252525257B%25252525225%2525252522%252525253Anull%252525252C%25252525221%2525252522%252525253Anull%252525257D%252525257D%25252526msdynmkt_digest%2525253DYIZexQWs7uZ2WhUfgJqeZuryKVb2vajIvtYv5qE8oRY%252525253D%25252526msdynmkt_secretVersion%2525253D7bb221762d0c46939816d3a5592b1359%252526data%25253D05%2525257C02%2525257Csramirez%25252540foment.com%2525257C565760556e6c4cf5c35308de84384967%2525257Cf37c938d38654a89b99bb000c76a74bf%2525257C1%2525257C0%2525257C639093574480490085%2525257CUnknown%2525257CTWFpbGZsb3d8eyJFbXB0eU1hcGkiOnRydWUsIlYiOiIwLjAuMDAwMCIsIlAiOiJXaW4zMiIsIkFOIjoiTWFpbCIsIldUIjoyfQ%2525253D%2525253D%2525257C0%2525257C%2525257C%2525257C%252526sdata%25253DN3y2QAkHHQEwnwslqril%2525252B%2525252BjbsTmbpaH1gsQUjqlx6ho%2525253D%252526reserved%25253D0%2522%252C%2522RedirectOptions%2522%253A%257B%25225%2522%253Anull%252C%25221%2522%253Anull%257D%257D%26msdynmkt_digest%3DHxSIjxqNyMzq4m6G1OWkNS%252FYEFefhiIl8o9iQscMDnI%253D%26msdynmkt_secretVersion%3D7bb221762d0c46939816d3a5592b1359&amp;data=05%7C02%7Csramirez%40foment.com%7C21d5a3887b6842be5bd808de85b7fd10%7Cf37c938d38654a89b99bb000c76a74bf%7C1%7C0%7C639095222447308189%7CUnknown%7CTWFpbGZsb3d8eyJFbXB0eU1hcGkiOnRydWUsIlYiOiIwLjAuMDAwMCIsIlAiOiJXaW4zMiIsIkFOIjoiTWFpbCIsIldUIjoyfQ%3D%3D%7C0%7C%7C%7C&amp;sdata=QPhbTa9s9HaBFIidL7VwcFvz%2BRVtuEgLLTJ0aOMl6kY%3D&amp;reserved=0\"><strong>CATALUNYA EXPORTA<\/strong><\/a>, <\/span>impulsado por ACCI\u00d3, tiene como objetivo acompa\u00f1ar a las empresas catalanas que quieren iniciarse en la internacionalizaci\u00f3n, ofreciendo orientaci\u00f3n y apoyo en las primeras fases del proceso exportador. En este marco, <a href=\"https:\/\/eur04.safelinks.protection.outlook.com\/?url=https%3A%2F%2Fpublic-eur.mkt.dynamics.com%2Fapi%2Forgs%2F8d5eafb0-f8ac-4ccb-a7c1-a2767b978f43%2Fr%2Fkb6X4E4luk-OdicaU0sBAA0AAAA%3Fmsdynmkt_target%3D%257B%2522TargetUrl%2522%253A%2522https%25253A%25252F%25252Fwww.foment.com%25252Fes%25252Fcatalunya-exporta%25252F%2525231767799497417-fa3ae53f-0b5b%2522%252C%2522RedirectOptions%2522%253A%257B%25220%2522%253Anull%257D%257D%26msdynmkt_digest%3DbK7c94w0eFraOy9eOgKfYNJ21gIDfLiaSBNv7Ob%252FUbc%253D%26msdynmkt_secretVersion%3D7bb221762d0c46939816d3a5592b1359&amp;data=05%7C02%7Csramirez%40foment.com%7C21d5a3887b6842be5bd808de85b7fd10%7Cf37c938d38654a89b99bb000c76a74bf%7C1%7C0%7C639095222447339513%7CUnknown%7CTWFpbGZsb3d8eyJFbXB0eU1hcGkiOnRydWUsIlYiOiIwLjAuMDAwMCIsIlAiOiJXaW4zMiIsIkFOIjoiTWFpbCIsIldUIjoyfQ%3D%3D%7C0%7C%7C%7C&amp;sdata=BvZM8FWeww5J9iEFuZLMXaLpJovIDOlv%2BWVWsa%2BkLbg%3D&amp;reserved=0\"><strong>Foment del Treball<\/strong><\/a>, como agente de apoyo a la internacionalizaci\u00f3n y entidad colaboradora del programa, participa en la difusi\u00f3n, en la organizaci\u00f3n de jornadas de capacitaci\u00f3n y en el acompa\u00f1amiento de las empresas interesadas en dar el salto a los mercados internacionales.<\/p>\n<p>El objetivo de esta sesi\u00f3n es dar a conocer a las empresas el programa y a saber de qu\u00e9 recursos exportadores, ayudas y subvenciones disponen por parte de la administraci\u00f3n.<\/p>\n<p><span style=\"color: #d2112d;\"><strong>PROGRAMA<\/strong><\/span><\/p>\n<p><span style=\"color: #d2112d;\"><strong>09:00 h.<\/strong> Bienvenida<\/span><\/p>\n<ul>\n<li>Presentaci\u00f3n del Programa Catalu\u00f1a Exporta<\/li>\n<li>Presentaci\u00f3n de las diferentes herramientas de apoyo, ayudas e instrumentos p\u00fablicos a disposici\u00f3n de las empresas en su proceso de internacionalizaci\u00f3n.<\/li>\n<\/ul>\n<p><strong>Isabel Garc\u00eda<\/strong>, Consultora Internacional Senior, <strong>BarcelonaExport<\/strong><\/p>\n<p><span style=\"color: #d2112d;\"><strong>10:20 h.<\/strong> Turno de preguntas<\/span><\/p>\n<p><span style=\"color: #d2112d;\"><strong>10:30 h.<\/strong> Fin de la sesi\u00f3n<\/span>[\/vc_column_text][\/vc_column][\/vc_row][vc_row][vc_column width=\u00bb1\/1&#8243;][vc_column_text]<span style=\"font-size: 12px;\">Amb el suport de:<\/span>[\/vc_column_text]<div class=\"single_image wpb_content_element align-left    \" data-animation=\"none\" data-delay=\"0\"><a href=\"http:\/\/www.accio.gencat.cat\" target=\"_self\"><img width=\"300\" height=\"68\" src=\"https:\/\/www.foment.com\/wp-content\/uploads\/2026\/03\/ACCIO-integrat-Horitzontal-CAT-color-300x68.png\" class=\"attachment-medium\" alt=\"\" loading=\"lazy\" title=\"ACCIO-integrat-Horitzontal-CAT-color\" srcset=\"https:\/\/www.foment.com\/wp-content\/uploads\/2026\/03\/ACCIO-integrat-Horitzontal-CAT-color-300x68.png 300w, https:\/\/www.foment.com\/wp-content\/uploads\/2026\/03\/ACCIO-integrat-Horitzontal-CAT-color.png 559w\" sizes=\"(max-width: 300px) 100vw, 300px\" \/><\/a><\/div>[\/vc_column][\/vc_row]<\/p>\n<\/section>","protected":false},"author":13,"featured_media":216541,"menu_order":0,"comment_status":"closed","ping_status":"closed","template":"","meta":{"_links_to":"","_links_to_target":""},"tags":[9072,270],"event_type":[],"event_type_2":[],"acf":[],"_links":{"self":[{"href":"https:\/\/www.foment.com\/es\/wp-json\/wp\/v2\/ajde_events\/216545"}],"collection":[{"href":"https:\/\/www.foment.com\/es\/wp-json\/wp\/v2\/ajde_events"}],"about":[{"href":"https:\/\/www.foment.com\/es\/wp-json\/wp\/v2\/types\/ajde_events"}],"author":[{"embeddable":true,"href":"https:\/\/www.foment.com\/es\/wp-json\/wp\/v2\/users\/13"}],"replies":[{"embeddable":true,"href":"https:\/\/www.foment.com\/es\/wp-json\/wp\/v2\/comments?post=216545"}],"wp:featuredmedia":[{"embeddable":true,"href":"https:\/\/www.foment.com\/es\/wp-json\/wp\/v2\/media\/216541"}],"wp:attachment":[{"href":"https:\/\/www.foment.com\/es\/wp-json\/wp\/v2\/media?parent=216545"}],"wp:term":[{"taxonomy":"post_tag","embeddable":true,"href":"https:\/\/www.foment.com\/es\/wp-json\/wp\/v2\/tags?post=216545"},{"taxonomy":"event_type","embeddable":true,"href":"https:\/\/www.foment.com\/es\/wp-json\/wp\/v2\/event_type?post=216545"},{"taxonomy":"event_type_2","embeddable":true,"href":"https:\/\/www.foment.com\/es\/wp-json\/wp\/v2\/event_type_2?post=216545"}],"curies":[{"name":"wp","href":"https:\/\/api.w.org\/{rel}","templated":true}]}}

Presentació del Programa Catalunya Exporta: recursos i Ajuts disponibles

<section class="wpb-content-wrapper"><p>[vc_row][vc_column][vc_btn title=»INSCRIPCIÓN GRATUITA» style=»3d» color=»danger» size=»lg» align=»center» button_block=»true» link=»url:https%3A%2F%2Fwww.foment.com%2Finscripcions-events%2F%3Fidevento%3D9EEE4AC1-8D23-F111-8342-000D3ADCC39A|target:_blank»][vc_column_text]</p>
<p>El programa <span style="color: #000080;"><a style="color: #000080;" href="https://eur04.safelinks.protection.outlook.com/?url=https%3A%2F%2Fpublic-eur.mkt.dynamics.com%2Fapi%2Forgs%2F8d5eafb0-f8ac-4ccb-a7c1-a2767b978f43%2Fr%2Fkb6X4E4luk-OdicaU0sBAAwAAAA%3Fmsdynmkt_target%3D%257B%2522TargetUrl%2522%253A%2522https%25253A%25252F%25252Feur04.safelinks.protection.outlook.com%25252F%25253Furl%25253Dhttps%2525253A%2525252F%2525252Fpublic-eur.mkt.dynamics.com%2525252Fapi%2525252Forgs%2525252F8d5eafb0-f8ac-4ccb-a7c1-a2767b978f43%2525252Fr%2525252FaITv1hKS8kSs6wB3jXECAAsAAAA%2525253Fmsdynmkt_target%2525253D%252525257B%2525252522TargetUrl%2525252522%252525253A%2525252522https%25252525253A%25252525252F%25252525252Feur04.safelinks.protection.outlook.com%25252525252F%25252525253Furl%25252525253Dhttps%2525252525253A%2525252525252F%2525252525252Fpublic-eur.mkt.dynamics.com%2525252525252Fapi%2525252525252Forgs%2525252525252F8d5eafb0-f8ac-4ccb-a7c1-a2767b978f43%2525252525252Fr%2525252525252FLn5gxxoARECGTxqFI30DAAsAAAA%2525252525253Fmsdynmkt_target%2525252525253D%252525252525257B%2525252525252522TargetUrl%2525252525252522%252525252525253A%2525252525252522https%25252525252525253A%25252525252525252F%25252525252525252Fformularis.accio.gencat.cat%25252525252525252Fweb%25252525252525252Fformularis%25252525252525252Finscripcions%25252525252525252F-%25252525252525252Finscripcio%25252525252525252F2026%25252525252525252F02%25252525252525252F03%25252525252525252FOnkrUbTR_SM9nz_z85jUAA%25252525252525252Fsollicitud-de-diagnostic-pie-foment%25252525252525252F%25252525252525253Flang%25252525252525253Dca_ES%252525252525252526portal%25252525252525253Daccio%252525252525252526_gl%25252525252525253D1%25252525252525252A9dm0zh%25252525252525252A_ga%25252525252525252AMTI0NzIzNzQyMC4xNzEyODIyOTgy%25252525252525252A_ga_6HSVZS0K1X%25252525252525252AczE3NzI3MjM4MjckbzE4OSRnMCR0MTc3MjcyMzgzMiRqNTUkbDAkaDA%2525252525252522%252525252525252C%2525252525252522RedirectOptions%2525252525252522%252525252525253A%252525252525257B%25252525252525225%2525252525252522%252525252525253Anull%252525252525252C%25252525252525221%2525252525252522%252525252525253Anull%252525252525257D%252525252525257D%25252525252526msdynmkt_digest%2525252525253DA1vZltR2b3nESlG%252525252525252BdOmS7YeZ5GTW3dinAdHW2pwAZaw%252525252525253D%25252525252526msdynmkt_secretVersion%2525252525253D7bb221762d0c46939816d3a5592b1359%252525252526data%25252525253D05%2525252525257C02%2525252525257Csramirez%25252525252540foment.com%2525252525257Cc7e7a4617105465e160408de83531847%2525252525257Cf37c938d38654a89b99bb000c76a74bf%2525252525257C1%2525252525257C0%2525252525257C639092590089463447%2525252525257CUnknown%2525252525257CTWFpbGZsb3d8eyJFbXB0eU1hcGkiOnRydWUsIlYiOiIwLjAuMDAwMCIsIlAiOiJXaW4zMiIsIkFOIjoiTWFpbCIsIldUIjoyfQ%2525252525253D%2525252525253D%2525252525257C0%2525252525257C%2525252525257C%2525252525257C%252525252526sdata%25252525253D8wWi3Z4S7N5i5VCO2QP6AvtWJylRMKEZbvPje18Pg90%2525252525253D%252525252526reserved%25252525253D0%2525252522%252525252C%2525252522RedirectOptions%2525252522%252525253A%252525257B%25252525225%2525252522%252525253Anull%252525252C%25252525221%2525252522%252525253Anull%252525257D%252525257D%25252526msdynmkt_digest%2525253DYIZexQWs7uZ2WhUfgJqeZuryKVb2vajIvtYv5qE8oRY%252525253D%25252526msdynmkt_secretVersion%2525253D7bb221762d0c46939816d3a5592b1359%252526data%25253D05%2525257C02%2525257Csramirez%25252540foment.com%2525257C565760556e6c4cf5c35308de84384967%2525257Cf37c938d38654a89b99bb000c76a74bf%2525257C1%2525257C0%2525257C639093574480490085%2525257CUnknown%2525257CTWFpbGZsb3d8eyJFbXB0eU1hcGkiOnRydWUsIlYiOiIwLjAuMDAwMCIsIlAiOiJXaW4zMiIsIkFOIjoiTWFpbCIsIldUIjoyfQ%2525253D%2525253D%2525257C0%2525257C%2525257C%2525257C%252526sdata%25253DN3y2QAkHHQEwnwslqril%2525252B%2525252BjbsTmbpaH1gsQUjqlx6ho%2525253D%252526reserved%25253D0%2522%252C%2522RedirectOptions%2522%253A%257B%25225%2522%253Anull%252C%25221%2522%253Anull%257D%257D%26msdynmkt_digest%3DHxSIjxqNyMzq4m6G1OWkNS%252FYEFefhiIl8o9iQscMDnI%253D%26msdynmkt_secretVersion%3D7bb221762d0c46939816d3a5592b1359&amp;data=05%7C02%7Csramirez%40foment.com%7C21d5a3887b6842be5bd808de85b7fd10%7Cf37c938d38654a89b99bb000c76a74bf%7C1%7C0%7C639095222447308189%7CUnknown%7CTWFpbGZsb3d8eyJFbXB0eU1hcGkiOnRydWUsIlYiOiIwLjAuMDAwMCIsIlAiOiJXaW4zMiIsIkFOIjoiTWFpbCIsIldUIjoyfQ%3D%3D%7C0%7C%7C%7C&amp;sdata=QPhbTa9s9HaBFIidL7VwcFvz%2BRVtuEgLLTJ0aOMl6kY%3D&amp;reserved=0"><strong>CATALUNYA EXPORTA</strong></a>, </span>impulsado por ACCIÓ, tiene como objetivo acompañar a las empresas catalanas que quieren iniciarse en la internacionalización, ofreciendo orientación y apoyo en las primeras fases del proceso exportador. En este marco, <a href="https://eur04.safelinks.protection.outlook.com/?url=https%3A%2F%2Fpublic-eur.mkt.dynamics.com%2Fapi%2Forgs%2F8d5eafb0-f8ac-4ccb-a7c1-a2767b978f43%2Fr%2Fkb6X4E4luk-OdicaU0sBAA0AAAA%3Fmsdynmkt_target%3D%257B%2522TargetUrl%2522%253A%2522https%25253A%25252F%25252Fwww.foment.com%25252Fes%25252Fcatalunya-exporta%25252F%2525231767799497417-fa3ae53f-0b5b%2522%252C%2522RedirectOptions%2522%253A%257B%25220%2522%253Anull%257D%257D%26msdynmkt_digest%3DbK7c94w0eFraOy9eOgKfYNJ21gIDfLiaSBNv7Ob%252FUbc%253D%26msdynmkt_secretVersion%3D7bb221762d0c46939816d3a5592b1359&amp;data=05%7C02%7Csramirez%40foment.com%7C21d5a3887b6842be5bd808de85b7fd10%7Cf37c938d38654a89b99bb000c76a74bf%7C1%7C0%7C639095222447339513%7CUnknown%7CTWFpbGZsb3d8eyJFbXB0eU1hcGkiOnRydWUsIlYiOiIwLjAuMDAwMCIsIlAiOiJXaW4zMiIsIkFOIjoiTWFpbCIsIldUIjoyfQ%3D%3D%7C0%7C%7C%7C&amp;sdata=BvZM8FWeww5J9iEFuZLMXaLpJovIDOlv%2BWVWsa%2BkLbg%3D&amp;reserved=0"><strong>Foment del Treball</strong></a>, como agente de apoyo a la internacionalización y entidad colaboradora del programa, participa en la difusión, en la organización de jornadas de capacitación y en el acompañamiento de las empresas interesadas en dar el salto a los mercados internacionales.</p>
<p>El objetivo de esta sesión es dar a conocer a las empresas el programa y a saber de qué recursos exportadores, ayudas y subvenciones disponen por parte de la administración.</p>
<p><span style="color: #d2112d;"><strong>PROGRAMA</strong></span></p>
<p><span style="color: #d2112d;"><strong>09:00 h.</strong> Bienvenida</span></p>
<ul>
<li>Presentación del Programa Cataluña Exporta</li>
<li>Presentación de las diferentes herramientas de apoyo, ayudas e instrumentos públicos a disposición de las empresas en su proceso de internacionalización.</li>
</ul>
<p><strong>Isabel García</strong>, Consultora Internacional Senior, <strong>BarcelonaExport</strong></p>
<p><span style="color: #d2112d;"><strong>10:20 h.</strong> Turno de preguntas</span></p>
<p><span style="color: #d2112d;"><strong>10:30 h.</strong> Fin de la sesión</span>[/vc_column_text][/vc_column][/vc_row][vc_row][vc_column width=»1/1&#8243;][vc_column_text]<span style="font-size: 12px;">Amb el suport de:</span>[/vc_column_text]<div class="single_image wpb_content_element align-left    " data-animation="none" data-delay="0"><a href="http://www.accio.gencat.cat" target="_self"><img width="300" height="68" src="https://www.foment.com/wp-content/uploads/2026/03/ACCIO-integrat-Horitzontal-CAT-color-300x68.png" class="attachment-medium" alt="" loading="lazy" title="ACCIO-integrat-Horitzontal-CAT-color" srcset="https://www.foment.com/wp-content/uploads/2026/03/ACCIO-integrat-Horitzontal-CAT-color-300x68.png 300w, https://www.foment.com/wp-content/uploads/2026/03/ACCIO-integrat-Horitzontal-CAT-color.png 559w" sizes="(max-width: 300px) 100vw, 300px" /></a></div>[/vc_column][/vc_row]</p>
</section>
