{"id":218408,"date":"2026-04-16T11:49:16","date_gmt":"2026-04-16T09:49:16","guid":{"rendered":"https:\/\/www.foment.com\/?post_type=ajde_events&#038;p=218408"},"modified":"2026-04-30T13:19:25","modified_gmt":"2026-04-30T11:19:25","slug":"debates-laborales-principales-retos-de-la-directiva-ue-2023-970-de-igualdad-retributiva-y-transparencia-salarial","status":"publish","type":"ajde_events","link":"https:\/\/www.foment.com\/es\/events\/debates-laborales-principales-retos-de-la-directiva-ue-2023-970-de-igualdad-retributiva-y-transparencia-salarial\/","title":{"rendered":"Debates Laborales \u2013 Principales retos de la Directiva (UE) 2023\/970, de igualdad retributiva y transparencia salarial"},"content":{"rendered":"<section class=\"wpb-content-wrapper\"><p>[vc_row][vc_column width=\u00bb1\/1&#8243;][vc_btn title=\u00bbInscripci\u00f3n gratuita, aqu\u00ed\u00bb style=\u00bb3d\u00bb color=\u00bbdanger\u00bb size=\u00bblg\u00bb align=\u00bbcenter\u00bb button_block=\u00bbtrue\u00bb link=\u00bburl:https%3A%2F%2Fwww.foment.com%2Fes%2Finscripciones-eventos%2F%3Fidevento%3D97FB6A75-7339-F111-88B4-7CED8D3FAFDD|target:_blank\u00bb][\/vc_column][\/vc_row][vc_row][vc_column width=\u00bb1\/1&#8243;][vc_column_text]<\/p>\n<div>\n<p style=\"text-align: justify;\"><span style=\"font-family: verdana, geneva, sans-serif;\">Te invitamos a un nuevo encuentro de <strong>Debates Laborales<\/strong>, en el que, de la mano de <em>EY<\/em>, se abordar\u00e1n las implicaciones de la Directiva (UE) 2023\/970 en la gesti\u00f3n de las pol\u00edticas de Recursos Humanos y se analizar\u00e1 <strong>c\u00f3mo prepararse ante un nuevo paradigma en materia de transparencia salarial.<\/strong> Esta norma, que deber\u00eda transponerse al ordenamiento espa\u00f1ol antes del 7 de junio de 2026, refuerza el principio de igualdad retributiva entre hombres y mujeres por un mismo trabajo o uno de igual valor, situando la transparencia en el centro de la gesti\u00f3n empresarial.<\/span><\/p>\n<p style=\"text-align: justify;\"><span style=\"font-family: verdana, geneva, sans-serif;\">La nueva regulaci\u00f3n <strong>exigir\u00e1 a las empresas ofrecer informaci\u00f3n clara, verificable y accesible sobre sus sistemas retributivos<\/strong>, con un impacto no solo econ\u00f3mico, sino tambi\u00e9n organizativo y reputacional. Entre sus principales novedades destacan la obligaci\u00f3n de <strong>justificar las brechas salariales cuando alcancen el 5%,<\/strong> as\u00ed como la obligaci\u00f3n de <strong>contar con bandas salariales definidas con criterios objetivos<\/strong>, que deber\u00e1n comunicarse tanto internamente como en los procesos de selecci\u00f3n. Todo ello obligar\u00e1 a <strong>revisar en profundidad pol\u00edticas y procesos clave de Recursos Humanos, como la selecci\u00f3n, la valoraci\u00f3n de puestos, la evaluaci\u00f3n del desempe\u00f1o y la estructura salarial<\/strong>.<\/span><\/p>\n<p style=\"text-align: justify;\"><span style=\"font-family: verdana, geneva, sans-serif;\">En este contexto, la jornada se plantea como una oportunidad para ayudar a las empresas a comprender el alcance de la Directiva y anticiparse a su futura aplicaci\u00f3n en Espa\u00f1a, adaptando sus pol\u00edticas de Recursos Humanos a las nuevas obligaciones legales. Asimismo, permitir\u00e1 profundizar en los principios de igualdad retributiva, transparencia y no discriminaci\u00f3n, e identificar las acciones necesarias para avanzar hacia modelos de gesti\u00f3n de personas m\u00e1s objetivos, estructurados y alineados con la igualdad de genero.<\/span><\/p>\n<p>&nbsp;<\/p>\n<p style=\"text-align: center;\"><strong><span style=\"color: #d2112d; font-family: verdana, geneva, sans-serif;\">PROGRAMA<\/span><\/strong><\/p>\n<p><span style=\"font-family: verdana, geneva, sans-serif;\"><strong><span style=\"color: #d2112d;\">09:45 h. Recepci\u00f3n de los asistentes<\/span><\/strong><\/span><\/p>\n<p><span style=\"font-family: verdana, geneva, sans-serif;\"><strong><span style=\"color: #d2112d;\">10:00 h. Bienvenida<\/span><\/strong><\/span><br \/>\n<span style=\"font-family: verdana, geneva, sans-serif;\"><strong>Luis P\u00e9rez<\/strong>, presidente de la Comisi\u00f3n Laboral y Recursos Humanos de Foment del Treball y director de Relaciones Institucionales de Randstad<\/span><br \/>\n<span style=\"font-family: verdana, geneva, sans-serif;\"><strong>Saray Espejo, <\/strong>directora general <em>d\u2019Equitat en els Treballs i Corresponsabilitat del departament d\u2019Igualtat i Feminisme<\/em> de la Generalitat de Catalu\u00f1a<\/span><\/p>\n<p><span style=\"color: #d2112d; font-family: verdana, geneva, sans-serif;\"><strong>10:15 h. Directiva de aplicaci\u00f3n del principio de igualdad retributiva: transparencia retributiva y mecanismos para su cumplimiento<\/strong><\/span><br \/>\n<span style=\"font-family: verdana, geneva, sans-serif;\"><strong>Olga Cecilia<\/strong>, socia responsable de compensaci\u00f3n y pensiones del \u00e1rea de People Advisory Services de EY<\/span><\/p>\n<p><span style=\"color: #d2112d; font-family: verdana, geneva, sans-serif;\"><strong>10:30 h. \u00bfC\u00f3mo vamos a abordar las nuevas obligaciones en materia de transparencia salarial?<\/strong><\/span><br \/>\n<span style=\"font-family: verdana, geneva, sans-serif;\">Presentaci\u00f3n de <strong>Juan Pablo Riesgo,<\/strong> socio de People Advisory Services de EY, con la participaci\u00f3n de:<\/span><br \/>\n<span style=\"font-family: verdana, geneva, sans-serif;\"><strong>Sandra P\u00e9rez,<\/strong> inspectora de Trabajo y de Seguridad Social, y responsable del \u00e1rea especializada en materia de igualdad<\/span><\/p>\n<p><span style=\"font-family: verdana, geneva, sans-serif;\"><strong><span style=\"color: #d21100;\">1<\/span><span style=\"color: #d2112d;\">0:45 h. \u00bfC\u00f3mo est\u00e1n impactando las nuevas obligaciones en materia de transparencia salarial en la gesti\u00f3n del talento?<\/span><\/strong><\/span><br \/>\n<span style=\"font-family: verdana, geneva, sans-serif;\"><strong>Mesa Redonda<\/strong> moderada por <strong>S\u00edlvia For\u00e9s<\/strong>, presidenta del Foro RRHH de Foment<\/span><\/p>\n<p><span style=\"color: #d2112d; font-family: verdana, geneva, sans-serif;\"><strong>11:20 h. Innovaciones y dilemas en torno a la equidad salarial<\/strong><\/span><br \/>\n<span style=\"font-family: verdana, geneva, sans-serif;\"><strong>Mesa Redonda<\/strong> moderada por <strong>Guillermo Ruiz<\/strong>, director de compensaci\u00f3n de People Advisory Services en EY, con la participaci\u00f3n de:<\/span><br \/>\n<span style=\"font-family: verdana, geneva, sans-serif;\">\u2022 <strong>Vanessa Pajares,<\/strong> manager de People Advisory Services en EY<\/span><br \/>\n<span style=\"font-family: verdana, geneva, sans-serif;\">\u2022 <strong>Francisco Gonz\u00e1lez-Quevedo,<\/strong> socio Pensions &amp; Benefits de People Advisory Services en EY<\/span><br \/>\n<span style=\"font-family: verdana, geneva, sans-serif;\">\u2022 <strong>Miguel \u00c1ngel Flores Torres,<\/strong> senior manager de People Advisory Services en EY<\/span><\/p>\n<p><span style=\"color: #d2112d; font-family: verdana, geneva, sans-serif;\"><strong>11:40 h. Clausura<\/strong><\/span><br \/>\n<span style=\"font-family: verdana, geneva, sans-serif;\"><strong>Daniel Lorenzo, <\/strong>director nacional de Relaciones Externas de\u00a0Randstad<\/span><br \/>\n<span style=\"font-family: verdana, geneva, sans-serif;\"><strong>Judith Sans<\/strong>, socia responsable de Integrated Mobile Talent del \u00e1rea de People Advisory Services en EY<\/span><\/p>\n<p><span style=\"color: #d2112d; font-family: verdana, geneva, sans-serif;\"><strong>11:50 h. Caf\u00e9 networking<\/strong><\/span><\/p>\n<\/div>\n<p style=\"text-align: center;\"><span style=\"font-family: verdana, geneva, sans-serif; font-size: 16px;\"><strong>\u00a0 \u00a0 \u00a0 \u00a0 \u00a0 \u00a0 \u00a0 \u00a0 \u00a0 \u00a0 \u00a0 \u00a0 \u00a0 \u00a0 \u00a0Patrocinadores:\u00a0<\/strong><\/span><\/p>\n<table style=\"border-collapse: collapse; width: 100%;\">\n<tbody>\n<tr>\n<td style=\"width: 57.2057%;\"><a href=\"https:\/\/www.randstad.es\/\"><img loading=\"lazy\" class=\"wp-image-61488 alignright\" src=\"https:\/\/www.foment.com\/wp-content\/uploads\/2019\/04\/RANDSTAD-1.png\" alt=\"\" width=\"285\" height=\"63\" \/><\/a><\/td>\n<td style=\"width: 42.7943%;\"><a href=\"https:\/\/www.ey.com\/es_es\"><img loading=\"lazy\" class=\"alignnone wp-image-218929\" src=\"https:\/\/www.foment.com\/wp-content\/uploads\/2026\/04\/EY_Logo_-REDUCIDO.jpg\" alt=\"\" width=\"110\" height=\"115\" \/><\/a><\/td>\n<\/tr>\n<tr>\n<td style=\"width: 57.2057%;\"><\/td>\n<td style=\"width: 42.7943%;\"><\/td>\n<\/tr>\n<\/tbody>\n<\/table>\n<p>[\/vc_column_text][\/vc_column][\/vc_row]<\/p>\n<\/section>","protected":false},"author":7,"featured_media":218767,"menu_order":0,"comment_status":"closed","ping_status":"closed","template":"","meta":{"_links_to":"","_links_to_target":""},"tags":[581,430,379,6024,274,9140],"event_type":[205],"event_type_2":[],"acf":[],"_links":{"self":[{"href":"https:\/\/www.foment.com\/es\/wp-json\/wp\/v2\/ajde_events\/218408"}],"collection":[{"href":"https:\/\/www.foment.com\/es\/wp-json\/wp\/v2\/ajde_events"}],"about":[{"href":"https:\/\/www.foment.com\/es\/wp-json\/wp\/v2\/types\/ajde_events"}],"author":[{"embeddable":true,"href":"https:\/\/www.foment.com\/es\/wp-json\/wp\/v2\/users\/7"}],"replies":[{"embeddable":true,"href":"https:\/\/www.foment.com\/es\/wp-json\/wp\/v2\/comments?post=218408"}],"wp:featuredmedia":[{"embeddable":true,"href":"https:\/\/www.foment.com\/es\/wp-json\/wp\/v2\/media\/218767"}],"wp:attachment":[{"href":"https:\/\/www.foment.com\/es\/wp-json\/wp\/v2\/media?parent=218408"}],"wp:term":[{"taxonomy":"post_tag","embeddable":true,"href":"https:\/\/www.foment.com\/es\/wp-json\/wp\/v2\/tags?post=218408"},{"taxonomy":"event_type","embeddable":true,"href":"https:\/\/www.foment.com\/es\/wp-json\/wp\/v2\/event_type?post=218408"},{"taxonomy":"event_type_2","embeddable":true,"href":"https:\/\/www.foment.com\/es\/wp-json\/wp\/v2\/event_type_2?post=218408"}],"curies":[{"name":"wp","href":"https:\/\/api.w.org\/{rel}","templated":true}]}}

<section class="wpb-content-wrapper"><p>[vc_row][vc_column width=»1/1&#8243;][vc_btn title=»Inscripción gratuita, aquí» style=»3d» color=»danger» size=»lg» align=»center» button_block=»true» link=»url:https%3A%2F%2Fwww.foment.com%2Fes%2Finscripciones-eventos%2F%3Fidevento%3D97FB6A75-7339-F111-88B4-7CED8D3FAFDD|target:_blank»][/vc_column][/vc_row][vc_row][vc_column width=»1/1&#8243;][vc_column_text]</p>
<div>
<p style="text-align: justify;"><span style="font-family: verdana, geneva, sans-serif;">Te invitamos a un nuevo encuentro de <strong>Debates Laborales</strong>, en el que, de la mano de <em>EY</em>, se abordarán las implicaciones de la Directiva (UE) 2023/970 en la gestión de las políticas de Recursos Humanos y se analizará <strong>cómo prepararse ante un nuevo paradigma en materia de transparencia salarial.</strong> Esta norma, que debería transponerse al ordenamiento español antes del 7 de junio de 2026, refuerza el principio de igualdad retributiva entre hombres y mujeres por un mismo trabajo o uno de igual valor, situando la transparencia en el centro de la gestión empresarial.</span></p>
<p style="text-align: justify;"><span style="font-family: verdana, geneva, sans-serif;">La nueva regulación <strong>exigirá a las empresas ofrecer información clara, verificable y accesible sobre sus sistemas retributivos</strong>, con un impacto no solo económico, sino también organizativo y reputacional. Entre sus principales novedades destacan la obligación de <strong>justificar las brechas salariales cuando alcancen el 5%,</strong> así como la obligación de <strong>contar con bandas salariales definidas con criterios objetivos</strong>, que deberán comunicarse tanto internamente como en los procesos de selección. Todo ello obligará a <strong>revisar en profundidad políticas y procesos clave de Recursos Humanos, como la selección, la valoración de puestos, la evaluación del desempeño y la estructura salarial</strong>.</span></p>
<p style="text-align: justify;"><span style="font-family: verdana, geneva, sans-serif;">En este contexto, la jornada se plantea como una oportunidad para ayudar a las empresas a comprender el alcance de la Directiva y anticiparse a su futura aplicación en España, adaptando sus políticas de Recursos Humanos a las nuevas obligaciones legales. Asimismo, permitirá profundizar en los principios de igualdad retributiva, transparencia y no discriminación, e identificar las acciones necesarias para avanzar hacia modelos de gestión de personas más objetivos, estructurados y alineados con la igualdad de genero.</span></p>
<p>&nbsp;</p>
<p style="text-align: center;"><strong><span style="color: #d2112d; font-family: verdana, geneva, sans-serif;">PROGRAMA</span></strong></p>
<p><span style="font-family: verdana, geneva, sans-serif;"><strong><span style="color: #d2112d;">09:45 h. Recepción de los asistentes</span></strong></span></p>
<p><span style="font-family: verdana, geneva, sans-serif;"><strong><span style="color: #d2112d;">10:00 h. Bienvenida</span></strong></span><br />
<span style="font-family: verdana, geneva, sans-serif;"><strong>Luis Pérez</strong>, presidente de la Comisión Laboral y Recursos Humanos de Foment del Treball y director de Relaciones Institucionales de Randstad</span><br />
<span style="font-family: verdana, geneva, sans-serif;"><strong>Saray Espejo, </strong>directora general <em>d’Equitat en els Treballs i Corresponsabilitat del departament d’Igualtat i Feminisme</em> de la Generalitat de Cataluña</span></p>
<p><span style="color: #d2112d; font-family: verdana, geneva, sans-serif;"><strong>10:15 h. Directiva de aplicación del principio de igualdad retributiva: transparencia retributiva y mecanismos para su cumplimiento</strong></span><br />
<span style="font-family: verdana, geneva, sans-serif;"><strong>Olga Cecilia</strong>, socia responsable de compensación y pensiones del área de People Advisory Services de EY</span></p>
<p><span style="color: #d2112d; font-family: verdana, geneva, sans-serif;"><strong>10:30 h. ¿Cómo vamos a abordar las nuevas obligaciones en materia de transparencia salarial?</strong></span><br />
<span style="font-family: verdana, geneva, sans-serif;">Presentación de <strong>Juan Pablo Riesgo,</strong> socio de People Advisory Services de EY, con la participación de:</span><br />
<span style="font-family: verdana, geneva, sans-serif;"><strong>Sandra Pérez,</strong> inspectora de Trabajo y de Seguridad Social, y responsable del área especializada en materia de igualdad</span></p>
<p><span style="font-family: verdana, geneva, sans-serif;"><strong><span style="color: #d21100;">1</span><span style="color: #d2112d;">0:45 h. ¿Cómo están impactando las nuevas obligaciones en materia de transparencia salarial en la gestión del talento?</span></strong></span><br />
<span style="font-family: verdana, geneva, sans-serif;"><strong>Mesa Redonda</strong> moderada por <strong>Sílvia Forés</strong>, presidenta del Foro RRHH de Foment</span></p>
<p><span style="color: #d2112d; font-family: verdana, geneva, sans-serif;"><strong>11:20 h. Innovaciones y dilemas en torno a la equidad salarial</strong></span><br />
<span style="font-family: verdana, geneva, sans-serif;"><strong>Mesa Redonda</strong> moderada por <strong>Guillermo Ruiz</strong>, director de compensación de People Advisory Services en EY, con la participación de:</span><br />
<span style="font-family: verdana, geneva, sans-serif;">• <strong>Vanessa Pajares,</strong> manager de People Advisory Services en EY</span><br />
<span style="font-family: verdana, geneva, sans-serif;">• <strong>Francisco González-Quevedo,</strong> socio Pensions &amp; Benefits de People Advisory Services en EY</span><br />
<span style="font-family: verdana, geneva, sans-serif;">• <strong>Miguel Ángel Flores Torres,</strong> senior manager de People Advisory Services en EY</span></p>
<p><span style="color: #d2112d; font-family: verdana, geneva, sans-serif;"><strong>11:40 h. Clausura</strong></span><br />
<span style="font-family: verdana, geneva, sans-serif;"><strong>Daniel Lorenzo, </strong>director nacional de Relaciones Externas de Randstad</span><br />
<span style="font-family: verdana, geneva, sans-serif;"><strong>Judith Sans</strong>, socia responsable de Integrated Mobile Talent del área de People Advisory Services en EY</span></p>
<p><span style="color: #d2112d; font-family: verdana, geneva, sans-serif;"><strong>11:50 h. Café networking</strong></span></p>
</div>
<p style="text-align: center;"><span style="font-family: verdana, geneva, sans-serif; font-size: 16px;"><strong>                             Patrocinadores: </strong></span></p>
<table style="border-collapse: collapse; width: 100%;">
<tbody>
<tr>
<td style="width: 57.2057%;"><a href="https://www.randstad.es/"><img loading="lazy" class="wp-image-61488 alignright" src="https://www.foment.com/wp-content/uploads/2019/04/RANDSTAD-1.png" alt="" width="285" height="63" /></a></td>
<td style="width: 42.7943%;"><a href="https://www.ey.com/es_es"><img loading="lazy" class="alignnone wp-image-218929" src="https://www.foment.com/wp-content/uploads/2026/04/EY_Logo_-REDUCIDO.jpg" alt="" width="110" height="115" /></a></td>
</tr>
<tr>
<td style="width: 57.2057%;"></td>
<td style="width: 42.7943%;"></td>
</tr>
</tbody>
</table>
<p>[/vc_column_text][/vc_column][/vc_row]</p>
</section>
